{"version":"1.0","provider_name":"KinderZEIT-Blog","provider_url":"https:\/\/blog.zeit.de\/kinderzeit","author_name":"Redaktion KinderZEIT","author_url":"https:\/\/blog.zeit.de\/kinderzeit\/author\/katrin-hoernlein","title":"Stra\u00dfenkinder - KinderZEIT-Blog","type":"rich","width":600,"height":338,"html":"<blockquote class=\"wp-embedded-content\" data-secret=\"PQdCpVaKyc\"><a href=\"https:\/\/blog.zeit.de\/kinderzeit\/2009\/09\/11\/strasenkinder_2130\">Stra\u00dfenkinder<\/a><\/blockquote><iframe sandbox=\"allow-scripts\" security=\"restricted\" src=\"https:\/\/blog.zeit.de\/kinderzeit\/2009\/09\/11\/strasenkinder_2130\/embed#?secret=PQdCpVaKyc\" width=\"600\" height=\"338\" title=\"&#8222;Stra\u00dfenkinder&#8220; &#8212; KinderZEIT-Blog\" data-secret=\"PQdCpVaKyc\" frameborder=\"0\" marginwidth=\"0\" marginheight=\"0\" scrolling=\"no\" class=\"wp-embedded-content\"><\/iframe><script type=\"text\/javascript\">\n\/* <![CDATA[ *\/\n\/*! This file is auto-generated *\/\n!function(d,l){\"use strict\";l.querySelector&&d.addEventListener&&\"undefined\"!=typeof URL&&(d.wp=d.wp||{},d.wp.receiveEmbedMessage||(d.wp.receiveEmbedMessage=function(e){var t=e.data;if((t||t.secret||t.message||t.value)&&!\/[^a-zA-Z0-9]\/.test(t.secret)){for(var s,r,n,a=l.querySelectorAll('iframe[data-secret=\"'+t.secret+'\"]'),o=l.querySelectorAll('blockquote[data-secret=\"'+t.secret+'\"]'),c=new RegExp(\"^https?:$\",\"i\"),i=0;i<o.length;i++)o[i].style.display=\"none\";for(i=0;i<a.length;i++)s=a[i],e.source===s.contentWindow&&(s.removeAttribute(\"style\"),\"height\"===t.message?(1e3<(r=parseInt(t.value,10))?r=1e3:~~r<200&&(r=200),s.height=r):\"link\"===t.message&&(r=new URL(s.getAttribute(\"src\")),n=new URL(t.value),c.test(n.protocol))&&n.host===r.host&&l.activeElement===s&&(d.top.location.href=t.value))}},d.addEventListener(\"message\",d.wp.receiveEmbedMessage,!1),l.addEventListener(\"DOMContentLoaded\",function(){for(var e,t,s=l.querySelectorAll(\"iframe.wp-embedded-content\"),r=0;r<s.length;r++)(t=(e=s[r]).getAttribute(\"data-secret\"))||(t=Math.random().toString(36).substring(2,12),e.src+=\"#?secret=\"+t,e.setAttribute(\"data-secret\",t)),e.contentWindow.postMessage({message:\"ready\",secret:t},\"*\")},!1)))}(window,document);\n\/* ]]> *\/\n<\/script>\n","description":"Den ganzen Tag drau\u00dfen sein, nicht zur Schule gehen und lange aufbleiben \u2013 f\u00fcr die meisten von Euch klingt das sicher toll. F\u00fcr die Geschwister Moiseis, Moabe, Miriam und Emmanuel ist es das ganz und gar nicht. Die vier sind Stra\u00dfenkinder. Sie leben in der Stadt Recife in Brasilien in S\u00fcdamerika. Stra\u00dfenkind sein hei\u00dft: tags\u00fcber [&hellip;]","thumbnail_url":"https:\/\/blog.zeit.de\/kinderzeit\/files\/2009\/09\/strassenkinder.jpg"}

Straßenkinder - KinderZEIT-Blog

<blockquote class="wp-embedded-content" data-secret="PQdCpVaKyc"><a href="https://blog.zeit.de/kinderzeit/2009/09/11/strasenkinder_2130">Straßenkinder</a></blockquote><iframe sandbox="allow-scripts" security="restricted" src="https://blog.zeit.de/kinderzeit/2009/09/11/strasenkinder_2130/embed#?secret=PQdCpVaKyc" width="600" height="338" title="&#8222;Straßenkinder&#8220; &#8212; KinderZEIT-Blog" data-secret="PQdCpVaKyc" frameborder="0" marginwidth="0" marginheight="0" scrolling="no" class="wp-embedded-content"></iframe><script type="text/javascript">
/* <![CDATA[ */
/*! This file is auto-generated */
!function(d,l){"use strict";l.querySelector&&d.addEventListener&&"undefined"!=typeof URL&&(d.wp=d.wp||{},d.wp.receiveEmbedMessage||(d.wp.receiveEmbedMessage=function(e){var t=e.data;if((t||t.secret||t.message||t.value)&&!/[^a-zA-Z0-9]/.test(t.secret)){for(var s,r,n,a=l.querySelectorAll('iframe[data-secret="'+t.secret+'"]'),o=l.querySelectorAll('blockquote[data-secret="'+t.secret+'"]'),c=new RegExp("^https?:$","i"),i=0;i<o.length;i++)o[i].style.display="none";for(i=0;i<a.length;i++)s=a[i],e.source===s.contentWindow&&(s.removeAttribute("style"),"height"===t.message?(1e3<(r=parseInt(t.value,10))?r=1e3:~~r<200&&(r=200),s.height=r):"link"===t.message&&(r=new URL(s.getAttribute("src")),n=new URL(t.value),c.test(n.protocol))&&n.host===r.host&&l.activeElement===s&&(d.top.location.href=t.value))}},d.addEventListener("message",d.wp.receiveEmbedMessage,!1),l.addEventListener("DOMContentLoaded",function(){for(var e,t,s=l.querySelectorAll("iframe.wp-embedded-content"),r=0;r<s.length;r++)(t=(e=s[r]).getAttribute("data-secret"))||(t=Math.random().toString(36).substring(2,12),e.src+="#?secret="+t,e.setAttribute("data-secret",t)),e.contentWindow.postMessage({message:"ready",secret:t},"*")},!1)))}(window,document);
/* ]]> */
</script>

Den ganzen Tag draußen sein, nicht zur Schule gehen und lange aufbleiben – für die meisten von Euch klingt das sicher toll. Für die Geschwister Moiseis, Moabe, Miriam und Emmanuel ist es das ganz und gar nicht. Die vier sind Straßenkinder. Sie leben in der Stadt Recife in Brasilien in Südamerika. Straßenkind sein heißt: tagsüber [&hellip;]
