{"version":"1.0","provider_name":"KinderZEIT-Blog","provider_url":"https:\/\/blog.zeit.de\/kinderzeit","author_name":"Redaktion KinderZEIT","author_url":"https:\/\/blog.zeit.de\/kinderzeit\/author\/katrin-hoernlein","title":"Endlich frei - KinderZEIT-Blog","type":"rich","width":600,"height":338,"html":"<blockquote class=\"wp-embedded-content\" data-secret=\"E2AKfawfjA\"><a href=\"https:\/\/blog.zeit.de\/kinderzeit\/2010\/02\/11\/endlich-frei-2_4476\">Endlich frei<\/a><\/blockquote><iframe sandbox=\"allow-scripts\" security=\"restricted\" src=\"https:\/\/blog.zeit.de\/kinderzeit\/2010\/02\/11\/endlich-frei-2_4476\/embed#?secret=E2AKfawfjA\" width=\"600\" height=\"338\" title=\"&#8222;Endlich frei&#8220; &#8212; KinderZEIT-Blog\" data-secret=\"E2AKfawfjA\" frameborder=\"0\" marginwidth=\"0\" marginheight=\"0\" scrolling=\"no\" class=\"wp-embedded-content\"><\/iframe><script type=\"text\/javascript\">\n\/* <![CDATA[ *\/\n\/*! This file is auto-generated *\/\n!function(d,l){\"use strict\";l.querySelector&&d.addEventListener&&\"undefined\"!=typeof URL&&(d.wp=d.wp||{},d.wp.receiveEmbedMessage||(d.wp.receiveEmbedMessage=function(e){var t=e.data;if((t||t.secret||t.message||t.value)&&!\/[^a-zA-Z0-9]\/.test(t.secret)){for(var s,r,n,a=l.querySelectorAll('iframe[data-secret=\"'+t.secret+'\"]'),o=l.querySelectorAll('blockquote[data-secret=\"'+t.secret+'\"]'),c=new RegExp(\"^https?:$\",\"i\"),i=0;i<o.length;i++)o[i].style.display=\"none\";for(i=0;i<a.length;i++)s=a[i],e.source===s.contentWindow&&(s.removeAttribute(\"style\"),\"height\"===t.message?(1e3<(r=parseInt(t.value,10))?r=1e3:~~r<200&&(r=200),s.height=r):\"link\"===t.message&&(r=new URL(s.getAttribute(\"src\")),n=new URL(t.value),c.test(n.protocol))&&n.host===r.host&&l.activeElement===s&&(d.top.location.href=t.value))}},d.addEventListener(\"message\",d.wp.receiveEmbedMessage,!1),l.addEventListener(\"DOMContentLoaded\",function(){for(var e,t,s=l.querySelectorAll(\"iframe.wp-embedded-content\"),r=0;r<s.length;r++)(t=(e=s[r]).getAttribute(\"data-secret\"))||(t=Math.random().toString(36).substring(2,12),e.src+=\"#?secret=\"+t,e.setAttribute(\"data-secret\",t)),e.contentWindow.postMessage({message:\"ready\",secret:t},\"*\")},!1)))}(window,document);\n\/* ]]> *\/\n<\/script>\n","description":"Fast 28 Jahre hatte Nelson Mandela in einer engen Zelle verbracht, eingesperrt auf einer Gef\u00e4ngnisinsel vor der K\u00fcste S\u00fcdafrikas. Vor zwanzig Jahren, am 11. Februar 1990, durfte er zur\u00fcck in die Freiheit. Das war ein kleines Wunder, denn der Mann sollte eigentlich den Rest seines Lebens in Gefangenschaft verbringen. Er war verurteilt worden, weil er [&hellip;]","thumbnail_url":"http:\/\/zeus.zeit.de\/bilder\/KinderZEIT\/2010\/7\/mandela.jpg\/mandela.jpg-148x197.jpg"}

Fast 28 Jahre hatte Nelson Mandela in einer engen Zelle verbracht, eingesperrt auf einer Gefängnisinsel vor der Küste Südafrikas. Vor zwanzig Jahren, am 11. Februar 1990, durfte er zurück in die Freiheit. Das war ein kleines Wunder, denn der Mann sollte eigentlich den Rest seines Lebens in Gefangenschaft verbringen. Er war verurteilt worden, weil er [&hellip;]
