{"version":"1.0","provider_name":"KinderZEIT-Blog","provider_url":"https:\/\/blog.zeit.de\/kinderzeit","author_name":"Redaktion KinderZEIT","author_url":"https:\/\/blog.zeit.de\/kinderzeit\/author\/sandra-valeska-bruhns","title":"Das Detail zum Film: \u00dcben, \u00fcben, \u00fcben - KinderZEIT-Blog","type":"rich","width":600,"height":338,"html":"<blockquote class=\"wp-embedded-content\" data-secret=\"9V6DxhJtkg\"><a href=\"https:\/\/blog.zeit.de\/kinderzeit\/2010\/03\/31\/das-detail-zum-film-uben-uben-uben_5067\">Das Detail zum Film: \u00dcben, \u00fcben, \u00fcben<\/a><\/blockquote><iframe sandbox=\"allow-scripts\" security=\"restricted\" src=\"https:\/\/blog.zeit.de\/kinderzeit\/2010\/03\/31\/das-detail-zum-film-uben-uben-uben_5067\/embed#?secret=9V6DxhJtkg\" width=\"600\" height=\"338\" title=\"&#8222;Das Detail zum Film: \u00dcben, \u00fcben, \u00fcben&#8220; &#8212; KinderZEIT-Blog\" data-secret=\"9V6DxhJtkg\" frameborder=\"0\" marginwidth=\"0\" marginheight=\"0\" scrolling=\"no\" class=\"wp-embedded-content\"><\/iframe><script type=\"text\/javascript\">\n\/* <![CDATA[ *\/\n\/*! This file is auto-generated *\/\n!function(d,l){\"use strict\";l.querySelector&&d.addEventListener&&\"undefined\"!=typeof URL&&(d.wp=d.wp||{},d.wp.receiveEmbedMessage||(d.wp.receiveEmbedMessage=function(e){var t=e.data;if((t||t.secret||t.message||t.value)&&!\/[^a-zA-Z0-9]\/.test(t.secret)){for(var s,r,n,a=l.querySelectorAll('iframe[data-secret=\"'+t.secret+'\"]'),o=l.querySelectorAll('blockquote[data-secret=\"'+t.secret+'\"]'),c=new RegExp(\"^https?:$\",\"i\"),i=0;i<o.length;i++)o[i].style.display=\"none\";for(i=0;i<a.length;i++)s=a[i],e.source===s.contentWindow&&(s.removeAttribute(\"style\"),\"height\"===t.message?(1e3<(r=parseInt(t.value,10))?r=1e3:~~r<200&&(r=200),s.height=r):\"link\"===t.message&&(r=new URL(s.getAttribute(\"src\")),n=new URL(t.value),c.test(n.protocol))&&n.host===r.host&&l.activeElement===s&&(d.top.location.href=t.value))}},d.addEventListener(\"message\",d.wp.receiveEmbedMessage,!1),l.addEventListener(\"DOMContentLoaded\",function(){for(var e,t,s=l.querySelectorAll(\"iframe.wp-embedded-content\"),r=0;r<s.length;r++)(t=(e=s[r]).getAttribute(\"data-secret\"))||(t=Math.random().toString(36).substring(2,12),e.src+=\"#?secret=\"+t,e.setAttribute(\"data-secret\",t)),e.contentWindow.postMessage({message:\"ready\",secret:t},\"*\")},!1)))}(window,document);\n\/* ]]> *\/\n<\/script>\n","description":"Der Thomanerchor aus Leipzig ist weltber\u00fchmt, die S\u00e4nger geben Konzerte in der ganzen Welt. Das ist f\u00fcr die Jungen harte Arbeit Ja, wenn nur die Wirklichkeit genauso vergn\u00fcglich w\u00e4re wie ein Film! Leider ist sie das selten. Ganz so nett, frei und fr\u00f6hlich wie im Fliegenden Klassenzimmer geht es im Internat des Thomanerchors in Leipzig [&hellip;]"}

Das Detail zum Film: Üben, üben, üben - KinderZEIT-Blog

<blockquote class="wp-embedded-content" data-secret="9V6DxhJtkg"><a href="https://blog.zeit.de/kinderzeit/2010/03/31/das-detail-zum-film-uben-uben-uben_5067">Das Detail zum Film: Üben, üben, üben</a></blockquote><iframe sandbox="allow-scripts" security="restricted" src="https://blog.zeit.de/kinderzeit/2010/03/31/das-detail-zum-film-uben-uben-uben_5067/embed#?secret=9V6DxhJtkg" width="600" height="338" title="&#8222;Das Detail zum Film: Üben, üben, üben&#8220; &#8212; KinderZEIT-Blog" data-secret="9V6DxhJtkg" frameborder="0" marginwidth="0" marginheight="0" scrolling="no" class="wp-embedded-content"></iframe><script type="text/javascript">
/* <![CDATA[ */
/*! This file is auto-generated */
!function(d,l){"use strict";l.querySelector&&d.addEventListener&&"undefined"!=typeof URL&&(d.wp=d.wp||{},d.wp.receiveEmbedMessage||(d.wp.receiveEmbedMessage=function(e){var t=e.data;if((t||t.secret||t.message||t.value)&&!/[^a-zA-Z0-9]/.test(t.secret)){for(var s,r,n,a=l.querySelectorAll('iframe[data-secret="'+t.secret+'"]'),o=l.querySelectorAll('blockquote[data-secret="'+t.secret+'"]'),c=new RegExp("^https?:$","i"),i=0;i<o.length;i++)o[i].style.display="none";for(i=0;i<a.length;i++)s=a[i],e.source===s.contentWindow&&(s.removeAttribute("style"),"height"===t.message?(1e3<(r=parseInt(t.value,10))?r=1e3:~~r<200&&(r=200),s.height=r):"link"===t.message&&(r=new URL(s.getAttribute("src")),n=new URL(t.value),c.test(n.protocol))&&n.host===r.host&&l.activeElement===s&&(d.top.location.href=t.value))}},d.addEventListener("message",d.wp.receiveEmbedMessage,!1),l.addEventListener("DOMContentLoaded",function(){for(var e,t,s=l.querySelectorAll("iframe.wp-embedded-content"),r=0;r<s.length;r++)(t=(e=s[r]).getAttribute("data-secret"))||(t=Math.random().toString(36).substring(2,12),e.src+="#?secret="+t,e.setAttribute("data-secret",t)),e.contentWindow.postMessage({message:"ready",secret:t},"*")},!1)))}(window,document);
/* ]]> */
</script>

Der Thomanerchor aus Leipzig ist weltberühmt, die Sänger geben Konzerte in der ganzen Welt. Das ist für die Jungen harte Arbeit Ja, wenn nur die Wirklichkeit genauso vergnüglich wäre wie ein Film! Leider ist sie das selten. Ganz so nett, frei und fröhlich wie im Fliegenden Klassenzimmer geht es im Internat des Thomanerchors in Leipzig [&hellip;]
