{"version":"1.0","provider_name":"KinderZEIT-Blog","provider_url":"https:\/\/blog.zeit.de\/kinderzeit","author_name":"Redaktion KinderZEIT","author_url":"https:\/\/blog.zeit.de\/kinderzeit\/author\/sandra-valeska-bruhns","title":"Aha der Woche: Expo - KinderZEIT-Blog","type":"rich","width":600,"height":338,"html":"<blockquote class=\"wp-embedded-content\" data-secret=\"WEvFTCLRRy\"><a href=\"https:\/\/blog.zeit.de\/kinderzeit\/2010\/04\/29\/aha-der-woche-expo_5583\">Aha der Woche: Expo<\/a><\/blockquote><iframe sandbox=\"allow-scripts\" security=\"restricted\" src=\"https:\/\/blog.zeit.de\/kinderzeit\/2010\/04\/29\/aha-der-woche-expo_5583\/embed#?secret=WEvFTCLRRy\" width=\"600\" height=\"338\" title=\"&#8222;Aha der Woche: Expo&#8220; &#8212; KinderZEIT-Blog\" data-secret=\"WEvFTCLRRy\" frameborder=\"0\" marginwidth=\"0\" marginheight=\"0\" scrolling=\"no\" class=\"wp-embedded-content\"><\/iframe><script type=\"text\/javascript\">\n\/* <![CDATA[ *\/\n\/*! This file is auto-generated *\/\n!function(d,l){\"use strict\";l.querySelector&&d.addEventListener&&\"undefined\"!=typeof URL&&(d.wp=d.wp||{},d.wp.receiveEmbedMessage||(d.wp.receiveEmbedMessage=function(e){var t=e.data;if((t||t.secret||t.message||t.value)&&!\/[^a-zA-Z0-9]\/.test(t.secret)){for(var s,r,n,a=l.querySelectorAll('iframe[data-secret=\"'+t.secret+'\"]'),o=l.querySelectorAll('blockquote[data-secret=\"'+t.secret+'\"]'),c=new RegExp(\"^https?:$\",\"i\"),i=0;i<o.length;i++)o[i].style.display=\"none\";for(i=0;i<a.length;i++)s=a[i],e.source===s.contentWindow&&(s.removeAttribute(\"style\"),\"height\"===t.message?(1e3<(r=parseInt(t.value,10))?r=1e3:~~r<200&&(r=200),s.height=r):\"link\"===t.message&&(r=new URL(s.getAttribute(\"src\")),n=new URL(t.value),c.test(n.protocol))&&n.host===r.host&&l.activeElement===s&&(d.top.location.href=t.value))}},d.addEventListener(\"message\",d.wp.receiveEmbedMessage,!1),l.addEventListener(\"DOMContentLoaded\",function(){for(var e,t,s=l.querySelectorAll(\"iframe.wp-embedded-content\"),r=0;r<s.length;r++)(t=(e=s[r]).getAttribute(\"data-secret\"))||(t=Math.random().toString(36).substring(2,12),e.src+=\"#?secret=\"+t,e.setAttribute(\"data-secret\",t)),e.contentWindow.postMessage({message:\"ready\",secret:t},\"*\")},!1)))}(window,document);\n\/* ]]> *\/\n<\/script>\n","description":"Wie, bitte, soll man die Welt ausstellen? Vielleicht so: Man l\u00e4dt G\u00e4ste aus vielen L\u00e4ndern ein, die neue Produkte und Erfindungen zeigen \u2013 von denen k\u00fcnftig alle etwas haben. Das jedenfalls ist die Idee der sogenannten Weltausstellung, abgek\u00fcrzt Expo. Die n\u00e4chste wird an diesem Samstag (1. Mai) in der chinesischen Stadt Shanghai er\u00f6ffnet. Sechs Monate [&hellip;]","thumbnail_url":"https:\/\/blog.zeit.de\/kinderzeit\/files\/2010\/04\/expo-540x194.jpg"}

Wie, bitte, soll man die Welt ausstellen? Vielleicht so: Man lädt Gäste aus vielen Ländern ein, die neue Produkte und Erfindungen zeigen – von denen künftig alle etwas haben. Das jedenfalls ist die Idee der sogenannten Weltausstellung, abgekürzt Expo. Die nächste wird an diesem Samstag (1. Mai) in der chinesischen Stadt Shanghai eröffnet. Sechs Monate [&hellip;]
