{"version":"1.0","provider_name":"KinderZEIT-Blog","provider_url":"https:\/\/blog.zeit.de\/kinderzeit","author_name":"Redaktion KinderZEIT","author_url":"https:\/\/blog.zeit.de\/kinderzeit\/author\/sandra-valeska-bruhns","title":"Aha der Woche: R\u00fccktritte - KinderZEIT-Blog","type":"rich","width":600,"height":338,"html":"<blockquote class=\"wp-embedded-content\" data-secret=\"5WkMXeOPpd\"><a href=\"https:\/\/blog.zeit.de\/kinderzeit\/2010\/06\/02\/aha-der-woche-rucktritte_6034\">Aha der Woche: R\u00fccktritte<\/a><\/blockquote><iframe sandbox=\"allow-scripts\" security=\"restricted\" src=\"https:\/\/blog.zeit.de\/kinderzeit\/2010\/06\/02\/aha-der-woche-rucktritte_6034\/embed#?secret=5WkMXeOPpd\" width=\"600\" height=\"338\" title=\"&#8222;Aha der Woche: R\u00fccktritte&#8220; &#8212; KinderZEIT-Blog\" data-secret=\"5WkMXeOPpd\" frameborder=\"0\" marginwidth=\"0\" marginheight=\"0\" scrolling=\"no\" class=\"wp-embedded-content\"><\/iframe><script type=\"text\/javascript\">\n\/* <![CDATA[ *\/\n\/*! This file is auto-generated *\/\n!function(d,l){\"use strict\";l.querySelector&&d.addEventListener&&\"undefined\"!=typeof URL&&(d.wp=d.wp||{},d.wp.receiveEmbedMessage||(d.wp.receiveEmbedMessage=function(e){var t=e.data;if((t||t.secret||t.message||t.value)&&!\/[^a-zA-Z0-9]\/.test(t.secret)){for(var s,r,n,a=l.querySelectorAll('iframe[data-secret=\"'+t.secret+'\"]'),o=l.querySelectorAll('blockquote[data-secret=\"'+t.secret+'\"]'),c=new RegExp(\"^https?:$\",\"i\"),i=0;i<o.length;i++)o[i].style.display=\"none\";for(i=0;i<a.length;i++)s=a[i],e.source===s.contentWindow&&(s.removeAttribute(\"style\"),\"height\"===t.message?(1e3<(r=parseInt(t.value,10))?r=1e3:~~r<200&&(r=200),s.height=r):\"link\"===t.message&&(r=new URL(s.getAttribute(\"src\")),n=new URL(t.value),c.test(n.protocol))&&n.host===r.host&&l.activeElement===s&&(d.top.location.href=t.value))}},d.addEventListener(\"message\",d.wp.receiveEmbedMessage,!1),l.addEventListener(\"DOMContentLoaded\",function(){for(var e,t,s=l.querySelectorAll(\"iframe.wp-embedded-content\"),r=0;r<s.length;r++)(t=(e=s[r]).getAttribute(\"data-secret\"))||(t=Math.random().toString(36).substring(2,12),e.src+=\"#?secret=\"+t,e.setAttribute(\"data-secret\",t)),e.contentWindow.postMessage({message:\"ready\",secret:t},\"*\")},!1)))}(window,document);\n\/* ]]> *\/\n<\/script>\n","description":"&#8222;Politik ist nicht mein Leben.&#8220; Das hat Roland Koch (CDU), der Ministerpr\u00e4sident von Hessen, in der vergangenen Woche gesagt. Und angek\u00fcndigt, dass er von August an nicht mehr Ministerpr\u00e4sident sein will. In der Politik ist es ungew\u00f6hnlich (und auch nicht so gedacht), dass man sein Amt aufgibt, blo\u00df weil man keine Lust mehr hat weiterzuarbeiten. [&hellip;]","thumbnail_url":"https:\/\/blog.zeit.de\/kinderzeit\/files\/2010\/06\/Koch-und-Koehler-540x325.jpg"}

Aha der Woche: Rücktritte - KinderZEIT-Blog

<blockquote class="wp-embedded-content" data-secret="5WkMXeOPpd"><a href="https://blog.zeit.de/kinderzeit/2010/06/02/aha-der-woche-rucktritte_6034">Aha der Woche: Rücktritte</a></blockquote><iframe sandbox="allow-scripts" security="restricted" src="https://blog.zeit.de/kinderzeit/2010/06/02/aha-der-woche-rucktritte_6034/embed#?secret=5WkMXeOPpd" width="600" height="338" title="&#8222;Aha der Woche: Rücktritte&#8220; &#8212; KinderZEIT-Blog" data-secret="5WkMXeOPpd" frameborder="0" marginwidth="0" marginheight="0" scrolling="no" class="wp-embedded-content"></iframe><script type="text/javascript">
/* <![CDATA[ */
/*! This file is auto-generated */
!function(d,l){"use strict";l.querySelector&&d.addEventListener&&"undefined"!=typeof URL&&(d.wp=d.wp||{},d.wp.receiveEmbedMessage||(d.wp.receiveEmbedMessage=function(e){var t=e.data;if((t||t.secret||t.message||t.value)&&!/[^a-zA-Z0-9]/.test(t.secret)){for(var s,r,n,a=l.querySelectorAll('iframe[data-secret="'+t.secret+'"]'),o=l.querySelectorAll('blockquote[data-secret="'+t.secret+'"]'),c=new RegExp("^https?:$","i"),i=0;i<o.length;i++)o[i].style.display="none";for(i=0;i<a.length;i++)s=a[i],e.source===s.contentWindow&&(s.removeAttribute("style"),"height"===t.message?(1e3<(r=parseInt(t.value,10))?r=1e3:~~r<200&&(r=200),s.height=r):"link"===t.message&&(r=new URL(s.getAttribute("src")),n=new URL(t.value),c.test(n.protocol))&&n.host===r.host&&l.activeElement===s&&(d.top.location.href=t.value))}},d.addEventListener("message",d.wp.receiveEmbedMessage,!1),l.addEventListener("DOMContentLoaded",function(){for(var e,t,s=l.querySelectorAll("iframe.wp-embedded-content"),r=0;r<s.length;r++)(t=(e=s[r]).getAttribute("data-secret"))||(t=Math.random().toString(36).substring(2,12),e.src+="#?secret="+t,e.setAttribute("data-secret",t)),e.contentWindow.postMessage({message:"ready",secret:t},"*")},!1)))}(window,document);
/* ]]> */
</script>

&#8222;Politik ist nicht mein Leben.&#8220; Das hat Roland Koch (CDU), der Ministerpräsident von Hessen, in der vergangenen Woche gesagt. Und angekündigt, dass er von August an nicht mehr Ministerpräsident sein will. In der Politik ist es ungewöhnlich (und auch nicht so gedacht), dass man sein Amt aufgibt, bloß weil man keine Lust mehr hat weiterzuarbeiten. [&hellip;]
