{"version":"1.0","provider_name":"KinderZEIT-Blog","provider_url":"https:\/\/blog.zeit.de\/kinderzeit","author_name":"susanne.hegenscheidt","author_url":"https:\/\/blog.zeit.de\/kinderzeit\/author\/susanne-hegenscheidt","title":"Essen oder nicht essen? - KinderZEIT-Blog","type":"rich","width":600,"height":338,"html":"<blockquote class=\"wp-embedded-content\" data-secret=\"saZs7PAKJS\"><a href=\"https:\/\/blog.zeit.de\/kinderzeit\/2010\/08\/18\/essen-oder-nicht-essen_6812\">Essen oder nicht essen?<\/a><\/blockquote><iframe sandbox=\"allow-scripts\" security=\"restricted\" src=\"https:\/\/blog.zeit.de\/kinderzeit\/2010\/08\/18\/essen-oder-nicht-essen_6812\/embed#?secret=saZs7PAKJS\" width=\"600\" height=\"338\" title=\"&#8222;Essen oder nicht essen?&#8220; &#8212; KinderZEIT-Blog\" data-secret=\"saZs7PAKJS\" frameborder=\"0\" marginwidth=\"0\" marginheight=\"0\" scrolling=\"no\" class=\"wp-embedded-content\"><\/iframe><script type=\"text\/javascript\">\n\/* <![CDATA[ *\/\n\/*! This file is auto-generated *\/\n!function(d,l){\"use strict\";l.querySelector&&d.addEventListener&&\"undefined\"!=typeof URL&&(d.wp=d.wp||{},d.wp.receiveEmbedMessage||(d.wp.receiveEmbedMessage=function(e){var t=e.data;if((t||t.secret||t.message||t.value)&&!\/[^a-zA-Z0-9]\/.test(t.secret)){for(var s,r,n,a=l.querySelectorAll('iframe[data-secret=\"'+t.secret+'\"]'),o=l.querySelectorAll('blockquote[data-secret=\"'+t.secret+'\"]'),c=new RegExp(\"^https?:$\",\"i\"),i=0;i<o.length;i++)o[i].style.display=\"none\";for(i=0;i<a.length;i++)s=a[i],e.source===s.contentWindow&&(s.removeAttribute(\"style\"),\"height\"===t.message?(1e3<(r=parseInt(t.value,10))?r=1e3:~~r<200&&(r=200),s.height=r):\"link\"===t.message&&(r=new URL(s.getAttribute(\"src\")),n=new URL(t.value),c.test(n.protocol))&&n.host===r.host&&l.activeElement===s&&(d.top.location.href=t.value))}},d.addEventListener(\"message\",d.wp.receiveEmbedMessage,!1),l.addEventListener(\"DOMContentLoaded\",function(){for(var e,t,s=l.querySelectorAll(\"iframe.wp-embedded-content\"),r=0;r<s.length;r++)(t=(e=s[r]).getAttribute(\"data-secret\"))||(t=Math.random().toString(36).substring(2,12),e.src+=\"#?secret=\"+t,e.setAttribute(\"data-secret\",t)),e.contentWindow.postMessage({message:\"ready\",secret:t},\"*\")},!1)))}(window,document);\n\/* ]]> *\/\n<\/script>\n","description":"Diese Frage stellen sich seit dieser Woche viele Menschen muslimischen Glaubens. Denn es ist Ramadan \u2013 der Monat, in dem Gl\u00e4ubige fasten sollen Von \u00d6zlem Top\u00c7u Knurrende und grummelde M\u00e4gen \u2013 vielleicht h\u00f6rt Ihr die in diesen Tagen auch in Eurer Klasse oder bei Freunden. Denn am Mittwoch (11. August) hat der \u00bbRamadan\u00ab begonnen \u2013 [&hellip;]","thumbnail_url":"https:\/\/blog.zeit.de\/kinderzeit\/files\/2010\/08\/kochen-180.jpg.jpg"}

Diese Frage stellen sich seit dieser Woche viele Menschen muslimischen Glaubens. Denn es ist Ramadan – der Monat, in dem Gläubige fasten sollen Von Özlem TopÇu Knurrende und grummelde Mägen – vielleicht hört Ihr die in diesen Tagen auch in Eurer Klasse oder bei Freunden. Denn am Mittwoch (11. August) hat der »Ramadan« begonnen – [&hellip;]
