{"version":"1.0","provider_name":"KinderZEIT-Blog","provider_url":"https:\/\/blog.zeit.de\/kinderzeit","author_name":"Redaktion KinderZEIT","author_url":"https:\/\/blog.zeit.de\/kinderzeit\/author\/sandra-valeska-bruhns","title":"Wie der Ururur-Adventskranz entstand - KinderZEIT-Blog","type":"rich","width":600,"height":338,"html":"<blockquote class=\"wp-embedded-content\" data-secret=\"qM3nhUuqCV\"><a href=\"https:\/\/blog.zeit.de\/kinderzeit\/2010\/11\/29\/wie-der-ururur-adventskranz-entstand_7769\">Wie der Ururur-Adventskranz entstand<\/a><\/blockquote><iframe sandbox=\"allow-scripts\" security=\"restricted\" src=\"https:\/\/blog.zeit.de\/kinderzeit\/2010\/11\/29\/wie-der-ururur-adventskranz-entstand_7769\/embed#?secret=qM3nhUuqCV\" width=\"600\" height=\"338\" title=\"&#8222;Wie der Ururur-Adventskranz entstand&#8220; &#8212; KinderZEIT-Blog\" data-secret=\"qM3nhUuqCV\" frameborder=\"0\" marginwidth=\"0\" marginheight=\"0\" scrolling=\"no\" class=\"wp-embedded-content\"><\/iframe><script type=\"text\/javascript\">\n\/* <![CDATA[ *\/\n\/*! This file is auto-generated *\/\n!function(d,l){\"use strict\";l.querySelector&&d.addEventListener&&\"undefined\"!=typeof URL&&(d.wp=d.wp||{},d.wp.receiveEmbedMessage||(d.wp.receiveEmbedMessage=function(e){var t=e.data;if((t||t.secret||t.message||t.value)&&!\/[^a-zA-Z0-9]\/.test(t.secret)){for(var s,r,n,a=l.querySelectorAll('iframe[data-secret=\"'+t.secret+'\"]'),o=l.querySelectorAll('blockquote[data-secret=\"'+t.secret+'\"]'),c=new RegExp(\"^https?:$\",\"i\"),i=0;i<o.length;i++)o[i].style.display=\"none\";for(i=0;i<a.length;i++)s=a[i],e.source===s.contentWindow&&(s.removeAttribute(\"style\"),\"height\"===t.message?(1e3<(r=parseInt(t.value,10))?r=1e3:~~r<200&&(r=200),s.height=r):\"link\"===t.message&&(r=new URL(s.getAttribute(\"src\")),n=new URL(t.value),c.test(n.protocol))&&n.host===r.host&&l.activeElement===s&&(d.top.location.href=t.value))}},d.addEventListener(\"message\",d.wp.receiveEmbedMessage,!1),l.addEventListener(\"DOMContentLoaded\",function(){for(var e,t,s=l.querySelectorAll(\"iframe.wp-embedded-content\"),r=0;r<s.length;r++)(t=(e=s[r]).getAttribute(\"data-secret\"))||(t=Math.random().toString(36).substring(2,12),e.src+=\"#?secret=\"+t,e.setAttribute(\"data-secret\",t)),e.contentWindow.postMessage({message:\"ready\",secret:t},\"*\")},!1)))}(window,document);\n\/* ]]> *\/\n<\/script>\n","description":"Kann es eine Adventszeit ohne Adventskranz geben? An den vier Sonntagen vor Weihnachten z\u00fcnden wir jeden Sonntag eine weitere Kerze an. Am ersten Advent die erste, am zweiten Advent die zweite und so weiter. Einen f\u00fcnften Advent gibt es nicht &#8211; nur in einem Quatschlied f\u00fcr die Schlafm\u00fctzen unter uns, die Weihnachten verpennt haben. Je [&hellip;]","thumbnail_url":"https:\/\/blog.zeit.de\/kinderzeit\/files\/2010\/11\/wicherkranz-540x410.jpg"}

Kann es eine Adventszeit ohne Adventskranz geben? An den vier Sonntagen vor Weihnachten zünden wir jeden Sonntag eine weitere Kerze an. Am ersten Advent die erste, am zweiten Advent die zweite und so weiter. Einen fünften Advent gibt es nicht &#8211; nur in einem Quatschlied für die Schlafmützen unter uns, die Weihnachten verpennt haben. Je [&hellip;]
