{"version":"1.0","provider_name":"KinderZEIT-Blog","provider_url":"https:\/\/blog.zeit.de\/kinderzeit","author_name":"Redaktion KinderZEIT","author_url":"https:\/\/blog.zeit.de\/kinderzeit\/author\/sandra-valeska-bruhns","title":"Das Wildtier des Jahres 2011: Der Luchs - KinderZEIT-Blog","type":"rich","width":600,"height":338,"html":"<blockquote class=\"wp-embedded-content\" data-secret=\"6IYMdqmfhZ\"><a href=\"https:\/\/blog.zeit.de\/kinderzeit\/2011\/01\/17\/das-wildtier-des-jahres-2011-der-luchs_8276\">Das Wildtier des Jahres 2011: Der Luchs<\/a><\/blockquote><iframe sandbox=\"allow-scripts\" security=\"restricted\" src=\"https:\/\/blog.zeit.de\/kinderzeit\/2011\/01\/17\/das-wildtier-des-jahres-2011-der-luchs_8276\/embed#?secret=6IYMdqmfhZ\" width=\"600\" height=\"338\" title=\"&#8222;Das Wildtier des Jahres 2011: Der Luchs&#8220; &#8212; KinderZEIT-Blog\" data-secret=\"6IYMdqmfhZ\" frameborder=\"0\" marginwidth=\"0\" marginheight=\"0\" scrolling=\"no\" class=\"wp-embedded-content\"><\/iframe><script type=\"text\/javascript\">\n\/* <![CDATA[ *\/\n\/*! This file is auto-generated *\/\n!function(d,l){\"use strict\";l.querySelector&&d.addEventListener&&\"undefined\"!=typeof URL&&(d.wp=d.wp||{},d.wp.receiveEmbedMessage||(d.wp.receiveEmbedMessage=function(e){var t=e.data;if((t||t.secret||t.message||t.value)&&!\/[^a-zA-Z0-9]\/.test(t.secret)){for(var s,r,n,a=l.querySelectorAll('iframe[data-secret=\"'+t.secret+'\"]'),o=l.querySelectorAll('blockquote[data-secret=\"'+t.secret+'\"]'),c=new RegExp(\"^https?:$\",\"i\"),i=0;i<o.length;i++)o[i].style.display=\"none\";for(i=0;i<a.length;i++)s=a[i],e.source===s.contentWindow&&(s.removeAttribute(\"style\"),\"height\"===t.message?(1e3<(r=parseInt(t.value,10))?r=1e3:~~r<200&&(r=200),s.height=r):\"link\"===t.message&&(r=new URL(s.getAttribute(\"src\")),n=new URL(t.value),c.test(n.protocol))&&n.host===r.host&&l.activeElement===s&&(d.top.location.href=t.value))}},d.addEventListener(\"message\",d.wp.receiveEmbedMessage,!1),l.addEventListener(\"DOMContentLoaded\",function(){for(var e,t,s=l.querySelectorAll(\"iframe.wp-embedded-content\"),r=0;r<s.length;r++)(t=(e=s[r]).getAttribute(\"data-secret\"))||(t=Math.random().toString(36).substring(2,12),e.src+=\"#?secret=\"+t,e.setAttribute(\"data-secret\",t)),e.contentWindow.postMessage({message:\"ready\",secret:t},\"*\")},!1)))}(window,document);\n\/* ]]> *\/\n<\/script>\n","description":"Ein dickes, puscheliges Fell, gro\u00dfe schwarze Tupfen auf sandfarbenen Haaren, ein kurzer, dicker Schwanz und an Pinselenden erinnernde Ohren: So sieht er aus, der Luchs, der fr\u00fcher in unsere W\u00e4lder geh\u00f6rte wie Reh, Hase und Igel. Doch nun leben nur noch wenige Luchse richtig wild und frei im Wald. Um sie zu sch\u00fctzen und ihren [&hellip;]","thumbnail_url":"https:\/\/blog.zeit.de\/kinderzeit\/files\/2011\/01\/luchs1-540x392.jpg"}

Ein dickes, puscheliges Fell, große schwarze Tupfen auf sandfarbenen Haaren, ein kurzer, dicker Schwanz und an Pinselenden erinnernde Ohren: So sieht er aus, der Luchs, der früher in unsere Wälder gehörte wie Reh, Hase und Igel. Doch nun leben nur noch wenige Luchse richtig wild und frei im Wald. Um sie zu schützen und ihren [&hellip;]
