{"version":"1.0","provider_name":"KinderZEIT-Blog","provider_url":"https:\/\/blog.zeit.de\/kinderzeit","author_name":"Redaktion KinderZEIT","author_url":"https:\/\/blog.zeit.de\/kinderzeit\/author\/sandra-valeska-bruhns","title":"Lesetipp: Turbulente Stunden - KinderZEIT-Blog","type":"rich","width":600,"height":338,"html":"<blockquote class=\"wp-embedded-content\" data-secret=\"5cV1Wy0K5q\"><a href=\"https:\/\/blog.zeit.de\/kinderzeit\/2011\/12\/15\/lesetipp-turbulente-stunden_11246\">Lesetipp: Turbulente Stunden<\/a><\/blockquote><iframe sandbox=\"allow-scripts\" security=\"restricted\" src=\"https:\/\/blog.zeit.de\/kinderzeit\/2011\/12\/15\/lesetipp-turbulente-stunden_11246\/embed#?secret=5cV1Wy0K5q\" width=\"600\" height=\"338\" title=\"&#8222;Lesetipp: Turbulente Stunden&#8220; &#8212; KinderZEIT-Blog\" data-secret=\"5cV1Wy0K5q\" frameborder=\"0\" marginwidth=\"0\" marginheight=\"0\" scrolling=\"no\" class=\"wp-embedded-content\"><\/iframe><script type=\"text\/javascript\">\n\/* <![CDATA[ *\/\n\/*! This file is auto-generated *\/\n!function(d,l){\"use strict\";l.querySelector&&d.addEventListener&&\"undefined\"!=typeof URL&&(d.wp=d.wp||{},d.wp.receiveEmbedMessage||(d.wp.receiveEmbedMessage=function(e){var t=e.data;if((t||t.secret||t.message||t.value)&&!\/[^a-zA-Z0-9]\/.test(t.secret)){for(var s,r,n,a=l.querySelectorAll('iframe[data-secret=\"'+t.secret+'\"]'),o=l.querySelectorAll('blockquote[data-secret=\"'+t.secret+'\"]'),c=new RegExp(\"^https?:$\",\"i\"),i=0;i<o.length;i++)o[i].style.display=\"none\";for(i=0;i<a.length;i++)s=a[i],e.source===s.contentWindow&&(s.removeAttribute(\"style\"),\"height\"===t.message?(1e3<(r=parseInt(t.value,10))?r=1e3:~~r<200&&(r=200),s.height=r):\"link\"===t.message&&(r=new URL(s.getAttribute(\"src\")),n=new URL(t.value),c.test(n.protocol))&&n.host===r.host&&l.activeElement===s&&(d.top.location.href=t.value))}},d.addEventListener(\"message\",d.wp.receiveEmbedMessage,!1),l.addEventListener(\"DOMContentLoaded\",function(){for(var e,t,s=l.querySelectorAll(\"iframe.wp-embedded-content\"),r=0;r<s.length;r++)(t=(e=s[r]).getAttribute(\"data-secret\"))||(t=Math.random().toString(36).substring(2,12),e.src+=\"#?secret=\"+t,e.setAttribute(\"data-secret\",t)),e.contentWindow.postMessage({message:\"ready\",secret:t},\"*\")},!1)))}(window,document);\n\/* ]]> *\/\n<\/script>\n","description":"Die letzten Stunden an Heiligabend wollen oft nicht vergehen. Bei Familie Poneleit ist es anders: Dort rasen die Minuten bis zum Fest dahin \u2013 in ziemlichem Chaos. Die Poneleits, das sind Mama und Papa, die \u00e4lteste Tochter Lisa, die Zwillinge Max und Maxine und das Nesth\u00e4kchen Klara. W\u00e4hrend Mama und Lisa in der K\u00fcche die [&hellip;]","thumbnail_url":"https:\/\/blog.zeit.de\/kinderzeit\/files\/2011\/12\/pfefferkuchen.jpg"}

Die letzten Stunden an Heiligabend wollen oft nicht vergehen. Bei Familie Poneleit ist es anders: Dort rasen die Minuten bis zum Fest dahin – in ziemlichem Chaos. Die Poneleits, das sind Mama und Papa, die älteste Tochter Lisa, die Zwillinge Max und Maxine und das Nesthäkchen Klara. Während Mama und Lisa in der Küche die [&hellip;]
