{"version":"1.0","provider_name":"KinderZEIT-Blog","provider_url":"https:\/\/blog.zeit.de\/kinderzeit","author_name":"Redaktion KinderZEIT","author_url":"https:\/\/blog.zeit.de\/kinderzeit\/author\/sandra-valeska-bruhns","title":"Eine Biene wird 100 - KinderZEIT-Blog","type":"rich","width":600,"height":338,"html":"<blockquote class=\"wp-embedded-content\" data-secret=\"id1mIgDSAI\"><a href=\"https:\/\/blog.zeit.de\/kinderzeit\/2012\/03\/15\/eine-biene-wird-100_11861\">Eine Biene wird 100<\/a><\/blockquote><iframe sandbox=\"allow-scripts\" security=\"restricted\" src=\"https:\/\/blog.zeit.de\/kinderzeit\/2012\/03\/15\/eine-biene-wird-100_11861\/embed#?secret=id1mIgDSAI\" width=\"600\" height=\"338\" title=\"&#8222;Eine Biene wird 100&#8220; &#8212; KinderZEIT-Blog\" data-secret=\"id1mIgDSAI\" frameborder=\"0\" marginwidth=\"0\" marginheight=\"0\" scrolling=\"no\" class=\"wp-embedded-content\"><\/iframe><script type=\"text\/javascript\">\n\/* <![CDATA[ *\/\n\/*! This file is auto-generated *\/\n!function(d,l){\"use strict\";l.querySelector&&d.addEventListener&&\"undefined\"!=typeof URL&&(d.wp=d.wp||{},d.wp.receiveEmbedMessage||(d.wp.receiveEmbedMessage=function(e){var t=e.data;if((t||t.secret||t.message||t.value)&&!\/[^a-zA-Z0-9]\/.test(t.secret)){for(var s,r,n,a=l.querySelectorAll('iframe[data-secret=\"'+t.secret+'\"]'),o=l.querySelectorAll('blockquote[data-secret=\"'+t.secret+'\"]'),c=new RegExp(\"^https?:$\",\"i\"),i=0;i<o.length;i++)o[i].style.display=\"none\";for(i=0;i<a.length;i++)s=a[i],e.source===s.contentWindow&&(s.removeAttribute(\"style\"),\"height\"===t.message?(1e3<(r=parseInt(t.value,10))?r=1e3:~~r<200&&(r=200),s.height=r):\"link\"===t.message&&(r=new URL(s.getAttribute(\"src\")),n=new URL(t.value),c.test(n.protocol))&&n.host===r.host&&l.activeElement===s&&(d.top.location.href=t.value))}},d.addEventListener(\"message\",d.wp.receiveEmbedMessage,!1),l.addEventListener(\"DOMContentLoaded\",function(){for(var e,t,s=l.querySelectorAll(\"iframe.wp-embedded-content\"),r=0;r<s.length;r++)(t=(e=s[r]).getAttribute(\"data-secret\"))||(t=Math.random().toString(36).substring(2,12),e.src+=\"#?secret=\"+t,e.setAttribute(\"data-secret\",t)),e.contentWindow.postMessage({message:\"ready\",secret:t},\"*\")},!1)))}(window,document);\n\/* ]]> *\/\n<\/script>\n","description":"Ber\u00fchmt wurde Maja als Zeichentrickfigur. Doch eigentlich ist sie eine Romanheldin Von Harald Weiss Bald fliegen sie wieder, die Bienen. Den Winter \u00fcber sind sie in ihrem Stock geblieben. Eng aneinandergekuschelt, haben sie sich gegenseitig gew\u00e4rmt. Wenn jetzt der Fr\u00fchling kommt, beginnt die K\u00f6nigin Eier zu legen. Drei Wochen sp\u00e4ter schl\u00fcpfen die ersten Arbeiterinnen. Im [&hellip;]","thumbnail_url":"https:\/\/blog.zeit.de\/kinderzeit\/files\/2012\/03\/Biene_Maja_stamp-300x300.jpg"}

Berühmt wurde Maja als Zeichentrickfigur. Doch eigentlich ist sie eine Romanheldin Von Harald Weiss Bald fliegen sie wieder, die Bienen. Den Winter über sind sie in ihrem Stock geblieben. Eng aneinandergekuschelt, haben sie sich gegenseitig gewärmt. Wenn jetzt der Frühling kommt, beginnt die Königin Eier zu legen. Drei Wochen später schlüpfen die ersten Arbeiterinnen. Im [&hellip;]
