{"version":"1.0","provider_name":"KinderZEIT-Blog","provider_url":"https:\/\/blog.zeit.de\/kinderzeit","author_name":"Redaktion KinderZEIT","author_url":"https:\/\/blog.zeit.de\/kinderzeit\/author\/katrin-hoernlein","title":"Verr\u00fcckte Viecher (14): Ameisenl\u00f6we - KinderZEIT-Blog","type":"rich","width":600,"height":338,"html":"<blockquote class=\"wp-embedded-content\" data-secret=\"pUeQKpzsYl\"><a href=\"https:\/\/blog.zeit.de\/kinderzeit\/2012\/07\/20\/verruckte-viecher-14-ameisenlowe_12543\">Verr\u00fcckte Viecher (14): Ameisenl\u00f6we<\/a><\/blockquote><iframe sandbox=\"allow-scripts\" security=\"restricted\" src=\"https:\/\/blog.zeit.de\/kinderzeit\/2012\/07\/20\/verruckte-viecher-14-ameisenlowe_12543\/embed#?secret=pUeQKpzsYl\" width=\"600\" height=\"338\" title=\"&#8222;Verr\u00fcckte Viecher (14): Ameisenl\u00f6we&#8220; &#8212; KinderZEIT-Blog\" data-secret=\"pUeQKpzsYl\" frameborder=\"0\" marginwidth=\"0\" marginheight=\"0\" scrolling=\"no\" class=\"wp-embedded-content\"><\/iframe><script type=\"text\/javascript\">\n\/* <![CDATA[ *\/\n\/*! This file is auto-generated *\/\n!function(d,l){\"use strict\";l.querySelector&&d.addEventListener&&\"undefined\"!=typeof URL&&(d.wp=d.wp||{},d.wp.receiveEmbedMessage||(d.wp.receiveEmbedMessage=function(e){var t=e.data;if((t||t.secret||t.message||t.value)&&!\/[^a-zA-Z0-9]\/.test(t.secret)){for(var s,r,n,a=l.querySelectorAll('iframe[data-secret=\"'+t.secret+'\"]'),o=l.querySelectorAll('blockquote[data-secret=\"'+t.secret+'\"]'),c=new RegExp(\"^https?:$\",\"i\"),i=0;i<o.length;i++)o[i].style.display=\"none\";for(i=0;i<a.length;i++)s=a[i],e.source===s.contentWindow&&(s.removeAttribute(\"style\"),\"height\"===t.message?(1e3<(r=parseInt(t.value,10))?r=1e3:~~r<200&&(r=200),s.height=r):\"link\"===t.message&&(r=new URL(s.getAttribute(\"src\")),n=new URL(t.value),c.test(n.protocol))&&n.host===r.host&&l.activeElement===s&&(d.top.location.href=t.value))}},d.addEventListener(\"message\",d.wp.receiveEmbedMessage,!1),l.addEventListener(\"DOMContentLoaded\",function(){for(var e,t,s=l.querySelectorAll(\"iframe.wp-embedded-content\"),r=0;r<s.length;r++)(t=(e=s[r]).getAttribute(\"data-secret\"))||(t=Math.random().toString(36).substring(2,12),e.src+=\"#?secret=\"+t,e.setAttribute(\"data-secret\",t)),e.contentWindow.postMessage({message:\"ready\",secret:t},\"*\")},!1)))}(window,document);\n\/* ]]> *\/\n<\/script>\n","description":"\u00a9 Wildlife\/dpa Er ist sandfarben, hat eine Art Fell und ist ein Raubtier. Damit ersch\u00f6pfen sich die Gemeinsamkeiten des Ameisenl\u00f6wen mit seinem gro\u00dfen Namensvetter auch schon. Das Tier ist kleiner als eine Fingerkuppe und verbringt fast sein ganzes Leben eingegraben im Sand. Dort baut er trichterf\u00f6rmige Fallen und lauert Ameisen oder anderen kleinen Krabbeltieren auf.","thumbnail_url":"https:\/\/img.zeit.de\/bilder\/KinderZEIT\/2012\/30\/ameisenloewe\/ameisenloewe-540x304.jpg"}

Verrückte Viecher (14): Ameisenlöwe - KinderZEIT-Blog

<blockquote class="wp-embedded-content" data-secret="pUeQKpzsYl"><a href="https://blog.zeit.de/kinderzeit/2012/07/20/verruckte-viecher-14-ameisenlowe_12543">Verrückte Viecher (14): Ameisenlöwe</a></blockquote><iframe sandbox="allow-scripts" security="restricted" src="https://blog.zeit.de/kinderzeit/2012/07/20/verruckte-viecher-14-ameisenlowe_12543/embed#?secret=pUeQKpzsYl" width="600" height="338" title="&#8222;Verrückte Viecher (14): Ameisenlöwe&#8220; &#8212; KinderZEIT-Blog" data-secret="pUeQKpzsYl" frameborder="0" marginwidth="0" marginheight="0" scrolling="no" class="wp-embedded-content"></iframe><script type="text/javascript">
/* <![CDATA[ */
/*! This file is auto-generated */
!function(d,l){"use strict";l.querySelector&&d.addEventListener&&"undefined"!=typeof URL&&(d.wp=d.wp||{},d.wp.receiveEmbedMessage||(d.wp.receiveEmbedMessage=function(e){var t=e.data;if((t||t.secret||t.message||t.value)&&!/[^a-zA-Z0-9]/.test(t.secret)){for(var s,r,n,a=l.querySelectorAll('iframe[data-secret="'+t.secret+'"]'),o=l.querySelectorAll('blockquote[data-secret="'+t.secret+'"]'),c=new RegExp("^https?:$","i"),i=0;i<o.length;i++)o[i].style.display="none";for(i=0;i<a.length;i++)s=a[i],e.source===s.contentWindow&&(s.removeAttribute("style"),"height"===t.message?(1e3<(r=parseInt(t.value,10))?r=1e3:~~r<200&&(r=200),s.height=r):"link"===t.message&&(r=new URL(s.getAttribute("src")),n=new URL(t.value),c.test(n.protocol))&&n.host===r.host&&l.activeElement===s&&(d.top.location.href=t.value))}},d.addEventListener("message",d.wp.receiveEmbedMessage,!1),l.addEventListener("DOMContentLoaded",function(){for(var e,t,s=l.querySelectorAll("iframe.wp-embedded-content"),r=0;r<s.length;r++)(t=(e=s[r]).getAttribute("data-secret"))||(t=Math.random().toString(36).substring(2,12),e.src+="#?secret="+t,e.setAttribute("data-secret",t)),e.contentWindow.postMessage({message:"ready",secret:t},"*")},!1)))}(window,document);
/* ]]> */
</script>

© Wildlife/dpa Er ist sandfarben, hat eine Art Fell und ist ein Raubtier. Damit erschöpfen sich die Gemeinsamkeiten des Ameisenlöwen mit seinem großen Namensvetter auch schon. Das Tier ist kleiner als eine Fingerkuppe und verbringt fast sein ganzes Leben eingegraben im Sand. Dort baut er trichterförmige Fallen und lauert Ameisen oder anderen kleinen Krabbeltieren auf.
