{"version":"1.0","provider_name":"KinderZEIT-Blog","provider_url":"https:\/\/blog.zeit.de\/kinderzeit","author_name":"Redaktion KinderZEIT","author_url":"https:\/\/blog.zeit.de\/kinderzeit\/author\/sandra-valeska-bruhns","title":"Ein Junge, zwei Leben - KinderZEIT-Blog","type":"rich","width":600,"height":338,"html":"<blockquote class=\"wp-embedded-content\" data-secret=\"FvvE4ziFdr\"><a href=\"https:\/\/blog.zeit.de\/kinderzeit\/2012\/08\/02\/ein-junge-zwei-leben_12600\">Ein Junge, zwei Leben<\/a><\/blockquote><iframe sandbox=\"allow-scripts\" security=\"restricted\" src=\"https:\/\/blog.zeit.de\/kinderzeit\/2012\/08\/02\/ein-junge-zwei-leben_12600\/embed#?secret=FvvE4ziFdr\" width=\"600\" height=\"338\" title=\"&#8222;Ein Junge, zwei Leben&#8220; &#8212; KinderZEIT-Blog\" data-secret=\"FvvE4ziFdr\" frameborder=\"0\" marginwidth=\"0\" marginheight=\"0\" scrolling=\"no\" class=\"wp-embedded-content\"><\/iframe><script type=\"text\/javascript\">\n\/* <![CDATA[ *\/\n\/*! This file is auto-generated *\/\n!function(d,l){\"use strict\";l.querySelector&&d.addEventListener&&\"undefined\"!=typeof URL&&(d.wp=d.wp||{},d.wp.receiveEmbedMessage||(d.wp.receiveEmbedMessage=function(e){var t=e.data;if((t||t.secret||t.message||t.value)&&!\/[^a-zA-Z0-9]\/.test(t.secret)){for(var s,r,n,a=l.querySelectorAll('iframe[data-secret=\"'+t.secret+'\"]'),o=l.querySelectorAll('blockquote[data-secret=\"'+t.secret+'\"]'),c=new RegExp(\"^https?:$\",\"i\"),i=0;i<o.length;i++)o[i].style.display=\"none\";for(i=0;i<a.length;i++)s=a[i],e.source===s.contentWindow&&(s.removeAttribute(\"style\"),\"height\"===t.message?(1e3<(r=parseInt(t.value,10))?r=1e3:~~r<200&&(r=200),s.height=r):\"link\"===t.message&&(r=new URL(s.getAttribute(\"src\")),n=new URL(t.value),c.test(n.protocol))&&n.host===r.host&&l.activeElement===s&&(d.top.location.href=t.value))}},d.addEventListener(\"message\",d.wp.receiveEmbedMessage,!1),l.addEventListener(\"DOMContentLoaded\",function(){for(var e,t,s=l.querySelectorAll(\"iframe.wp-embedded-content\"),r=0;r<s.length;r++)(t=(e=s[r]).getAttribute(\"data-secret\"))||(t=Math.random().toString(36).substring(2,12),e.src+=\"#?secret=\"+t,e.setAttribute(\"data-secret\",t)),e.contentWindow.postMessage({message:\"ready\",secret:t},\"*\")},!1)))}(window,document);\n\/* ]]> *\/\n<\/script>\n","description":"Mit 14 Jahren begann f\u00fcr Jawid eine gef\u00e4hrliche Reise. Er verlie\u00df Kabul in Afghanistan und kam nach Deutschland. Heute k\u00e4mpft er darum, bleiben zu d\u00fcrfen Von Hauke Friedrichs Die Sonne scheint in Jawids Zimmer hinein. Wie alle Jugendlichen genie\u00dft er die Schulferien in Hamburg. Jawid streift sich seine schwarzen Boxhandschuhe \u00fcber. Er schl\u00e4gt mit der [&hellip;]","thumbnail_url":"https:\/\/blog.zeit.de\/kinderzeit\/files\/2012\/08\/Jawid-540x373.jpg"}

Mit 14 Jahren begann für Jawid eine gefährliche Reise. Er verließ Kabul in Afghanistan und kam nach Deutschland. Heute kämpft er darum, bleiben zu dürfen Von Hauke Friedrichs Die Sonne scheint in Jawids Zimmer hinein. Wie alle Jugendlichen genießt er die Schulferien in Hamburg. Jawid streift sich seine schwarzen Boxhandschuhe über. Er schlägt mit der [&hellip;]
