{"version":"1.0","provider_name":"KinderZEIT-Blog","provider_url":"https:\/\/blog.zeit.de\/kinderzeit","author_name":"Redaktion KinderZEIT","author_url":"https:\/\/blog.zeit.de\/kinderzeit\/author\/sandra-valeska-bruhns","title":"Verr\u00fcckte Viecher (21): Geisterschnecke - KinderZEIT-Blog","type":"rich","width":600,"height":338,"html":"<blockquote class=\"wp-embedded-content\" data-secret=\"H3n6TWRYRC\"><a href=\"https:\/\/blog.zeit.de\/kinderzeit\/2012\/09\/13\/verruckte-viecher-21-geisterschnecke_12740\">Verr\u00fcckte Viecher (21): Geisterschnecke<\/a><\/blockquote><iframe sandbox=\"allow-scripts\" security=\"restricted\" src=\"https:\/\/blog.zeit.de\/kinderzeit\/2012\/09\/13\/verruckte-viecher-21-geisterschnecke_12740\/embed#?secret=H3n6TWRYRC\" width=\"600\" height=\"338\" title=\"&#8222;Verr\u00fcckte Viecher (21): Geisterschnecke&#8220; &#8212; KinderZEIT-Blog\" data-secret=\"H3n6TWRYRC\" frameborder=\"0\" marginwidth=\"0\" marginheight=\"0\" scrolling=\"no\" class=\"wp-embedded-content\"><\/iframe><script type=\"text\/javascript\">\n\/* <![CDATA[ *\/\n\/*! This file is auto-generated *\/\n!function(d,l){\"use strict\";l.querySelector&&d.addEventListener&&\"undefined\"!=typeof URL&&(d.wp=d.wp||{},d.wp.receiveEmbedMessage||(d.wp.receiveEmbedMessage=function(e){var t=e.data;if((t||t.secret||t.message||t.value)&&!\/[^a-zA-Z0-9]\/.test(t.secret)){for(var s,r,n,a=l.querySelectorAll('iframe[data-secret=\"'+t.secret+'\"]'),o=l.querySelectorAll('blockquote[data-secret=\"'+t.secret+'\"]'),c=new RegExp(\"^https?:$\",\"i\"),i=0;i<o.length;i++)o[i].style.display=\"none\";for(i=0;i<a.length;i++)s=a[i],e.source===s.contentWindow&&(s.removeAttribute(\"style\"),\"height\"===t.message?(1e3<(r=parseInt(t.value,10))?r=1e3:~~r<200&&(r=200),s.height=r):\"link\"===t.message&&(r=new URL(s.getAttribute(\"src\")),n=new URL(t.value),c.test(n.protocol))&&n.host===r.host&&l.activeElement===s&&(d.top.location.href=t.value))}},d.addEventListener(\"message\",d.wp.receiveEmbedMessage,!1),l.addEventListener(\"DOMContentLoaded\",function(){for(var e,t,s=l.querySelectorAll(\"iframe.wp-embedded-content\"),r=0;r<s.length;r++)(t=(e=s[r]).getAttribute(\"data-secret\"))||(t=Math.random().toString(36).substring(2,12),e.src+=\"#?secret=\"+t,e.setAttribute(\"data-secret\",t)),e.contentWindow.postMessage({message:\"ready\",secret:t},\"*\")},!1)))}(window,document);\n\/* ]]> *\/\n<\/script>\n","description":"Die Geisterschnecke macht ihrem Namen alle Ehre: Sie lebt weitgehend unsichtbar unter der Erde, ist schneewei\u00df und hat keine Augen. Daf\u00fcr hat sie rasiermesserscharfe Z\u00e4hnchen, mit denen sie Regenw\u00fcrmer t\u00f6tet. Dann saugt sie die W\u00fcrmer ein wie Spaghetti. Die Forscher, die sie 2007 in England gefunden haben, vermuten, dass sie eigentlich aus w\u00e4rmeren Gefilden in [&hellip;]","thumbnail_url":"https:\/\/blog.zeit.de\/kinderzeit\/files\/2012\/09\/geisterschnecke-300x297.jpg"}

Verrückte Viecher (21): Geisterschnecke - KinderZEIT-Blog

<blockquote class="wp-embedded-content" data-secret="H3n6TWRYRC"><a href="https://blog.zeit.de/kinderzeit/2012/09/13/verruckte-viecher-21-geisterschnecke_12740">Verrückte Viecher (21): Geisterschnecke</a></blockquote><iframe sandbox="allow-scripts" security="restricted" src="https://blog.zeit.de/kinderzeit/2012/09/13/verruckte-viecher-21-geisterschnecke_12740/embed#?secret=H3n6TWRYRC" width="600" height="338" title="&#8222;Verrückte Viecher (21): Geisterschnecke&#8220; &#8212; KinderZEIT-Blog" data-secret="H3n6TWRYRC" frameborder="0" marginwidth="0" marginheight="0" scrolling="no" class="wp-embedded-content"></iframe><script type="text/javascript">
/* <![CDATA[ */
/*! This file is auto-generated */
!function(d,l){"use strict";l.querySelector&&d.addEventListener&&"undefined"!=typeof URL&&(d.wp=d.wp||{},d.wp.receiveEmbedMessage||(d.wp.receiveEmbedMessage=function(e){var t=e.data;if((t||t.secret||t.message||t.value)&&!/[^a-zA-Z0-9]/.test(t.secret)){for(var s,r,n,a=l.querySelectorAll('iframe[data-secret="'+t.secret+'"]'),o=l.querySelectorAll('blockquote[data-secret="'+t.secret+'"]'),c=new RegExp("^https?:$","i"),i=0;i<o.length;i++)o[i].style.display="none";for(i=0;i<a.length;i++)s=a[i],e.source===s.contentWindow&&(s.removeAttribute("style"),"height"===t.message?(1e3<(r=parseInt(t.value,10))?r=1e3:~~r<200&&(r=200),s.height=r):"link"===t.message&&(r=new URL(s.getAttribute("src")),n=new URL(t.value),c.test(n.protocol))&&n.host===r.host&&l.activeElement===s&&(d.top.location.href=t.value))}},d.addEventListener("message",d.wp.receiveEmbedMessage,!1),l.addEventListener("DOMContentLoaded",function(){for(var e,t,s=l.querySelectorAll("iframe.wp-embedded-content"),r=0;r<s.length;r++)(t=(e=s[r]).getAttribute("data-secret"))||(t=Math.random().toString(36).substring(2,12),e.src+="#?secret="+t,e.setAttribute("data-secret",t)),e.contentWindow.postMessage({message:"ready",secret:t},"*")},!1)))}(window,document);
/* ]]> */
</script>

Die Geisterschnecke macht ihrem Namen alle Ehre: Sie lebt weitgehend unsichtbar unter der Erde, ist schneeweiß und hat keine Augen. Dafür hat sie rasiermesserscharfe Zähnchen, mit denen sie Regenwürmer tötet. Dann saugt sie die Würmer ein wie Spaghetti. Die Forscher, die sie 2007 in England gefunden haben, vermuten, dass sie eigentlich aus wärmeren Gefilden in [&hellip;]
