{"version":"1.0","provider_name":"KinderZEIT-Blog","provider_url":"https:\/\/blog.zeit.de\/kinderzeit","author_name":"Redaktion KinderZEIT","author_url":"https:\/\/blog.zeit.de\/kinderzeit\/author\/sandra-valeska-bruhns","title":"Lernen, nicht schuften - KinderZEIT-Blog","type":"rich","width":600,"height":338,"html":"<blockquote class=\"wp-embedded-content\" data-secret=\"TVUseL0ZcX\"><a href=\"https:\/\/blog.zeit.de\/kinderzeit\/2013\/05\/29\/lernen-nicht-schuften_14080\">Lernen, nicht schuften<\/a><\/blockquote><iframe sandbox=\"allow-scripts\" security=\"restricted\" src=\"https:\/\/blog.zeit.de\/kinderzeit\/2013\/05\/29\/lernen-nicht-schuften_14080\/embed#?secret=TVUseL0ZcX\" width=\"600\" height=\"338\" title=\"&#8222;Lernen, nicht schuften&#8220; &#8212; KinderZEIT-Blog\" data-secret=\"TVUseL0ZcX\" frameborder=\"0\" marginwidth=\"0\" marginheight=\"0\" scrolling=\"no\" class=\"wp-embedded-content\"><\/iframe><script type=\"text\/javascript\">\n\/* <![CDATA[ *\/\n\/*! This file is auto-generated *\/\n!function(d,l){\"use strict\";l.querySelector&&d.addEventListener&&\"undefined\"!=typeof URL&&(d.wp=d.wp||{},d.wp.receiveEmbedMessage||(d.wp.receiveEmbedMessage=function(e){var t=e.data;if((t||t.secret||t.message||t.value)&&!\/[^a-zA-Z0-9]\/.test(t.secret)){for(var s,r,n,a=l.querySelectorAll('iframe[data-secret=\"'+t.secret+'\"]'),o=l.querySelectorAll('blockquote[data-secret=\"'+t.secret+'\"]'),c=new RegExp(\"^https?:$\",\"i\"),i=0;i<o.length;i++)o[i].style.display=\"none\";for(i=0;i<a.length;i++)s=a[i],e.source===s.contentWindow&&(s.removeAttribute(\"style\"),\"height\"===t.message?(1e3<(r=parseInt(t.value,10))?r=1e3:~~r<200&&(r=200),s.height=r):\"link\"===t.message&&(r=new URL(s.getAttribute(\"src\")),n=new URL(t.value),c.test(n.protocol))&&n.host===r.host&&l.activeElement===s&&(d.top.location.href=t.value))}},d.addEventListener(\"message\",d.wp.receiveEmbedMessage,!1),l.addEventListener(\"DOMContentLoaded\",function(){for(var e,t,s=l.querySelectorAll(\"iframe.wp-embedded-content\"),r=0;r<s.length;r++)(t=(e=s[r]).getAttribute(\"data-secret\"))||(t=Math.random().toString(36).substring(2,12),e.src+=\"#?secret=\"+t,e.setAttribute(\"data-secret\",t)),e.contentWindow.postMessage({message:\"ready\",secret:t},\"*\")},!1)))}(window,document);\n\/* ]]> *\/\n<\/script>\n","description":"Muchtasar ist 14 und lebt im asiatischen Usbekistan. Normalerweise mussten Kinder dort bei der Baumwollernte helfen \u2013 jetzt d\u00fcrfen sie zur Schule gehen Von Diana Laarz Im vergangenen Herbst hat sich das Leben der 14-j\u00e4hrigen Muchtasar ver\u00e4ndert. Sie wohnt in einem Dorf in Usbekistan. Drei Jahre lang musste sie jeden Herbst bei der Baumwollernte helfen [&hellip;]","thumbnail_url":"https:\/\/blog.zeit.de\/kinderzeit\/files\/2013\/05\/usbekistan-540x419.jpg"}

Muchtasar ist 14 und lebt im asiatischen Usbekistan. Normalerweise mussten Kinder dort bei der Baumwollernte helfen – jetzt dürfen sie zur Schule gehen Von Diana Laarz Im vergangenen Herbst hat sich das Leben der 14-jährigen Muchtasar verändert. Sie wohnt in einem Dorf in Usbekistan. Drei Jahre lang musste sie jeden Herbst bei der Baumwollernte helfen [&hellip;]
