{"version":"1.0","provider_name":"KinderZEIT-Blog","provider_url":"https:\/\/blog.zeit.de\/kinderzeit","author_name":"Redaktion KinderZEIT","author_url":"https:\/\/blog.zeit.de\/kinderzeit\/author\/sandra-valeska-bruhns","title":"Ferienuniversit\u00e4t auf Spiekeroog - KinderZEIT-Blog","type":"rich","width":600,"height":338,"html":"<blockquote class=\"wp-embedded-content\" data-secret=\"5LibliJfzL\"><a href=\"https:\/\/blog.zeit.de\/kinderzeit\/2013\/06\/17\/ferienuniversitat-auf-spiekeroog_14184\">Ferienuniversit\u00e4t auf Spiekeroog<\/a><\/blockquote><iframe sandbox=\"allow-scripts\" security=\"restricted\" src=\"https:\/\/blog.zeit.de\/kinderzeit\/2013\/06\/17\/ferienuniversitat-auf-spiekeroog_14184\/embed#?secret=5LibliJfzL\" width=\"600\" height=\"338\" title=\"&#8222;Ferienuniversit\u00e4t auf Spiekeroog&#8220; &#8212; KinderZEIT-Blog\" data-secret=\"5LibliJfzL\" frameborder=\"0\" marginwidth=\"0\" marginheight=\"0\" scrolling=\"no\" class=\"wp-embedded-content\"><\/iframe><script type=\"text\/javascript\">\n\/* <![CDATA[ *\/\n\/*! This file is auto-generated *\/\n!function(d,l){\"use strict\";l.querySelector&&d.addEventListener&&\"undefined\"!=typeof URL&&(d.wp=d.wp||{},d.wp.receiveEmbedMessage||(d.wp.receiveEmbedMessage=function(e){var t=e.data;if((t||t.secret||t.message||t.value)&&!\/[^a-zA-Z0-9]\/.test(t.secret)){for(var s,r,n,a=l.querySelectorAll('iframe[data-secret=\"'+t.secret+'\"]'),o=l.querySelectorAll('blockquote[data-secret=\"'+t.secret+'\"]'),c=new RegExp(\"^https?:$\",\"i\"),i=0;i<o.length;i++)o[i].style.display=\"none\";for(i=0;i<a.length;i++)s=a[i],e.source===s.contentWindow&&(s.removeAttribute(\"style\"),\"height\"===t.message?(1e3<(r=parseInt(t.value,10))?r=1e3:~~r<200&&(r=200),s.height=r):\"link\"===t.message&&(r=new URL(s.getAttribute(\"src\")),n=new URL(t.value),c.test(n.protocol))&&n.host===r.host&&l.activeElement===s&&(d.top.location.href=t.value))}},d.addEventListener(\"message\",d.wp.receiveEmbedMessage,!1),l.addEventListener(\"DOMContentLoaded\",function(){for(var e,t,s=l.querySelectorAll(\"iframe.wp-embedded-content\"),r=0;r<s.length;r++)(t=(e=s[r]).getAttribute(\"data-secret\"))||(t=Math.random().toString(36).substring(2,12),e.src+=\"#?secret=\"+t,e.setAttribute(\"data-secret\",t)),e.contentWindow.postMessage({message:\"ready\",secret:t},\"*\")},!1)))}(window,document);\n\/* ]]> *\/\n<\/script>\n","description":"Wer und was lebt im Watt? Wie kommen Pflanzen mit dem salzigen Meerwasser klar? Wie beeinflussen Ebbe und Flut den Lebensraum? Fragen \u00fcber Fragen f\u00fcr angehende Biologen. Wer in den Ferien auch was f\u00fcr die Birne tun m\u00f6chte, ist bei der Inseluni auf Spiekeroog richtig aufgehoben. Zum zweiten Mal l\u00e4dt die Hermann Lietz-Schule in Kooperation [&hellip;]","thumbnail_url":"https:\/\/blog.zeit.de\/kinderzeit\/files\/2013\/06\/spiekeroog-300x197.jpg"}

Ferienuniversität auf Spiekeroog - KinderZEIT-Blog

<blockquote class="wp-embedded-content" data-secret="5LibliJfzL"><a href="https://blog.zeit.de/kinderzeit/2013/06/17/ferienuniversitat-auf-spiekeroog_14184">Ferienuniversität auf Spiekeroog</a></blockquote><iframe sandbox="allow-scripts" security="restricted" src="https://blog.zeit.de/kinderzeit/2013/06/17/ferienuniversitat-auf-spiekeroog_14184/embed#?secret=5LibliJfzL" width="600" height="338" title="&#8222;Ferienuniversität auf Spiekeroog&#8220; &#8212; KinderZEIT-Blog" data-secret="5LibliJfzL" frameborder="0" marginwidth="0" marginheight="0" scrolling="no" class="wp-embedded-content"></iframe><script type="text/javascript">
/* <![CDATA[ */
/*! This file is auto-generated */
!function(d,l){"use strict";l.querySelector&&d.addEventListener&&"undefined"!=typeof URL&&(d.wp=d.wp||{},d.wp.receiveEmbedMessage||(d.wp.receiveEmbedMessage=function(e){var t=e.data;if((t||t.secret||t.message||t.value)&&!/[^a-zA-Z0-9]/.test(t.secret)){for(var s,r,n,a=l.querySelectorAll('iframe[data-secret="'+t.secret+'"]'),o=l.querySelectorAll('blockquote[data-secret="'+t.secret+'"]'),c=new RegExp("^https?:$","i"),i=0;i<o.length;i++)o[i].style.display="none";for(i=0;i<a.length;i++)s=a[i],e.source===s.contentWindow&&(s.removeAttribute("style"),"height"===t.message?(1e3<(r=parseInt(t.value,10))?r=1e3:~~r<200&&(r=200),s.height=r):"link"===t.message&&(r=new URL(s.getAttribute("src")),n=new URL(t.value),c.test(n.protocol))&&n.host===r.host&&l.activeElement===s&&(d.top.location.href=t.value))}},d.addEventListener("message",d.wp.receiveEmbedMessage,!1),l.addEventListener("DOMContentLoaded",function(){for(var e,t,s=l.querySelectorAll("iframe.wp-embedded-content"),r=0;r<s.length;r++)(t=(e=s[r]).getAttribute("data-secret"))||(t=Math.random().toString(36).substring(2,12),e.src+="#?secret="+t,e.setAttribute("data-secret",t)),e.contentWindow.postMessage({message:"ready",secret:t},"*")},!1)))}(window,document);
/* ]]> */
</script>

Wer und was lebt im Watt? Wie kommen Pflanzen mit dem salzigen Meerwasser klar? Wie beeinflussen Ebbe und Flut den Lebensraum? Fragen über Fragen für angehende Biologen. Wer in den Ferien auch was für die Birne tun möchte, ist bei der Inseluni auf Spiekeroog richtig aufgehoben. Zum zweiten Mal lädt die Hermann Lietz-Schule in Kooperation [&hellip;]
