{"version":"1.0","provider_name":"KinderZEIT-Blog","provider_url":"https:\/\/blog.zeit.de\/kinderzeit","author_name":"Redaktion KinderZEIT","author_url":"https:\/\/blog.zeit.de\/kinderzeit\/author\/sandra-valeska-bruhns","title":"Auch Kinder k\u00f6nnen w\u00e4hlen! - KinderZEIT-Blog","type":"rich","width":600,"height":338,"html":"<blockquote class=\"wp-embedded-content\" data-secret=\"p8RqoMA2Qf\"><a href=\"https:\/\/blog.zeit.de\/kinderzeit\/2013\/08\/20\/auch-kinder-konnen-wahlen_14368\">Auch Kinder k\u00f6nnen w\u00e4hlen!<\/a><\/blockquote><iframe sandbox=\"allow-scripts\" security=\"restricted\" src=\"https:\/\/blog.zeit.de\/kinderzeit\/2013\/08\/20\/auch-kinder-konnen-wahlen_14368\/embed#?secret=p8RqoMA2Qf\" width=\"600\" height=\"338\" title=\"&#8222;Auch Kinder k\u00f6nnen w\u00e4hlen!&#8220; &#8212; KinderZEIT-Blog\" data-secret=\"p8RqoMA2Qf\" frameborder=\"0\" marginwidth=\"0\" marginheight=\"0\" scrolling=\"no\" class=\"wp-embedded-content\"><\/iframe><script type=\"text\/javascript\">\n\/* <![CDATA[ *\/\n\/*! This file is auto-generated *\/\n!function(d,l){\"use strict\";l.querySelector&&d.addEventListener&&\"undefined\"!=typeof URL&&(d.wp=d.wp||{},d.wp.receiveEmbedMessage||(d.wp.receiveEmbedMessage=function(e){var t=e.data;if((t||t.secret||t.message||t.value)&&!\/[^a-zA-Z0-9]\/.test(t.secret)){for(var s,r,n,a=l.querySelectorAll('iframe[data-secret=\"'+t.secret+'\"]'),o=l.querySelectorAll('blockquote[data-secret=\"'+t.secret+'\"]'),c=new RegExp(\"^https?:$\",\"i\"),i=0;i<o.length;i++)o[i].style.display=\"none\";for(i=0;i<a.length;i++)s=a[i],e.source===s.contentWindow&&(s.removeAttribute(\"style\"),\"height\"===t.message?(1e3<(r=parseInt(t.value,10))?r=1e3:~~r<200&&(r=200),s.height=r):\"link\"===t.message&&(r=new URL(s.getAttribute(\"src\")),n=new URL(t.value),c.test(n.protocol))&&n.host===r.host&&l.activeElement===s&&(d.top.location.href=t.value))}},d.addEventListener(\"message\",d.wp.receiveEmbedMessage,!1),l.addEventListener(\"DOMContentLoaded\",function(){for(var e,t,s=l.querySelectorAll(\"iframe.wp-embedded-content\"),r=0;r<s.length;r++)(t=(e=s[r]).getAttribute(\"data-secret\"))||(t=Math.random().toString(36).substring(2,12),e.src+=\"#?secret=\"+t,e.setAttribute(\"data-secret\",t)),e.contentWindow.postMessage({message:\"ready\",secret:t},\"*\")},!1)))}(window,document);\n\/* ]]> *\/\n<\/script>\n","description":"Das am 22. September Bundestagswahl ist, habt Ihr sicher schon mitbekommen. Und auch, dass erst w\u00e4hlen darf, wer deutscher Staatsb\u00fcrger und \u00fcber 18 Jahre alt ist. Doch wisst Ihr wirklich, was gemeint ist, wenn Ihr Worte wie Bundestag, Koalition oder Wahlhelfer h\u00f6rt?","thumbnail_url":"https:\/\/blog.zeit.de\/kinderzeit\/files\/2013\/08\/sach_info_bundestagswahl_1.jpg"}

Auch Kinder können wählen! - KinderZEIT-Blog

<blockquote class="wp-embedded-content" data-secret="p8RqoMA2Qf"><a href="https://blog.zeit.de/kinderzeit/2013/08/20/auch-kinder-konnen-wahlen_14368">Auch Kinder können wählen!</a></blockquote><iframe sandbox="allow-scripts" security="restricted" src="https://blog.zeit.de/kinderzeit/2013/08/20/auch-kinder-konnen-wahlen_14368/embed#?secret=p8RqoMA2Qf" width="600" height="338" title="&#8222;Auch Kinder können wählen!&#8220; &#8212; KinderZEIT-Blog" data-secret="p8RqoMA2Qf" frameborder="0" marginwidth="0" marginheight="0" scrolling="no" class="wp-embedded-content"></iframe><script type="text/javascript">
/* <![CDATA[ */
/*! This file is auto-generated */
!function(d,l){"use strict";l.querySelector&&d.addEventListener&&"undefined"!=typeof URL&&(d.wp=d.wp||{},d.wp.receiveEmbedMessage||(d.wp.receiveEmbedMessage=function(e){var t=e.data;if((t||t.secret||t.message||t.value)&&!/[^a-zA-Z0-9]/.test(t.secret)){for(var s,r,n,a=l.querySelectorAll('iframe[data-secret="'+t.secret+'"]'),o=l.querySelectorAll('blockquote[data-secret="'+t.secret+'"]'),c=new RegExp("^https?:$","i"),i=0;i<o.length;i++)o[i].style.display="none";for(i=0;i<a.length;i++)s=a[i],e.source===s.contentWindow&&(s.removeAttribute("style"),"height"===t.message?(1e3<(r=parseInt(t.value,10))?r=1e3:~~r<200&&(r=200),s.height=r):"link"===t.message&&(r=new URL(s.getAttribute("src")),n=new URL(t.value),c.test(n.protocol))&&n.host===r.host&&l.activeElement===s&&(d.top.location.href=t.value))}},d.addEventListener("message",d.wp.receiveEmbedMessage,!1),l.addEventListener("DOMContentLoaded",function(){for(var e,t,s=l.querySelectorAll("iframe.wp-embedded-content"),r=0;r<s.length;r++)(t=(e=s[r]).getAttribute("data-secret"))||(t=Math.random().toString(36).substring(2,12),e.src+="#?secret="+t,e.setAttribute("data-secret",t)),e.contentWindow.postMessage({message:"ready",secret:t},"*")},!1)))}(window,document);
/* ]]> */
</script>

Das am 22. September Bundestagswahl ist, habt Ihr sicher schon mitbekommen. Und auch, dass erst wählen darf, wer deutscher Staatsbürger und über 18 Jahre alt ist. Doch wisst Ihr wirklich, was gemeint ist, wenn Ihr Worte wie Bundestag, Koalition oder Wahlhelfer hört?
