{"version":"1.0","provider_name":"KinderZEIT-Blog","provider_url":"https:\/\/blog.zeit.de\/kinderzeit","author_name":"Redaktion KinderZEIT","author_url":"https:\/\/blog.zeit.de\/kinderzeit\/author\/sandra-valeska-bruhns","title":"Trenk gegen Wertolt, Teil sechs - KinderZEIT-Blog","type":"rich","width":600,"height":338,"html":"<blockquote class=\"wp-embedded-content\" data-secret=\"ZnUKo1DHmt\"><a href=\"https:\/\/blog.zeit.de\/kinderzeit\/2013\/09\/07\/trenk-gegen-wertolt-teil-sechs_14477\">Trenk gegen Wertolt, Teil sechs<\/a><\/blockquote><iframe sandbox=\"allow-scripts\" security=\"restricted\" src=\"https:\/\/blog.zeit.de\/kinderzeit\/2013\/09\/07\/trenk-gegen-wertolt-teil-sechs_14477\/embed#?secret=ZnUKo1DHmt\" width=\"600\" height=\"338\" title=\"&#8222;Trenk gegen Wertolt, Teil sechs&#8220; &#8212; KinderZEIT-Blog\" data-secret=\"ZnUKo1DHmt\" frameborder=\"0\" marginwidth=\"0\" marginheight=\"0\" scrolling=\"no\" class=\"wp-embedded-content\"><\/iframe><script type=\"text\/javascript\">\n\/* <![CDATA[ *\/\n\/*! This file is auto-generated *\/\n!function(d,l){\"use strict\";l.querySelector&&d.addEventListener&&\"undefined\"!=typeof URL&&(d.wp=d.wp||{},d.wp.receiveEmbedMessage||(d.wp.receiveEmbedMessage=function(e){var t=e.data;if((t||t.secret||t.message||t.value)&&!\/[^a-zA-Z0-9]\/.test(t.secret)){for(var s,r,n,a=l.querySelectorAll('iframe[data-secret=\"'+t.secret+'\"]'),o=l.querySelectorAll('blockquote[data-secret=\"'+t.secret+'\"]'),c=new RegExp(\"^https?:$\",\"i\"),i=0;i<o.length;i++)o[i].style.display=\"none\";for(i=0;i<a.length;i++)s=a[i],e.source===s.contentWindow&&(s.removeAttribute(\"style\"),\"height\"===t.message?(1e3<(r=parseInt(t.value,10))?r=1e3:~~r<200&&(r=200),s.height=r):\"link\"===t.message&&(r=new URL(s.getAttribute(\"src\")),n=new URL(t.value),c.test(n.protocol))&&n.host===r.host&&l.activeElement===s&&(d.top.location.href=t.value))}},d.addEventListener(\"message\",d.wp.receiveEmbedMessage,!1),l.addEventListener(\"DOMContentLoaded\",function(){for(var e,t,s=l.querySelectorAll(\"iframe.wp-embedded-content\"),r=0;r<s.length;r++)(t=(e=s[r]).getAttribute(\"data-secret\"))||(t=Math.random().toString(36).substring(2,12),e.src+=\"#?secret=\"+t,e.setAttribute(\"data-secret\",t)),e.contentWindow.postMessage({message:\"ready\",secret:t},\"*\")},!1)))}(window,document);\n\/* ]]> *\/\n<\/script>\n","description":"Der kleine Ritter Trenk mischt zusammen mit seiner Freundin Thekla (die mit der tollen Erbsenschleuder) weiter das Mittelalter ganz gewaltig auf. Immer an seiner Seite das Schwein Ferkelchen und nat\u00fcrlich die fr\u00f6hlichen Gaukler. In der neuen Geschichte ist es wieder einmal der Ritter Wertolt der W\u00fcterich, der f\u00fcr m\u00e4chtig Stunk sorgt. Schuld ist sein Gr\u00f6\u00dfenwahn","thumbnail_url":"https:\/\/blog.zeit.de\/kinderzeit\/files\/2013\/09\/trenk_turmbau-216x300.jpg"}

Der kleine Ritter Trenk mischt zusammen mit seiner Freundin Thekla (die mit der tollen Erbsenschleuder) weiter das Mittelalter ganz gewaltig auf. Immer an seiner Seite das Schwein Ferkelchen und natürlich die fröhlichen Gaukler. In der neuen Geschichte ist es wieder einmal der Ritter Wertolt der Wüterich, der für mächtig Stunk sorgt. Schuld ist sein Größenwahn
