{"version":"1.0","provider_name":"KinderZEIT-Blog","provider_url":"https:\/\/blog.zeit.de\/kinderzeit","author_name":"Redaktion KinderZEIT","author_url":"https:\/\/blog.zeit.de\/kinderzeit\/author\/sandra-valeska-bruhns","title":"Verr\u00fcckte Viecher der Dunkelheit - KinderZEIT-Blog","type":"rich","width":600,"height":338,"html":"<blockquote class=\"wp-embedded-content\" data-secret=\"bhWe6kIzVF\"><a href=\"https:\/\/blog.zeit.de\/kinderzeit\/2013\/09\/26\/verruckte-viecher-der-dunkelheit_14527\">Verr\u00fcckte Viecher der Dunkelheit<\/a><\/blockquote><iframe sandbox=\"allow-scripts\" security=\"restricted\" src=\"https:\/\/blog.zeit.de\/kinderzeit\/2013\/09\/26\/verruckte-viecher-der-dunkelheit_14527\/embed#?secret=bhWe6kIzVF\" width=\"600\" height=\"338\" title=\"&#8222;Verr\u00fcckte Viecher der Dunkelheit&#8220; &#8212; KinderZEIT-Blog\" data-secret=\"bhWe6kIzVF\" frameborder=\"0\" marginwidth=\"0\" marginheight=\"0\" scrolling=\"no\" class=\"wp-embedded-content\"><\/iframe><script type=\"text\/javascript\">\n\/* <![CDATA[ *\/\n\/*! This file is auto-generated *\/\n!function(d,l){\"use strict\";l.querySelector&&d.addEventListener&&\"undefined\"!=typeof URL&&(d.wp=d.wp||{},d.wp.receiveEmbedMessage||(d.wp.receiveEmbedMessage=function(e){var t=e.data;if((t||t.secret||t.message||t.value)&&!\/[^a-zA-Z0-9]\/.test(t.secret)){for(var s,r,n,a=l.querySelectorAll('iframe[data-secret=\"'+t.secret+'\"]'),o=l.querySelectorAll('blockquote[data-secret=\"'+t.secret+'\"]'),c=new RegExp(\"^https?:$\",\"i\"),i=0;i<o.length;i++)o[i].style.display=\"none\";for(i=0;i<a.length;i++)s=a[i],e.source===s.contentWindow&&(s.removeAttribute(\"style\"),\"height\"===t.message?(1e3<(r=parseInt(t.value,10))?r=1e3:~~r<200&&(r=200),s.height=r):\"link\"===t.message&&(r=new URL(s.getAttribute(\"src\")),n=new URL(t.value),c.test(n.protocol))&&n.host===r.host&&l.activeElement===s&&(d.top.location.href=t.value))}},d.addEventListener(\"message\",d.wp.receiveEmbedMessage,!1),l.addEventListener(\"DOMContentLoaded\",function(){for(var e,t,s=l.querySelectorAll(\"iframe.wp-embedded-content\"),r=0;r<s.length;r++)(t=(e=s[r]).getAttribute(\"data-secret\"))||(t=Math.random().toString(36).substring(2,12),e.src+=\"#?secret=\"+t,e.setAttribute(\"data-secret\",t)),e.contentWindow.postMessage({message:\"ready\",secret:t},\"*\")},!1)))}(window,document);\n\/* ]]> *\/\n<\/script>\n","description":"Wenn es dunkel wird, fl\u00fcchten die Menschen in ihre beleuchteten Wohnungen. Manche Tiere aber m\u00f6gen die Dunkelheit Von Salima El Kurdi und Madalena Hamm Der Fettschwalm Sein Name klingt wie ein Schimpfwort, dabei ist der Fettschwalm nicht dick. Der s\u00fcdamerikanische Vogel hei\u00dft so, weil er fetthaltige Fr\u00fcchte frisst. Die pfl\u00fcckt er nachts. Tags\u00fcber versteckt er [&hellip;]","thumbnail_url":"https:\/\/blog.zeit.de\/kinderzeit\/files\/2013\/09\/fettschwalm-300x201.jpg"}

Verrückte Viecher der Dunkelheit - KinderZEIT-Blog

<blockquote class="wp-embedded-content" data-secret="bhWe6kIzVF"><a href="https://blog.zeit.de/kinderzeit/2013/09/26/verruckte-viecher-der-dunkelheit_14527">Verrückte Viecher der Dunkelheit</a></blockquote><iframe sandbox="allow-scripts" security="restricted" src="https://blog.zeit.de/kinderzeit/2013/09/26/verruckte-viecher-der-dunkelheit_14527/embed#?secret=bhWe6kIzVF" width="600" height="338" title="&#8222;Verrückte Viecher der Dunkelheit&#8220; &#8212; KinderZEIT-Blog" data-secret="bhWe6kIzVF" frameborder="0" marginwidth="0" marginheight="0" scrolling="no" class="wp-embedded-content"></iframe><script type="text/javascript">
/* <![CDATA[ */
/*! This file is auto-generated */
!function(d,l){"use strict";l.querySelector&&d.addEventListener&&"undefined"!=typeof URL&&(d.wp=d.wp||{},d.wp.receiveEmbedMessage||(d.wp.receiveEmbedMessage=function(e){var t=e.data;if((t||t.secret||t.message||t.value)&&!/[^a-zA-Z0-9]/.test(t.secret)){for(var s,r,n,a=l.querySelectorAll('iframe[data-secret="'+t.secret+'"]'),o=l.querySelectorAll('blockquote[data-secret="'+t.secret+'"]'),c=new RegExp("^https?:$","i"),i=0;i<o.length;i++)o[i].style.display="none";for(i=0;i<a.length;i++)s=a[i],e.source===s.contentWindow&&(s.removeAttribute("style"),"height"===t.message?(1e3<(r=parseInt(t.value,10))?r=1e3:~~r<200&&(r=200),s.height=r):"link"===t.message&&(r=new URL(s.getAttribute("src")),n=new URL(t.value),c.test(n.protocol))&&n.host===r.host&&l.activeElement===s&&(d.top.location.href=t.value))}},d.addEventListener("message",d.wp.receiveEmbedMessage,!1),l.addEventListener("DOMContentLoaded",function(){for(var e,t,s=l.querySelectorAll("iframe.wp-embedded-content"),r=0;r<s.length;r++)(t=(e=s[r]).getAttribute("data-secret"))||(t=Math.random().toString(36).substring(2,12),e.src+="#?secret="+t,e.setAttribute("data-secret",t)),e.contentWindow.postMessage({message:"ready",secret:t},"*")},!1)))}(window,document);
/* ]]> */
</script>

Wenn es dunkel wird, flüchten die Menschen in ihre beleuchteten Wohnungen. Manche Tiere aber mögen die Dunkelheit Von Salima El Kurdi und Madalena Hamm Der Fettschwalm Sein Name klingt wie ein Schimpfwort, dabei ist der Fettschwalm nicht dick. Der südamerikanische Vogel heißt so, weil er fetthaltige Früchte frisst. Die pflückt er nachts. Tagsüber versteckt er [&hellip;]
