{"version":"1.0","provider_name":"Kulturkampf","provider_url":"https:\/\/blog.zeit.de\/kulturkampf","author_name":"Kai Biermann","author_url":"https:\/\/blog.zeit.de\/kulturkampf\/author\/kai-biermann\/","title":"Wem fehlt hier Bewusstsein f\u00fcr Datenschutz? - Kulturkampf","type":"rich","width":600,"height":338,"html":"<blockquote class=\"wp-embedded-content\" data-secret=\"g9Bh7DuU1M\"><a href=\"https:\/\/blog.zeit.de\/kulturkampf\/2010\/01\/28\/wem-fehlt-hier-bewusstsein-fur-datenschutz\/\">Wem fehlt hier Bewusstsein f\u00fcr Datenschutz?<\/a><\/blockquote><iframe sandbox=\"allow-scripts\" security=\"restricted\" src=\"https:\/\/blog.zeit.de\/kulturkampf\/2010\/01\/28\/wem-fehlt-hier-bewusstsein-fur-datenschutz\/embed\/#?secret=g9Bh7DuU1M\" width=\"600\" height=\"338\" title=\"&#8222;Wem fehlt hier Bewusstsein f\u00fcr Datenschutz?&#8220; &#8212; Kulturkampf\" data-secret=\"g9Bh7DuU1M\" frameborder=\"0\" marginwidth=\"0\" marginheight=\"0\" scrolling=\"no\" class=\"wp-embedded-content\"><\/iframe><script type=\"text\/javascript\">\n\/* <![CDATA[ *\/\n\/*! This file is auto-generated *\/\n!function(d,l){\"use strict\";l.querySelector&&d.addEventListener&&\"undefined\"!=typeof URL&&(d.wp=d.wp||{},d.wp.receiveEmbedMessage||(d.wp.receiveEmbedMessage=function(e){var t=e.data;if((t||t.secret||t.message||t.value)&&!\/[^a-zA-Z0-9]\/.test(t.secret)){for(var s,r,n,a=l.querySelectorAll('iframe[data-secret=\"'+t.secret+'\"]'),o=l.querySelectorAll('blockquote[data-secret=\"'+t.secret+'\"]'),c=new RegExp(\"^https?:$\",\"i\"),i=0;i<o.length;i++)o[i].style.display=\"none\";for(i=0;i<a.length;i++)s=a[i],e.source===s.contentWindow&&(s.removeAttribute(\"style\"),\"height\"===t.message?(1e3<(r=parseInt(t.value,10))?r=1e3:~~r<200&&(r=200),s.height=r):\"link\"===t.message&&(r=new URL(s.getAttribute(\"src\")),n=new URL(t.value),c.test(n.protocol))&&n.host===r.host&&l.activeElement===s&&(d.top.location.href=t.value))}},d.addEventListener(\"message\",d.wp.receiveEmbedMessage,!1),l.addEventListener(\"DOMContentLoaded\",function(){for(var e,t,s=l.querySelectorAll(\"iframe.wp-embedded-content\"),r=0;r<s.length;r++)(t=(e=s[r]).getAttribute(\"data-secret\"))||(t=Math.random().toString(36).substring(2,12),e.src+=\"#?secret=\"+t,e.setAttribute(\"data-secret\",t)),e.contentWindow.postMessage({message:\"ready\",secret:t},\"*\")},!1)))}(window,document);\n\/* ]]> *\/\n<\/script>\n","description":"Heute ist europ\u00e4ischer Datenschutztag. Der Europarat hat sich den vor vier Jahren ausgedacht, um st\u00e4rker auf das Problem hinzuweisen und um bei der Bev\u00f6lkerung das Bewusstsein zu erh\u00f6hen f\u00fcr die Wichtigkeit des Datenschutzes. Mir scheint, es braucht diesen Jahrestag nicht mehr. Das Bewusstsein bei der Bev\u00f6lkerung ist da, es m\u00fcsste nur noch von der Politik [&hellip;]"}

Wem fehlt hier Bewusstsein für Datenschutz? - Kulturkampf

<blockquote class="wp-embedded-content" data-secret="g9Bh7DuU1M"><a href="https://blog.zeit.de/kulturkampf/2010/01/28/wem-fehlt-hier-bewusstsein-fur-datenschutz/">Wem fehlt hier Bewusstsein für Datenschutz?</a></blockquote><iframe sandbox="allow-scripts" security="restricted" src="https://blog.zeit.de/kulturkampf/2010/01/28/wem-fehlt-hier-bewusstsein-fur-datenschutz/embed/#?secret=g9Bh7DuU1M" width="600" height="338" title="&#8222;Wem fehlt hier Bewusstsein für Datenschutz?&#8220; &#8212; Kulturkampf" data-secret="g9Bh7DuU1M" frameborder="0" marginwidth="0" marginheight="0" scrolling="no" class="wp-embedded-content"></iframe><script type="text/javascript">
/* <![CDATA[ */
/*! This file is auto-generated */
!function(d,l){"use strict";l.querySelector&&d.addEventListener&&"undefined"!=typeof URL&&(d.wp=d.wp||{},d.wp.receiveEmbedMessage||(d.wp.receiveEmbedMessage=function(e){var t=e.data;if((t||t.secret||t.message||t.value)&&!/[^a-zA-Z0-9]/.test(t.secret)){for(var s,r,n,a=l.querySelectorAll('iframe[data-secret="'+t.secret+'"]'),o=l.querySelectorAll('blockquote[data-secret="'+t.secret+'"]'),c=new RegExp("^https?:$","i"),i=0;i<o.length;i++)o[i].style.display="none";for(i=0;i<a.length;i++)s=a[i],e.source===s.contentWindow&&(s.removeAttribute("style"),"height"===t.message?(1e3<(r=parseInt(t.value,10))?r=1e3:~~r<200&&(r=200),s.height=r):"link"===t.message&&(r=new URL(s.getAttribute("src")),n=new URL(t.value),c.test(n.protocol))&&n.host===r.host&&l.activeElement===s&&(d.top.location.href=t.value))}},d.addEventListener("message",d.wp.receiveEmbedMessage,!1),l.addEventListener("DOMContentLoaded",function(){for(var e,t,s=l.querySelectorAll("iframe.wp-embedded-content"),r=0;r<s.length;r++)(t=(e=s[r]).getAttribute("data-secret"))||(t=Math.random().toString(36).substring(2,12),e.src+="#?secret="+t,e.setAttribute("data-secret",t)),e.contentWindow.postMessage({message:"ready",secret:t},"*")},!1)))}(window,document);
/* ]]> */
</script>

Heute ist europäischer Datenschutztag. Der Europarat hat sich den vor vier Jahren ausgedacht, um stärker auf das Problem hinzuweisen und um bei der Bevölkerung das Bewusstsein zu erhöhen für die Wichtigkeit des Datenschutzes. Mir scheint, es braucht diesen Jahrestag nicht mehr. Das Bewusstsein bei der Bevölkerung ist da, es müsste nur noch von der Politik [&hellip;]
