{"version":"1.0","provider_name":"Kulturkampf","provider_url":"https:\/\/blog.zeit.de\/kulturkampf","author_name":"Christiane Schulzki-Haddouti","author_url":"https:\/\/blog.zeit.de\/kulturkampf\/author\/christiane-schulzki-haddouti\/","title":"Transparente Wahlurne in Strassburg - Kulturkampf","type":"rich","width":600,"height":338,"html":"<blockquote class=\"wp-embedded-content\" data-secret=\"FvD1uq3geK\"><a href=\"https:\/\/blog.zeit.de\/kulturkampf\/2010\/09\/24\/transparente-wahlurne-in-strassburg\/\">Transparente Wahlurne in Strassburg<\/a><\/blockquote><iframe sandbox=\"allow-scripts\" security=\"restricted\" src=\"https:\/\/blog.zeit.de\/kulturkampf\/2010\/09\/24\/transparente-wahlurne-in-strassburg\/embed\/#?secret=FvD1uq3geK\" width=\"600\" height=\"338\" title=\"&#8222;Transparente Wahlurne in Strassburg&#8220; &#8212; Kulturkampf\" data-secret=\"FvD1uq3geK\" frameborder=\"0\" marginwidth=\"0\" marginheight=\"0\" scrolling=\"no\" class=\"wp-embedded-content\"><\/iframe><script type=\"text\/javascript\">\n\/* <![CDATA[ *\/\n\/*! This file is auto-generated *\/\n!function(d,l){\"use strict\";l.querySelector&&d.addEventListener&&\"undefined\"!=typeof URL&&(d.wp=d.wp||{},d.wp.receiveEmbedMessage||(d.wp.receiveEmbedMessage=function(e){var t=e.data;if((t||t.secret||t.message||t.value)&&!\/[^a-zA-Z0-9]\/.test(t.secret)){for(var s,r,n,a=l.querySelectorAll('iframe[data-secret=\"'+t.secret+'\"]'),o=l.querySelectorAll('blockquote[data-secret=\"'+t.secret+'\"]'),c=new RegExp(\"^https?:$\",\"i\"),i=0;i<o.length;i++)o[i].style.display=\"none\";for(i=0;i<a.length;i++)s=a[i],e.source===s.contentWindow&&(s.removeAttribute(\"style\"),\"height\"===t.message?(1e3<(r=parseInt(t.value,10))?r=1e3:~~r<200&&(r=200),s.height=r):\"link\"===t.message&&(r=new URL(s.getAttribute(\"src\")),n=new URL(t.value),c.test(n.protocol))&&n.host===r.host&&l.activeElement===s&&(d.top.location.href=t.value))}},d.addEventListener(\"message\",d.wp.receiveEmbedMessage,!1),l.addEventListener(\"DOMContentLoaded\",function(){for(var e,t,s=l.querySelectorAll(\"iframe.wp-embedded-content\"),r=0;r<s.length;r++)(t=(e=s[r]).getAttribute(\"data-secret\"))||(t=Math.random().toString(36).substring(2,12),e.src+=\"#?secret=\"+t,e.setAttribute(\"data-secret\",t)),e.contentWindow.postMessage({message:\"ready\",secret:t},\"*\")},!1)))}(window,document);\n\/* ]]> *\/\n<\/script>\n","description":"In der EU wird darum gerungen, das Urheberrecht zu versch\u00e4rfen. Der j\u00fcngste Vorsto\u00df hierzu war der Bericht der konservativen Abgeordneten Marielle Gallo. Er zielt unter anderem darauf ab, das Filesharing zu kriminalisieren. Vorgestern erhielt er im EU-Parlament eine klare Mehrheit mit 328 Ja-Stimmen, 245 Nein- Stimmungen und 81 Enthaltungen. Die Alternativvorschl\u00e4ge seitens der Sozialdemokraten und [&hellip;]"}

In der EU wird darum gerungen, das Urheberrecht zu verschärfen. Der jüngste Vorstoß hierzu war der Bericht der konservativen Abgeordneten Marielle Gallo. Er zielt unter anderem darauf ab, das Filesharing zu kriminalisieren. Vorgestern erhielt er im EU-Parlament eine klare Mehrheit mit 328 Ja-Stimmen, 245 Nein- Stimmungen und 81 Enthaltungen. Die Alternativvorschläge seitens der Sozialdemokraten und [&hellip;]
