{"version":"1.0","provider_name":"Unterwegs in Europa","provider_url":"https:\/\/blog.zeit.de\/ladurnerulrich","author_name":"Ulrich Ladurner","author_url":"https:\/\/blog.zeit.de\/ladurnerulrich\/author\/ulli-ladurner\/","title":"Ein harter Schlag - Unterwegs in Europa","type":"rich","width":600,"height":338,"html":"<blockquote class=\"wp-embedded-content\" data-secret=\"tgSj7P10Jx\"><a href=\"https:\/\/blog.zeit.de\/ladurnerulrich\/2009\/10\/28\/ein-harter-schlag\/\">Ein harter Schlag<\/a><\/blockquote><iframe sandbox=\"allow-scripts\" security=\"restricted\" src=\"https:\/\/blog.zeit.de\/ladurnerulrich\/2009\/10\/28\/ein-harter-schlag\/embed\/#?secret=tgSj7P10Jx\" width=\"600\" height=\"338\" title=\"&#8222;Ein harter Schlag&#8220; &#8212; Unterwegs in Europa\" data-secret=\"tgSj7P10Jx\" frameborder=\"0\" marginwidth=\"0\" marginheight=\"0\" scrolling=\"no\" class=\"wp-embedded-content\"><\/iframe><script type=\"text\/javascript\">\n\/* <![CDATA[ *\/\n\/*! This file is auto-generated *\/\n!function(d,l){\"use strict\";l.querySelector&&d.addEventListener&&\"undefined\"!=typeof URL&&(d.wp=d.wp||{},d.wp.receiveEmbedMessage||(d.wp.receiveEmbedMessage=function(e){var t=e.data;if((t||t.secret||t.message||t.value)&&!\/[^a-zA-Z0-9]\/.test(t.secret)){for(var s,r,n,a=l.querySelectorAll('iframe[data-secret=\"'+t.secret+'\"]'),o=l.querySelectorAll('blockquote[data-secret=\"'+t.secret+'\"]'),c=new RegExp(\"^https?:$\",\"i\"),i=0;i<o.length;i++)o[i].style.display=\"none\";for(i=0;i<a.length;i++)s=a[i],e.source===s.contentWindow&&(s.removeAttribute(\"style\"),\"height\"===t.message?(1e3<(r=parseInt(t.value,10))?r=1e3:~~r<200&&(r=200),s.height=r):\"link\"===t.message&&(r=new URL(s.getAttribute(\"src\")),n=new URL(t.value),c.test(n.protocol))&&n.host===r.host&&l.activeElement===s&&(d.top.location.href=t.value))}},d.addEventListener(\"message\",d.wp.receiveEmbedMessage,!1),l.addEventListener(\"DOMContentLoaded\",function(){for(var e,t,s=l.querySelectorAll(\"iframe.wp-embedded-content\"),r=0;r<s.length;r++)(t=(e=s[r]).getAttribute(\"data-secret\"))||(t=Math.random().toString(36).substring(2,12),e.src+=\"#?secret=\"+t,e.setAttribute(\"data-secret\",t)),e.contentWindow.postMessage({message:\"ready\",secret:t},\"*\")},!1)))}(window,document);\n\/* ]]> *\/\n<\/script>\n","description":"Heute morgen haben Attent\u00e4ter ein G\u00e4stehaus in Kabul attackiert. Dabei kamen neuen Menschen ums Leben, darunter sechs Mitarbeiter der UN. Vom Standpunkt der Taliban ist es eine Erfolg. Sie haben gezeigt, dass sie mitten im Herzen der Haupstadt Kabul zuschlagen k\u00f6nnen, in dem Stadtviertel Shar-e-Now, das von afghanischen Sicherheitskr\u00e4ften schwer bewacht wird. &nbsp; Die Attent\u00e4ter [&hellip;]","thumbnail_url":"https:\/\/blog.zeit.de\/ladurnerulrich\/files\/2009\/10\/polizei22.jpg?w=300"}

Heute morgen haben Attentäter ein Gästehaus in Kabul attackiert. Dabei kamen neuen Menschen ums Leben, darunter sechs Mitarbeiter der UN. Vom Standpunkt der Taliban ist es eine Erfolg. Sie haben gezeigt, dass sie mitten im Herzen der Haupstadt Kabul zuschlagen können, in dem Stadtviertel Shar-e-Now, das von afghanischen Sicherheitskräften schwer bewacht wird. &nbsp; Die Attentäter [&hellip;]
