{"version":"1.0","provider_name":"Unterwegs in Europa","provider_url":"https:\/\/blog.zeit.de\/ladurnerulrich","author_name":"Ulrich Ladurner","author_url":"https:\/\/blog.zeit.de\/ladurnerulrich\/author\/ulli-ladurner\/","title":"Pakistan aufgeben? - Unterwegs in Europa","type":"rich","width":600,"height":338,"html":"<blockquote class=\"wp-embedded-content\" data-secret=\"Ajoed7kAoj\"><a href=\"https:\/\/blog.zeit.de\/ladurnerulrich\/2012\/09\/25\/pakistan-aufgeben\/\">Pakistan aufgeben?<\/a><\/blockquote><iframe sandbox=\"allow-scripts\" security=\"restricted\" src=\"https:\/\/blog.zeit.de\/ladurnerulrich\/2012\/09\/25\/pakistan-aufgeben\/embed\/#?secret=Ajoed7kAoj\" width=\"600\" height=\"338\" title=\"&#8222;Pakistan aufgeben?&#8220; &#8212; Unterwegs in Europa\" data-secret=\"Ajoed7kAoj\" frameborder=\"0\" marginwidth=\"0\" marginheight=\"0\" scrolling=\"no\" class=\"wp-embedded-content\"><\/iframe><script type=\"text\/javascript\">\n\/* <![CDATA[ *\/\n\/*! This file is auto-generated *\/\n!function(d,l){\"use strict\";l.querySelector&&d.addEventListener&&\"undefined\"!=typeof URL&&(d.wp=d.wp||{},d.wp.receiveEmbedMessage||(d.wp.receiveEmbedMessage=function(e){var t=e.data;if((t||t.secret||t.message||t.value)&&!\/[^a-zA-Z0-9]\/.test(t.secret)){for(var s,r,n,a=l.querySelectorAll('iframe[data-secret=\"'+t.secret+'\"]'),o=l.querySelectorAll('blockquote[data-secret=\"'+t.secret+'\"]'),c=new RegExp(\"^https?:$\",\"i\"),i=0;i<o.length;i++)o[i].style.display=\"none\";for(i=0;i<a.length;i++)s=a[i],e.source===s.contentWindow&&(s.removeAttribute(\"style\"),\"height\"===t.message?(1e3<(r=parseInt(t.value,10))?r=1e3:~~r<200&&(r=200),s.height=r):\"link\"===t.message&&(r=new URL(s.getAttribute(\"src\")),n=new URL(t.value),c.test(n.protocol))&&n.host===r.host&&l.activeElement===s&&(d.top.location.href=t.value))}},d.addEventListener(\"message\",d.wp.receiveEmbedMessage,!1),l.addEventListener(\"DOMContentLoaded\",function(){for(var e,t,s=l.querySelectorAll(\"iframe.wp-embedded-content\"),r=0;r<s.length;r++)(t=(e=s[r]).getAttribute(\"data-secret\"))||(t=Math.random().toString(36).substring(2,12),e.src+=\"#?secret=\"+t,e.setAttribute(\"data-secret\",t)),e.contentWindow.postMessage({message:\"ready\",secret:t},\"*\")},!1)))}(window,document);\n\/* ]]> *\/\n<\/script>\n","description":"Die USA haben vor elf Jahren dem Terror den Krieg erkl\u00e4rt. Es waren bittere elf Jahre f\u00fcr Pakistan. 35.000 Pakistaner sind seitdem ums Leben gekommen, bei Anschl\u00e4gen,\u00a0K\u00e4mpfen, Attentaten und Drohnenangriffen. Die Menschen in diesem Land sterben immer noch in gro\u00dfer Zahl durch terroristische Gewalt und Gegengewalt. Der Preis, den Pakistan f\u00fcr sein B\u00fcndnis mit den [&hellip;]"}

Die USA haben vor elf Jahren dem Terror den Krieg erklärt. Es waren bittere elf Jahre für Pakistan. 35.000 Pakistaner sind seitdem ums Leben gekommen, bei Anschlägen, Kämpfen, Attentaten und Drohnenangriffen. Die Menschen in diesem Land sterben immer noch in großer Zahl durch terroristische Gewalt und Gegengewalt. Der Preis, den Pakistan für sein Bündnis mit den [&hellip;]
