{"version":"1.0","provider_name":"Unterwegs in Europa","provider_url":"https:\/\/blog.zeit.de\/ladurnerulrich","author_name":"Ulrich Ladurner","author_url":"https:\/\/blog.zeit.de\/ladurnerulrich\/author\/ulli-ladurner\/","title":"Frankreichs Macht in Afrika - Unterwegs in Europa","type":"rich","width":600,"height":338,"html":"<blockquote class=\"wp-embedded-content\" data-secret=\"sBnbVgtbDu\"><a href=\"https:\/\/blog.zeit.de\/ladurnerulrich\/2014\/11\/10\/frankreichs-macht-afrika\/\">Frankreichs Macht in Afrika<\/a><\/blockquote><iframe sandbox=\"allow-scripts\" security=\"restricted\" src=\"https:\/\/blog.zeit.de\/ladurnerulrich\/2014\/11\/10\/frankreichs-macht-afrika\/embed\/#?secret=sBnbVgtbDu\" width=\"600\" height=\"338\" title=\"&#8222;Frankreichs Macht in Afrika&#8220; &#8212; Unterwegs in Europa\" data-secret=\"sBnbVgtbDu\" frameborder=\"0\" marginwidth=\"0\" marginheight=\"0\" scrolling=\"no\" class=\"wp-embedded-content\"><\/iframe><script type=\"text\/javascript\">\n\/* <![CDATA[ *\/\n\/*! This file is auto-generated *\/\n!function(d,l){\"use strict\";l.querySelector&&d.addEventListener&&\"undefined\"!=typeof URL&&(d.wp=d.wp||{},d.wp.receiveEmbedMessage||(d.wp.receiveEmbedMessage=function(e){var t=e.data;if((t||t.secret||t.message||t.value)&&!\/[^a-zA-Z0-9]\/.test(t.secret)){for(var s,r,n,a=l.querySelectorAll('iframe[data-secret=\"'+t.secret+'\"]'),o=l.querySelectorAll('blockquote[data-secret=\"'+t.secret+'\"]'),c=new RegExp(\"^https?:$\",\"i\"),i=0;i<o.length;i++)o[i].style.display=\"none\";for(i=0;i<a.length;i++)s=a[i],e.source===s.contentWindow&&(s.removeAttribute(\"style\"),\"height\"===t.message?(1e3<(r=parseInt(t.value,10))?r=1e3:~~r<200&&(r=200),s.height=r):\"link\"===t.message&&(r=new URL(s.getAttribute(\"src\")),n=new URL(t.value),c.test(n.protocol))&&n.host===r.host&&l.activeElement===s&&(d.top.location.href=t.value))}},d.addEventListener(\"message\",d.wp.receiveEmbedMessage,!1),l.addEventListener(\"DOMContentLoaded\",function(){for(var e,t,s=l.querySelectorAll(\"iframe.wp-embedded-content\"),r=0;r<s.length;r++)(t=(e=s[r]).getAttribute(\"data-secret\"))||(t=Math.random().toString(36).substring(2,12),e.src+=\"#?secret=\"+t,e.setAttribute(\"data-secret\",t)),e.contentWindow.postMessage({message:\"ready\",secret:t},\"*\")},!1)))}(window,document);\n\/* ]]> *\/\n<\/script>\n","description":"Blaise Compaor\u00e9 kam in Burkina Faso vor 27 Jahren mit der Hilfe Frankreichs durch einen Putsch an die Macht. Vergangene Woche st\u00fcrzte das Volk Compaor\u00e9. Er konnte sich gerade noch rechtzeitig ins benachbarte Ausland absetzen. Franz\u00f6sische Soldaten erm\u00f6glichten ihm die Flucht. Frankreich hat in Westafrika h\u00e4ufig\u00a0die Finger im Spiel, in Burkina Faso wie in allen [&hellip;]"}

Blaise Compaoré kam in Burkina Faso vor 27 Jahren mit der Hilfe Frankreichs durch einen Putsch an die Macht. Vergangene Woche stürzte das Volk Compaoré. Er konnte sich gerade noch rechtzeitig ins benachbarte Ausland absetzen. Französische Soldaten ermöglichten ihm die Flucht. Frankreich hat in Westafrika häufig die Finger im Spiel, in Burkina Faso wie in allen [&hellip;]
