{"version":"1.0","provider_name":"Unterwegs in Europa","provider_url":"https:\/\/blog.zeit.de\/ladurnerulrich","author_name":"Ulrich Ladurner","author_url":"https:\/\/blog.zeit.de\/ladurnerulrich\/author\/ulli-ladurner\/","title":"Besuch im sozialen Brennpunkt in Schilderswijk - Unterwegs in Europa","type":"rich","width":600,"height":338,"html":"<blockquote class=\"wp-embedded-content\" data-secret=\"gg4XSFiiUu\"><a href=\"https:\/\/blog.zeit.de\/ladurnerulrich\/2017\/03\/06\/besuch-im-sozialen-brennpunkt-in-schilderswijk\/\">Besuch im sozialen Brennpunkt in Schilderswijk<\/a><\/blockquote><iframe sandbox=\"allow-scripts\" security=\"restricted\" src=\"https:\/\/blog.zeit.de\/ladurnerulrich\/2017\/03\/06\/besuch-im-sozialen-brennpunkt-in-schilderswijk\/embed\/#?secret=gg4XSFiiUu\" width=\"600\" height=\"338\" title=\"&#8222;Besuch im sozialen Brennpunkt in Schilderswijk&#8220; &#8212; Unterwegs in Europa\" data-secret=\"gg4XSFiiUu\" frameborder=\"0\" marginwidth=\"0\" marginheight=\"0\" scrolling=\"no\" class=\"wp-embedded-content\"><\/iframe><script type=\"text\/javascript\">\n\/* <![CDATA[ *\/\n\/*! This file is auto-generated *\/\n!function(d,l){\"use strict\";l.querySelector&&d.addEventListener&&\"undefined\"!=typeof URL&&(d.wp=d.wp||{},d.wp.receiveEmbedMessage||(d.wp.receiveEmbedMessage=function(e){var t=e.data;if((t||t.secret||t.message||t.value)&&!\/[^a-zA-Z0-9]\/.test(t.secret)){for(var s,r,n,a=l.querySelectorAll('iframe[data-secret=\"'+t.secret+'\"]'),o=l.querySelectorAll('blockquote[data-secret=\"'+t.secret+'\"]'),c=new RegExp(\"^https?:$\",\"i\"),i=0;i<o.length;i++)o[i].style.display=\"none\";for(i=0;i<a.length;i++)s=a[i],e.source===s.contentWindow&&(s.removeAttribute(\"style\"),\"height\"===t.message?(1e3<(r=parseInt(t.value,10))?r=1e3:~~r<200&&(r=200),s.height=r):\"link\"===t.message&&(r=new URL(s.getAttribute(\"src\")),n=new URL(t.value),c.test(n.protocol))&&n.host===r.host&&l.activeElement===s&&(d.top.location.href=t.value))}},d.addEventListener(\"message\",d.wp.receiveEmbedMessage,!1),l.addEventListener(\"DOMContentLoaded\",function(){for(var e,t,s=l.querySelectorAll(\"iframe.wp-embedded-content\"),r=0;r<s.length;r++)(t=(e=s[r]).getAttribute(\"data-secret\"))||(t=Math.random().toString(36).substring(2,12),e.src+=\"#?secret=\"+t,e.setAttribute(\"data-secret\",t)),e.contentWindow.postMessage({message:\"ready\",secret:t},\"*\")},!1)))}(window,document);\n\/* ]]> *\/\n<\/script>\n","description":"Warum es in den Niederlanden schwer ist, eine ruhige, gelassene Debatte \u00fcber Migration zu f\u00fchren, l\u00e4sst sich am Beispiel von Schilderswijk zeigen, einem Stadtteil von Den Haag. Knapp 30.000 Menschen leben hier auf rund 150 Hektar Fl\u00e4che. Mehr als 85 Prozent der Bewohner des Viertels sind Zuwanderer \u2013 eine gro\u00dfe Mehrheit sind Muslime. Schilderswijk liegt [&hellip;]","thumbnail_url":"https:\/\/blog.zeit.de\/ladurnerulrich\/files\/2017\/03\/DSCF0233-620x413.jpg"}

Warum es in den Niederlanden schwer ist, eine ruhige, gelassene Debatte über Migration zu führen, lässt sich am Beispiel von Schilderswijk zeigen, einem Stadtteil von Den Haag. Knapp 30.000 Menschen leben hier auf rund 150 Hektar Fläche. Mehr als 85 Prozent der Bewohner des Viertels sind Zuwanderer – eine große Mehrheit sind Muslime. Schilderswijk liegt [&hellip;]
