{"version":"1.0","provider_name":"Unterwegs in Europa","provider_url":"https:\/\/blog.zeit.de\/ladurnerulrich","author_name":"Ulrich Ladurner","author_url":"https:\/\/blog.zeit.de\/ladurnerulrich\/author\/ulli-ladurner\/","title":"Die letzten Fenster werden geschlossen - Unterwegs in Europa","type":"rich","width":600,"height":338,"html":"<blockquote class=\"wp-embedded-content\" data-secret=\"kZFGl9hJrR\"><a href=\"https:\/\/blog.zeit.de\/ladurnerulrich\/2017\/04\/13\/ungarn-budapest-universitaet-orban\/\">Die letzten Fenster werden geschlossen<\/a><\/blockquote><iframe sandbox=\"allow-scripts\" security=\"restricted\" src=\"https:\/\/blog.zeit.de\/ladurnerulrich\/2017\/04\/13\/ungarn-budapest-universitaet-orban\/embed\/#?secret=kZFGl9hJrR\" width=\"600\" height=\"338\" title=\"&#8222;Die letzten Fenster werden geschlossen&#8220; &#8212; Unterwegs in Europa\" data-secret=\"kZFGl9hJrR\" frameborder=\"0\" marginwidth=\"0\" marginheight=\"0\" scrolling=\"no\" class=\"wp-embedded-content\"><\/iframe><script type=\"text\/javascript\">\n\/* <![CDATA[ *\/\n\/*! This file is auto-generated *\/\n!function(d,l){\"use strict\";l.querySelector&&d.addEventListener&&\"undefined\"!=typeof URL&&(d.wp=d.wp||{},d.wp.receiveEmbedMessage||(d.wp.receiveEmbedMessage=function(e){var t=e.data;if((t||t.secret||t.message||t.value)&&!\/[^a-zA-Z0-9]\/.test(t.secret)){for(var s,r,n,a=l.querySelectorAll('iframe[data-secret=\"'+t.secret+'\"]'),o=l.querySelectorAll('blockquote[data-secret=\"'+t.secret+'\"]'),c=new RegExp(\"^https?:$\",\"i\"),i=0;i<o.length;i++)o[i].style.display=\"none\";for(i=0;i<a.length;i++)s=a[i],e.source===s.contentWindow&&(s.removeAttribute(\"style\"),\"height\"===t.message?(1e3<(r=parseInt(t.value,10))?r=1e3:~~r<200&&(r=200),s.height=r):\"link\"===t.message&&(r=new URL(s.getAttribute(\"src\")),n=new URL(t.value),c.test(n.protocol))&&n.host===r.host&&l.activeElement===s&&(d.top.location.href=t.value))}},d.addEventListener(\"message\",d.wp.receiveEmbedMessage,!1),l.addEventListener(\"DOMContentLoaded\",function(){for(var e,t,s=l.querySelectorAll(\"iframe.wp-embedded-content\"),r=0;r<s.length;r++)(t=(e=s[r]).getAttribute(\"data-secret\"))||(t=Math.random().toString(36).substring(2,12),e.src+=\"#?secret=\"+t,e.setAttribute(\"data-secret\",t)),e.contentWindow.postMessage({message:\"ready\",secret:t},\"*\")},!1)))}(window,document);\n\/* ]]> *\/\n<\/script>\n","thumbnail_url":"https:\/\/blog.zeit.de\/ladurnerulrich\/files\/2017\/04\/araw.jpg","thumbnail_width":3456,"thumbnail_height":2370,"description":"Auch die akademische Freiheit ist vor ihm nicht sicher: Viktor Orb\u00e1n macht Ungarn immer mehr zu einem autorit\u00e4ren Regime, und niemand tut etwas dagegen. Es ist ein Uhr mittags. Nicht mehr als zehn Demonstranten sind vor die Haftanstalt\u00a0in der Budapester\u00a0Gyorskocsi-Stra\u00dfe gekommen. Angef\u00fchrt werden sie vom ungarischen Oppositionspolitiker Peter Juh\u00e0zs. Die Demonstranten werfen\u00a0Eier auf das Tor, [&hellip;]"}

Auch die akademische Freiheit ist vor ihm nicht sicher: Viktor Orbán macht Ungarn immer mehr zu einem autoritären Regime, und niemand tut etwas dagegen. Es ist ein Uhr mittags. Nicht mehr als zehn Demonstranten sind vor die Haftanstalt in der Budapester Gyorskocsi-Straße gekommen. Angeführt werden sie vom ungarischen Oppositionspolitiker Peter Juhàzs. Die Demonstranten werfen Eier auf das Tor, [&hellip;]
