{"id":557,"date":"2010-01-18T16:56:49","date_gmt":"2010-01-18T15:56:49","guid":{"rendered":"http:\/\/blog.zeit.de\/ladurnerulrich\/?page_id=557"},"modified":"2016-09-14T12:27:36","modified_gmt":"2016-09-14T10:27:36","slug":"der-autor","status":"publish","type":"page","link":"https:\/\/blog.zeit.de\/ladurnerulrich\/der-autor\/","title":{"rendered":"Der Autor"},"content":{"rendered":"<p>&nbsp;<\/p>\n<p><figure id=\"attachment_908\" aria-describedby=\"caption-attachment-908\" style=\"width: 180px\" class=\"wp-caption alignleft\"><a href=\"https:\/\/blog.zeit.de\/ladurnerulrich\/files\/2010\/01\/ulrich-ladurner-2-180x240.jpg\"><img loading=\"lazy\" decoding=\"async\" class=\"size-full wp-image-908\" src=\"https:\/\/blog.zeit.de\/ladurnerulrich\/files\/2010\/01\/ulrich-ladurner-2-180x240.jpg\" alt=\"\u00a9 Roger Eberhard \" width=\"180\" height=\"240\" \/><\/a><figcaption id=\"caption-attachment-908\" class=\"wp-caption-text\">\u00a9 Nicole Sturz<\/figcaption><\/figure><\/p>\n<p><strong>Ulrich Ladurner<\/strong> ist seit 2016 Europakorrespondent der Hamburger Wochenzeitung DIE ZEIT, wo er seit 1999 als Auslandsredakteur gearbeitet hat. Er bereiste im Auftrag seiner Zeitung vor allem Pakistan, Afghanistan, Iran und Irak. Viele Jahre war er Korrespondent f\u00fcr Italien und S\u00fcdosteuropa. Er ist Autor mehrerer B\u00fccher. <em>Bauern am Berg<\/em> (1996), <em>Islamabadblues<\/em> (2001), <em>Tausendundein Krieg<\/em> (2004), <em>Die Asadis<\/em> (2006), <em>S\u00fcdtirol liegt am Meer<\/em> (2006), <em>Die iranische Bombe<\/em> (mit Gero von Randow, 2006), <em>Bitte informieren Sie Allah!<\/em> (2007) und <em>Solferino<\/em> (2009).<\/p>\n","protected":false},"excerpt":{"rendered":"<p>&nbsp; Ulrich Ladurner ist seit 2016 Europakorrespondent der Hamburger Wochenzeitung DIE ZEIT, wo er seit 1999 als Auslandsredakteur gearbeitet hat. Er bereiste im Auftrag seiner Zeitung vor allem Pakistan, Afghanistan, Iran und Irak. Viele Jahre war er Korrespondent f\u00fcr Italien und S\u00fcdosteuropa. Er ist Autor mehrerer B\u00fccher. Bauern am Berg (1996), Islamabadblues (2001), Tausendundein Krieg [&hellip;]<\/p>\n","protected":false},"author":87,"featured_media":0,"parent":0,"menu_order":0,"comment_status":"open","ping_status":"open","template":"","meta":{"footnotes":""},"class_list":["post-557","page","type-page","status-publish","hentry"],"yoast_head":"<!-- This site is optimized with the Yoast SEO plugin v21.0 - https:\/\/yoast.com\/wordpress\/plugins\/seo\/ -->\n<title>Der Autor - Unterwegs in Europa<\/title>\n<meta name=\"robots\" content=\"index, follow, max-snippet:-1, max-image-preview:large, max-video-preview:-1\" \/>\n<link rel=\"canonical\" href=\"https:\/\/blog.zeit.de\/ladurnerulrich\/der-autor\/\" \/>\n<meta property=\"og:locale\" content=\"de_DE\" \/>\n<meta property=\"og:type\" content=\"article\" \/>\n<meta property=\"og:title\" content=\"Der Autor - Unterwegs in Europa\" \/>\n<meta property=\"og:description\" content=\"&nbsp; Ulrich Ladurner ist seit 2016 Europakorrespondent der Hamburger Wochenzeitung DIE ZEIT, wo er seit 1999 als Auslandsredakteur gearbeitet hat. Er bereiste im Auftrag seiner Zeitung vor allem Pakistan, Afghanistan, Iran und Irak. Viele Jahre war er Korrespondent f\u00fcr Italien und S\u00fcdosteuropa. Er ist Autor mehrerer B\u00fccher. Bauern am Berg (1996), Islamabadblues (2001), Tausendundein Krieg [&hellip;]\" \/>\n<meta property=\"og:url\" content=\"https:\/\/blog.zeit.de\/ladurnerulrich\/der-autor\/\" \/>\n<meta property=\"og:site_name\" content=\"Unterwegs in Europa\" \/>\n<meta property=\"article:modified_time\" content=\"2016-09-14T10:27:36+00:00\" \/>\n<meta property=\"og:image\" content=\"https:\/\/blog.zeit.de\/ladurnerulrich\/files\/2010\/01\/ulrich-ladurner-2-180x240.jpg\" \/>\n<script type=\"application\/ld+json\" class=\"yoast-schema-graph\">{\"@context\":\"https:\/\/schema.org\",\"@graph\":[{\"@type\":\"WebPage\",\"@id\":\"https:\/\/blog.zeit.de\/ladurnerulrich\/der-autor\/\",\"url\":\"https:\/\/blog.zeit.de\/ladurnerulrich\/der-autor\/\",\"name\":\"Der Autor - Unterwegs in Europa\",\"isPartOf\":{\"@id\":\"https:\/\/blog.zeit.de\/ladurnerulrich\/#website\"},\"datePublished\":\"2010-01-18T15:56:49+00:00\",\"dateModified\":\"2016-09-14T10:27:36+00:00\",\"breadcrumb\":{\"@id\":\"https:\/\/blog.zeit.de\/ladurnerulrich\/der-autor\/#breadcrumb\"},\"inLanguage\":\"de\",\"potentialAction\":[{\"@type\":\"ReadAction\",\"target\":[\"https:\/\/blog.zeit.de\/ladurnerulrich\/der-autor\/\"]}]},{\"@type\":\"BreadcrumbList\",\"@id\":\"https:\/\/blog.zeit.de\/ladurnerulrich\/der-autor\/#breadcrumb\",\"itemListElement\":[{\"@type\":\"ListItem\",\"position\":1,\"name\":\"Startseite\",\"item\":\"https:\/\/blog.zeit.de\/ladurnerulrich\/\"},{\"@type\":\"ListItem\",\"position\":2,\"name\":\"Der Autor\"}]},{\"@type\":\"WebSite\",\"@id\":\"https:\/\/blog.zeit.de\/ladurnerulrich\/#website\",\"url\":\"https:\/\/blog.zeit.de\/ladurnerulrich\/\",\"name\":\"Unterwegs in Europa\",\"description\":\"Ladurners Blog f\u00fcr Einblicke in un\u00fcbersichtliche Landschaften\",\"potentialAction\":[{\"@type\":\"SearchAction\",\"target\":{\"@type\":\"EntryPoint\",\"urlTemplate\":\"https:\/\/blog.zeit.de\/ladurnerulrich\/?s={search_term_string}\"},\"query-input\":\"required name=search_term_string\"}],\"inLanguage\":\"de\"}]}<\/script>\n<!-- \/ Yoast SEO plugin. -->","yoast_head_json":{"title":"Der Autor - Unterwegs in Europa","robots":{"index":"index","follow":"follow","max-snippet":"max-snippet:-1","max-image-preview":"max-image-preview:large","max-video-preview":"max-video-preview:-1"},"canonical":"https:\/\/blog.zeit.de\/ladurnerulrich\/der-autor\/","og_locale":"de_DE","og_type":"article","og_title":"Der Autor - Unterwegs in Europa","og_description":"&nbsp; Ulrich Ladurner ist seit 2016 Europakorrespondent der Hamburger Wochenzeitung DIE ZEIT, wo er seit 1999 als Auslandsredakteur gearbeitet hat. Er bereiste im Auftrag seiner Zeitung vor allem Pakistan, Afghanistan, Iran und Irak. Viele Jahre war er Korrespondent f\u00fcr Italien und S\u00fcdosteuropa. Er ist Autor mehrerer B\u00fccher. Bauern am Berg (1996), Islamabadblues (2001), Tausendundein Krieg [&hellip;]","og_url":"https:\/\/blog.zeit.de\/ladurnerulrich\/der-autor\/","og_site_name":"Unterwegs in Europa","article_modified_time":"2016-09-14T10:27:36+00:00","og_image":[{"url":"https:\/\/blog.zeit.de\/ladurnerulrich\/files\/2010\/01\/ulrich-ladurner-2-180x240.jpg"}],"schema":{"@context":"https:\/\/schema.org","@graph":[{"@type":"WebPage","@id":"https:\/\/blog.zeit.de\/ladurnerulrich\/der-autor\/","url":"https:\/\/blog.zeit.de\/ladurnerulrich\/der-autor\/","name":"Der Autor - Unterwegs in Europa","isPartOf":{"@id":"https:\/\/blog.zeit.de\/ladurnerulrich\/#website"},"datePublished":"2010-01-18T15:56:49+00:00","dateModified":"2016-09-14T10:27:36+00:00","breadcrumb":{"@id":"https:\/\/blog.zeit.de\/ladurnerulrich\/der-autor\/#breadcrumb"},"inLanguage":"de","potentialAction":[{"@type":"ReadAction","target":["https:\/\/blog.zeit.de\/ladurnerulrich\/der-autor\/"]}]},{"@type":"BreadcrumbList","@id":"https:\/\/blog.zeit.de\/ladurnerulrich\/der-autor\/#breadcrumb","itemListElement":[{"@type":"ListItem","position":1,"name":"Startseite","item":"https:\/\/blog.zeit.de\/ladurnerulrich\/"},{"@type":"ListItem","position":2,"name":"Der Autor"}]},{"@type":"WebSite","@id":"https:\/\/blog.zeit.de\/ladurnerulrich\/#website","url":"https:\/\/blog.zeit.de\/ladurnerulrich\/","name":"Unterwegs in Europa","description":"Ladurners Blog f\u00fcr Einblicke in un\u00fcbersichtliche Landschaften","potentialAction":[{"@type":"SearchAction","target":{"@type":"EntryPoint","urlTemplate":"https:\/\/blog.zeit.de\/ladurnerulrich\/?s={search_term_string}"},"query-input":"required name=search_term_string"}],"inLanguage":"de"}]}},"jetpack_sharing_enabled":true,"_links":{"self":[{"href":"https:\/\/blog.zeit.de\/ladurnerulrich\/wp-json\/wp\/v2\/pages\/557","targetHints":{"allow":["GET"]}}],"collection":[{"href":"https:\/\/blog.zeit.de\/ladurnerulrich\/wp-json\/wp\/v2\/pages"}],"about":[{"href":"https:\/\/blog.zeit.de\/ladurnerulrich\/wp-json\/wp\/v2\/types\/page"}],"author":[{"embeddable":true,"href":"https:\/\/blog.zeit.de\/ladurnerulrich\/wp-json\/wp\/v2\/users\/87"}],"replies":[{"embeddable":true,"href":"https:\/\/blog.zeit.de\/ladurnerulrich\/wp-json\/wp\/v2\/comments?post=557"}],"version-history":[{"count":8,"href":"https:\/\/blog.zeit.de\/ladurnerulrich\/wp-json\/wp\/v2\/pages\/557\/revisions"}],"predecessor-version":[{"id":3266,"href":"https:\/\/blog.zeit.de\/ladurnerulrich\/wp-json\/wp\/v2\/pages\/557\/revisions\/3266"}],"wp:attachment":[{"href":"https:\/\/blog.zeit.de\/ladurnerulrich\/wp-json\/wp\/v2\/media?parent=557"}],"curies":[{"name":"wp","href":"https:\/\/api.w.org\/{rel}","templated":true}]}}

<p>&nbsp;</p>
<p><figure id="attachment_908" aria-describedby="caption-attachment-908" style="width: 180px" class="wp-caption alignleft"><a href="https://blog.zeit.de/ladurnerulrich/files/2010/01/ulrich-ladurner-2-180x240.jpg"><img loading="lazy" decoding="async" class="size-full wp-image-908" src="https://blog.zeit.de/ladurnerulrich/files/2010/01/ulrich-ladurner-2-180x240.jpg" alt="© Roger Eberhard " width="180" height="240" /></a><figcaption id="caption-attachment-908" class="wp-caption-text">© Nicole Sturz</figcaption></figure></p>
<p><strong>Ulrich Ladurner</strong> ist seit 2016 Europakorrespondent der Hamburger Wochenzeitung DIE ZEIT, wo er seit 1999 als Auslandsredakteur gearbeitet hat. Er bereiste im Auftrag seiner Zeitung vor allem Pakistan, Afghanistan, Iran und Irak. Viele Jahre war er Korrespondent für Italien und Südosteuropa. Er ist Autor mehrerer Bücher. <em>Bauern am Berg</em> (1996), <em>Islamabadblues</em> (2001), <em>Tausendundein Krieg</em> (2004), <em>Die Asadis</em> (2006), <em>Südtirol liegt am Meer</em> (2006), <em>Die iranische Bombe</em> (mit Gero von Randow, 2006), <em>Bitte informieren Sie Allah!</em> (2007) und <em>Solferino</em> (2009).</p>

<p>&nbsp; Ulrich Ladurner ist seit 2016 Europakorrespondent der Hamburger Wochenzeitung DIE ZEIT, wo er seit 1999 als Auslandsredakteur gearbeitet hat. Er bereiste im Auftrag seiner Zeitung vor allem Pakistan, Afghanistan, Iran und Irak. Viele Jahre war er Korrespondent für Italien und Südosteuropa. Er ist Autor mehrerer Bücher. Bauern am Berg (1996), Islamabadblues (2001), Tausendundein Krieg [&hellip;]</p>

<!-- This site is optimized with the Yoast SEO plugin v21.0 - https://yoast.com/wordpress/plugins/seo/ -->
<title>Der Autor - Unterwegs in Europa</title>
<meta name="robots" content="index, follow, max-snippet:-1, max-image-preview:large, max-video-preview:-1" />
<link rel="canonical" href="https://blog.zeit.de/ladurnerulrich/der-autor/" />
<meta property="og:locale" content="de_DE" />
<meta property="og:type" content="article" />
<meta property="og:title" content="Der Autor - Unterwegs in Europa" />
<meta property="og:description" content="&nbsp; Ulrich Ladurner ist seit 2016 Europakorrespondent der Hamburger Wochenzeitung DIE ZEIT, wo er seit 1999 als Auslandsredakteur gearbeitet hat. Er bereiste im Auftrag seiner Zeitung vor allem Pakistan, Afghanistan, Iran und Irak. Viele Jahre war er Korrespondent für Italien und Südosteuropa. Er ist Autor mehrerer Bücher. Bauern am Berg (1996), Islamabadblues (2001), Tausendundein Krieg [&hellip;]" />
<meta property="og:url" content="https://blog.zeit.de/ladurnerulrich/der-autor/" />
<meta property="og:site_name" content="Unterwegs in Europa" />
<meta property="article:modified_time" content="2016-09-14T10:27:36+00:00" />
<meta property="og:image" content="https://blog.zeit.de/ladurnerulrich/files/2010/01/ulrich-ladurner-2-180x240.jpg" />
<script type="application/ld+json" class="yoast-schema-graph">{"@context":"https://schema.org","@graph":[{"@type":"WebPage","@id":"https://blog.zeit.de/ladurnerulrich/der-autor/","url":"https://blog.zeit.de/ladurnerulrich/der-autor/","name":"Der Autor - Unterwegs in Europa","isPartOf":{"@id":"https://blog.zeit.de/ladurnerulrich/#website"},"datePublished":"2010-01-18T15:56:49+00:00","dateModified":"2016-09-14T10:27:36+00:00","breadcrumb":{"@id":"https://blog.zeit.de/ladurnerulrich/der-autor/#breadcrumb"},"inLanguage":"de","potentialAction":[{"@type":"ReadAction","target":["https://blog.zeit.de/ladurnerulrich/der-autor/"]}]},{"@type":"BreadcrumbList","@id":"https://blog.zeit.de/ladurnerulrich/der-autor/#breadcrumb","itemListElement":[{"@type":"ListItem","position":1,"name":"Startseite","item":"https://blog.zeit.de/ladurnerulrich/"},{"@type":"ListItem","position":2,"name":"Der Autor"}]},{"@type":"WebSite","@id":"https://blog.zeit.de/ladurnerulrich/#website","url":"https://blog.zeit.de/ladurnerulrich/","name":"Unterwegs in Europa","description":"Ladurners Blog für Einblicke in unübersichtliche Landschaften","potentialAction":[{"@type":"SearchAction","target":{"@type":"EntryPoint","urlTemplate":"https://blog.zeit.de/ladurnerulrich/?s={search_term_string}"},"query-input":"required name=search_term_string"}],"inLanguage":"de"}]}</script>
<!-- / Yoast SEO plugin. -->

&nbsp; Ulrich Ladurner ist seit 2016 Europakorrespondent der Hamburger Wochenzeitung DIE ZEIT, wo er seit 1999 als Auslandsredakteur gearbeitet hat. Er bereiste im Auftrag seiner Zeitung vor allem Pakistan, Afghanistan, Iran und Irak. Viele Jahre war er Korrespondent für Italien und Südosteuropa. Er ist Autor mehrerer Bücher. Bauern am Berg (1996), Islamabadblues (2001), Tausendundein Krieg [&hellip;]

Ladurners Blog für Einblicke in unübersichtliche Landschaften
