{"version":"1.0","provider_name":"Mauerfall \u2013 Die ersten 25 Jahre","provider_url":"https:\/\/blog.zeit.de\/mauerfall","author_name":"Christian Bangel","author_url":"https:\/\/blog.zeit.de\/mauerfall\/author\/cbangel\/","title":"Schnell, wir brauchen einen Ossi! - Mauerfall \u2013 Die ersten 25 Jahre","type":"rich","width":600,"height":338,"html":"<blockquote class=\"wp-embedded-content\" data-secret=\"hDG0l2Qasx\"><a href=\"https:\/\/blog.zeit.de\/mauerfall\/2014\/09\/10\/schnell-wir-brauchen-einen-ossi\/\">Schnell, wir brauchen einen Ossi!<\/a><\/blockquote><iframe sandbox=\"allow-scripts\" security=\"restricted\" src=\"https:\/\/blog.zeit.de\/mauerfall\/2014\/09\/10\/schnell-wir-brauchen-einen-ossi\/embed\/#?secret=hDG0l2Qasx\" width=\"600\" height=\"338\" title=\"&#8222;Schnell, wir brauchen einen Ossi!&#8220; &#8212; Mauerfall \u2013 Die ersten 25 Jahre\" data-secret=\"hDG0l2Qasx\" frameborder=\"0\" marginwidth=\"0\" marginheight=\"0\" scrolling=\"no\" class=\"wp-embedded-content\"><\/iframe><script type=\"text\/javascript\">\n\/* <![CDATA[ *\/\n\/*! This file is auto-generated *\/\n!function(d,l){\"use strict\";l.querySelector&&d.addEventListener&&\"undefined\"!=typeof URL&&(d.wp=d.wp||{},d.wp.receiveEmbedMessage||(d.wp.receiveEmbedMessage=function(e){var t=e.data;if((t||t.secret||t.message||t.value)&&!\/[^a-zA-Z0-9]\/.test(t.secret)){for(var s,r,n,a=l.querySelectorAll('iframe[data-secret=\"'+t.secret+'\"]'),o=l.querySelectorAll('blockquote[data-secret=\"'+t.secret+'\"]'),c=new RegExp(\"^https?:$\",\"i\"),i=0;i<o.length;i++)o[i].style.display=\"none\";for(i=0;i<a.length;i++)s=a[i],e.source===s.contentWindow&&(s.removeAttribute(\"style\"),\"height\"===t.message?(1e3<(r=parseInt(t.value,10))?r=1e3:~~r<200&&(r=200),s.height=r):\"link\"===t.message&&(r=new URL(s.getAttribute(\"src\")),n=new URL(t.value),c.test(n.protocol))&&n.host===r.host&&l.activeElement===s&&(d.top.location.href=t.value))}},d.addEventListener(\"message\",d.wp.receiveEmbedMessage,!1),l.addEventListener(\"DOMContentLoaded\",function(){for(var e,t,s=l.querySelectorAll(\"iframe.wp-embedded-content\"),r=0;r<s.length;r++)(t=(e=s[r]).getAttribute(\"data-secret\"))||(t=Math.random().toString(36).substring(2,12),e.src+=\"#?secret=\"+t,e.setAttribute(\"data-secret\",t)),e.contentWindow.postMessage({message:\"ready\",secret:t},\"*\")},!1)))}(window,document);\n\/* ]]> *\/\n<\/script>\n","description":"Der 25. Mauerfall-Jahrestag kommt n\u00e4her und damit eine gewaltige mediale Schmalzwelle. Ja, auch wir geh\u00f6ren dazu. Ich glaube aber, wir sind anders als der Sender, dessen Redakteurin heute bei einem Bekannten anrief und fragte, ob er Ossis vermitteln k\u00f6nne, die im Fernsehen reden \u00fcber sich w\u00fcrden. Es sei ganz egal, was."}

Der 25. Mauerfall-Jahrestag kommt näher und damit eine gewaltige mediale Schmalzwelle. Ja, auch wir gehören dazu. Ich glaube aber, wir sind anders als der Sender, dessen Redakteurin heute bei einem Bekannten anrief und fragte, ob er Ossis vermitteln könne, die im Fernsehen reden über sich würden. Es sei ganz egal, was.
