{"version":"1.0","provider_name":"Nachgesalzen","provider_url":"https:\/\/blog.zeit.de\/nachgesalzen","author_name":"Karl-Josef Fuchs","author_url":"https:\/\/blog.zeit.de\/nachgesalzen\/author\/karl-josef-fuchs","title":"Ganzj\u00e4hrig Spargel? - Nachgesalzen","type":"rich","width":600,"height":338,"html":"<blockquote class=\"wp-embedded-content\" data-secret=\"XJRbg5Gxuz\"><a href=\"https:\/\/blog.zeit.de\/nachgesalzen\/2006\/03\/27\/ganzjahrig-spargel_101\">Ganzj\u00e4hrig Spargel?<\/a><\/blockquote><iframe sandbox=\"allow-scripts\" security=\"restricted\" src=\"https:\/\/blog.zeit.de\/nachgesalzen\/2006\/03\/27\/ganzjahrig-spargel_101\/embed#?secret=XJRbg5Gxuz\" width=\"600\" height=\"338\" title=\"&#8222;Ganzj\u00e4hrig Spargel?&#8220; &#8212; Nachgesalzen\" data-secret=\"XJRbg5Gxuz\" frameborder=\"0\" marginwidth=\"0\" marginheight=\"0\" scrolling=\"no\" class=\"wp-embedded-content\"><\/iframe><script type=\"text\/javascript\">\n\/* <![CDATA[ *\/\n\/*! This file is auto-generated *\/\n!function(d,l){\"use strict\";l.querySelector&&d.addEventListener&&\"undefined\"!=typeof URL&&(d.wp=d.wp||{},d.wp.receiveEmbedMessage||(d.wp.receiveEmbedMessage=function(e){var t=e.data;if((t||t.secret||t.message||t.value)&&!\/[^a-zA-Z0-9]\/.test(t.secret)){for(var s,r,n,a=l.querySelectorAll('iframe[data-secret=\"'+t.secret+'\"]'),o=l.querySelectorAll('blockquote[data-secret=\"'+t.secret+'\"]'),c=new RegExp(\"^https?:$\",\"i\"),i=0;i<o.length;i++)o[i].style.display=\"none\";for(i=0;i<a.length;i++)s=a[i],e.source===s.contentWindow&&(s.removeAttribute(\"style\"),\"height\"===t.message?(1e3<(r=parseInt(t.value,10))?r=1e3:~~r<200&&(r=200),s.height=r):\"link\"===t.message&&(r=new URL(s.getAttribute(\"src\")),n=new URL(t.value),c.test(n.protocol))&&n.host===r.host&&l.activeElement===s&&(d.top.location.href=t.value))}},d.addEventListener(\"message\",d.wp.receiveEmbedMessage,!1),l.addEventListener(\"DOMContentLoaded\",function(){for(var e,t,s=l.querySelectorAll(\"iframe.wp-embedded-content\"),r=0;r<s.length;r++)(t=(e=s[r]).getAttribute(\"data-secret\"))||(t=Math.random().toString(36).substring(2,12),e.src+=\"#?secret=\"+t,e.setAttribute(\"data-secret\",t)),e.contentWindow.postMessage({message:\"ready\",secret:t},\"*\")},!1)))}(window,document);\n\/* ]]> *\/\n<\/script>\n","description":"Bin heute das erste Mal wieder auf meinem Drahtesel in Richtung Kaiserstuhl rund um den Tuniberg gefahren und habe dabei eine f\u00fcr mich h\u00f6chst nachdenkliche Entdeckung gemacht. Die Spargelbauern bereiten ihre Felder links und rechts der Stra\u00dfe f\u00fcr die kommende Spargelsaison vor, die bei uns am Oberrhein, je nach Witterung, etwa in 4-5 Wochen beginnt. [&hellip;]","thumbnail_url":"https:\/\/blog.zeit.de\/nachgesalzen\/files\/2007\/03\/spargel.jpg"}

Ganzjährig Spargel? - Nachgesalzen

<blockquote class="wp-embedded-content" data-secret="XJRbg5Gxuz"><a href="https://blog.zeit.de/nachgesalzen/2006/03/27/ganzjahrig-spargel_101">Ganzjährig Spargel?</a></blockquote><iframe sandbox="allow-scripts" security="restricted" src="https://blog.zeit.de/nachgesalzen/2006/03/27/ganzjahrig-spargel_101/embed#?secret=XJRbg5Gxuz" width="600" height="338" title="&#8222;Ganzjährig Spargel?&#8220; &#8212; Nachgesalzen" data-secret="XJRbg5Gxuz" frameborder="0" marginwidth="0" marginheight="0" scrolling="no" class="wp-embedded-content"></iframe><script type="text/javascript">
/* <![CDATA[ */
/*! This file is auto-generated */
!function(d,l){"use strict";l.querySelector&&d.addEventListener&&"undefined"!=typeof URL&&(d.wp=d.wp||{},d.wp.receiveEmbedMessage||(d.wp.receiveEmbedMessage=function(e){var t=e.data;if((t||t.secret||t.message||t.value)&&!/[^a-zA-Z0-9]/.test(t.secret)){for(var s,r,n,a=l.querySelectorAll('iframe[data-secret="'+t.secret+'"]'),o=l.querySelectorAll('blockquote[data-secret="'+t.secret+'"]'),c=new RegExp("^https?:$","i"),i=0;i<o.length;i++)o[i].style.display="none";for(i=0;i<a.length;i++)s=a[i],e.source===s.contentWindow&&(s.removeAttribute("style"),"height"===t.message?(1e3<(r=parseInt(t.value,10))?r=1e3:~~r<200&&(r=200),s.height=r):"link"===t.message&&(r=new URL(s.getAttribute("src")),n=new URL(t.value),c.test(n.protocol))&&n.host===r.host&&l.activeElement===s&&(d.top.location.href=t.value))}},d.addEventListener("message",d.wp.receiveEmbedMessage,!1),l.addEventListener("DOMContentLoaded",function(){for(var e,t,s=l.querySelectorAll("iframe.wp-embedded-content"),r=0;r<s.length;r++)(t=(e=s[r]).getAttribute("data-secret"))||(t=Math.random().toString(36).substring(2,12),e.src+="#?secret="+t,e.setAttribute("data-secret",t)),e.contentWindow.postMessage({message:"ready",secret:t},"*")},!1)))}(window,document);
/* ]]> */
</script>

Bin heute das erste Mal wieder auf meinem Drahtesel in Richtung Kaiserstuhl rund um den Tuniberg gefahren und habe dabei eine für mich höchst nachdenkliche Entdeckung gemacht. Die Spargelbauern bereiten ihre Felder links und rechts der Straße für die kommende Spargelsaison vor, die bei uns am Oberrhein, je nach Witterung, etwa in 4-5 Wochen beginnt. [&hellip;]
