{"version":"1.0","provider_name":"Nachgesalzen","provider_url":"https:\/\/blog.zeit.de\/nachgesalzen","author_name":"Karl-Josef Fuchs","author_url":"https:\/\/blog.zeit.de\/nachgesalzen\/author\/karl-josef-fuchs","title":"Schnecken - Nachgesalzen","type":"rich","width":600,"height":338,"html":"<blockquote class=\"wp-embedded-content\" data-secret=\"U99Nsw6GbB\"><a href=\"https:\/\/blog.zeit.de\/nachgesalzen\/2010\/08\/24\/schnecken_4122\">Schnecken<\/a><\/blockquote><iframe sandbox=\"allow-scripts\" security=\"restricted\" src=\"https:\/\/blog.zeit.de\/nachgesalzen\/2010\/08\/24\/schnecken_4122\/embed#?secret=U99Nsw6GbB\" width=\"600\" height=\"338\" title=\"&#8222;Schnecken&#8220; &#8212; Nachgesalzen\" data-secret=\"U99Nsw6GbB\" frameborder=\"0\" marginwidth=\"0\" marginheight=\"0\" scrolling=\"no\" class=\"wp-embedded-content\"><\/iframe><script type=\"text\/javascript\">\n\/* <![CDATA[ *\/\n\/*! This file is auto-generated *\/\n!function(d,l){\"use strict\";l.querySelector&&d.addEventListener&&\"undefined\"!=typeof URL&&(d.wp=d.wp||{},d.wp.receiveEmbedMessage||(d.wp.receiveEmbedMessage=function(e){var t=e.data;if((t||t.secret||t.message||t.value)&&!\/[^a-zA-Z0-9]\/.test(t.secret)){for(var s,r,n,a=l.querySelectorAll('iframe[data-secret=\"'+t.secret+'\"]'),o=l.querySelectorAll('blockquote[data-secret=\"'+t.secret+'\"]'),c=new RegExp(\"^https?:$\",\"i\"),i=0;i<o.length;i++)o[i].style.display=\"none\";for(i=0;i<a.length;i++)s=a[i],e.source===s.contentWindow&&(s.removeAttribute(\"style\"),\"height\"===t.message?(1e3<(r=parseInt(t.value,10))?r=1e3:~~r<200&&(r=200),s.height=r):\"link\"===t.message&&(r=new URL(s.getAttribute(\"src\")),n=new URL(t.value),c.test(n.protocol))&&n.host===r.host&&l.activeElement===s&&(d.top.location.href=t.value))}},d.addEventListener(\"message\",d.wp.receiveEmbedMessage,!1),l.addEventListener(\"DOMContentLoaded\",function(){for(var e,t,s=l.querySelectorAll(\"iframe.wp-embedded-content\"),r=0;r<s.length;r++)(t=(e=s[r]).getAttribute(\"data-secret\"))||(t=Math.random().toString(36).substring(2,12),e.src+=\"#?secret=\"+t,e.setAttribute(\"data-secret\",t)),e.contentWindow.postMessage({message:\"ready\",secret:t},\"*\")},!1)))}(window,document);\n\/* ]]> *\/\n<\/script>\n","description":"und Burgund geh\u00f6ren zusammen wie Wei\u00dfw\u00fcrste und M\u00fcnchen, und wir haben sie verspeist, ganz traditionell im H\u00e4usle mit Kr\u00e4uterbutter und Baguette, sonst nichts. Und sie schmecken sehr gut, so als Zwischengang. Voll Retro, w\u00fcrde meine Tochter anmerken, und da kamen die Lehrlingserinnerungen wieder zu Tage, im Adler in Oberbergen haben wir im Fr\u00fchling Schubkarrenweise die [&hellip;]","thumbnail_url":"https:\/\/blog.zeit.de\/nachgesalzen\/files\/2010\/08\/Foto-2-1-540x405.jpg"}

und Burgund gehören zusammen wie Weißwürste und München, und wir haben sie verspeist, ganz traditionell im Häusle mit Kräuterbutter und Baguette, sonst nichts. Und sie schmecken sehr gut, so als Zwischengang. Voll Retro, würde meine Tochter anmerken, und da kamen die Lehrlingserinnerungen wieder zu Tage, im Adler in Oberbergen haben wir im Frühling Schubkarrenweise die [&hellip;]
