{"version":"1.0","provider_name":"Nachgesalzen","provider_url":"https:\/\/blog.zeit.de\/nachgesalzen","author_name":"J\u00fcrgen Koch","author_url":"https:\/\/blog.zeit.de\/nachgesalzen\/author\/juergen-koch","title":"Hurra, unser Verjus hat 19 Grad Oechsle - Nachgesalzen","type":"rich","width":600,"height":338,"html":"<blockquote class=\"wp-embedded-content\" data-secret=\"ATNfw49Gx3\"><a href=\"https:\/\/blog.zeit.de\/nachgesalzen\/2012\/08\/07\/hurra-unser-verjus-hat-19-grad-oechsle_6573\">Hurra, unser Verjus hat 19 Grad Oechsle<\/a><\/blockquote><iframe sandbox=\"allow-scripts\" security=\"restricted\" src=\"https:\/\/blog.zeit.de\/nachgesalzen\/2012\/08\/07\/hurra-unser-verjus-hat-19-grad-oechsle_6573\/embed#?secret=ATNfw49Gx3\" width=\"600\" height=\"338\" title=\"&#8222;Hurra, unser Verjus hat 19 Grad Oechsle&#8220; &#8212; Nachgesalzen\" data-secret=\"ATNfw49Gx3\" frameborder=\"0\" marginwidth=\"0\" marginheight=\"0\" scrolling=\"no\" class=\"wp-embedded-content\"><\/iframe><script type=\"text\/javascript\">\n\/* <![CDATA[ *\/\n\/*! This file is auto-generated *\/\n!function(d,l){\"use strict\";l.querySelector&&d.addEventListener&&\"undefined\"!=typeof URL&&(d.wp=d.wp||{},d.wp.receiveEmbedMessage||(d.wp.receiveEmbedMessage=function(e){var t=e.data;if((t||t.secret||t.message||t.value)&&!\/[^a-zA-Z0-9]\/.test(t.secret)){for(var s,r,n,a=l.querySelectorAll('iframe[data-secret=\"'+t.secret+'\"]'),o=l.querySelectorAll('blockquote[data-secret=\"'+t.secret+'\"]'),c=new RegExp(\"^https?:$\",\"i\"),i=0;i<o.length;i++)o[i].style.display=\"none\";for(i=0;i<a.length;i++)s=a[i],e.source===s.contentWindow&&(s.removeAttribute(\"style\"),\"height\"===t.message?(1e3<(r=parseInt(t.value,10))?r=1e3:~~r<200&&(r=200),s.height=r):\"link\"===t.message&&(r=new URL(s.getAttribute(\"src\")),n=new URL(t.value),c.test(n.protocol))&&n.host===r.host&&l.activeElement===s&&(d.top.location.href=t.value))}},d.addEventListener(\"message\",d.wp.receiveEmbedMessage,!1),l.addEventListener(\"DOMContentLoaded\",function(){for(var e,t,s=l.querySelectorAll(\"iframe.wp-embedded-content\"),r=0;r<s.length;r++)(t=(e=s[r]).getAttribute(\"data-secret\"))||(t=Math.random().toString(36).substring(2,12),e.src+=\"#?secret=\"+t,e.setAttribute(\"data-secret\",t)),e.contentWindow.postMessage({message:\"ready\",secret:t},\"*\")},!1)))}(window,document);\n\/* ]]> *\/\n<\/script>\n","description":"\u00a0Die Verjusernte ist jedes Jahr aufs neueste spannend. Mal ist die gr\u00fcne Ernte knapp (2011 wegen Frost), mal ist der Farbumschlag durch Vegetationsvorsprung zu fr\u00fch. Oder die Kellermannschaft ist bereits in Urlaub oder nirgendwo ist eine vern\u00fcnftige Presse auffindbar (2008). Die Verjusherstellung bleibt immer dramatisch. Dieses Jahr hat alles wunderbar geklappt. Alle Beteiligten waren genau [&hellip;]","thumbnail_url":"https:\/\/blog.zeit.de\/nachgesalzen\/files\/2012\/08\/Verjus-Bild2-540x304.jpg"}

Jürgen Koch

Die Verjusernte ist jedes Jahr aufs neueste spannend. Mal ist die grüne Ernte knapp (2011 wegen Frost), mal ist der Farbumschlag durch Vegetationsvorsprung zu früh. Oder die Kellermannschaft ist bereits in Urlaub oder nirgendwo ist eine vernünftige Presse auffindbar (2008). Die Verjusherstellung bleibt immer dramatisch. Dieses Jahr hat alles wunderbar geklappt. Alle Beteiligten waren genau [&hellip;]
