{"id":3,"date":"2007-02-19T20:26:00","date_gmt":"2007-02-19T19:26:00","guid":{"rendered":"http:\/\/blog.zeit.de\/nachgesalzen\/autor_klink\/"},"modified":"2009-09-15T10:19:06","modified_gmt":"2009-09-15T08:19:06","slug":"autor_klink","status":"publish","type":"page","link":"https:\/\/blog.zeit.de\/nachgesalzen\/autor_klink","title":{"rendered":"Vincent Klink"},"content":{"rendered":"<p><img decoding=\"async\" class=\"alignleft\" src=\"https:\/\/img.zeit.de\/bilder\/2007\/weblogs\/nachgesalzen\/klink-150.jpg\" \/><\/p>\n<p>geboren 1949 in Schw\u00e4bisch Gm\u00fcnd, lernte nach seiner Schulzeit im Kloster-Internat Koch. Mit 25 Jahren er\u00f6ffnet er mit seiner Frau Elisabeth sein erstes Restaurant, den &#8222;Postillon&#8220; in Schw\u00e4bisch Gm\u00fcnd und wird 1978 mit einem Michelin-Stern ausgezeichnet. Seit 1991 f\u00fchrt das Ehepaar Klink das <a href=\"http:\/\/www.wielandshoehe.de\/\"target=\"_blank\">Restaurant &#8222;Wielandsh\u00f6he&#8220;<\/a> in Stuttgart. Mit dem Schriftsteller Wiglaf Droste gibt Vincent Klink <a href=\"http:\/\/www.haeuptling-eigener-herd.de\/\"target=\"_blank\">eine Zeitschrift <\/a>heraus, er schreibt B\u00fccher, kocht regelm\u00e4\u00dfig im &#8222;ARD-Buffet&#8220; und setzt sich f\u00fcr artgerechte Tieraufzucht und -haltung und biologischen Anbau von Lebensmitteln ein \u2013 unerm\u00fcdlich, direkt und immer charmant.<\/p>\n","protected":false},"excerpt":{"rendered":"<p>geboren 1949 in Schw\u00e4bisch Gm\u00fcnd, lernte nach seiner Schulzeit im Kloster-Internat Koch. Mit 25 Jahren er\u00f6ffnet er mit seiner Frau Elisabeth sein erstes Restaurant, den &#8222;Postillon&#8220; in Schw\u00e4bisch Gm\u00fcnd und wird 1978 mit einem Michelin-Stern ausgezeichnet. Seit 1991 f\u00fchrt das Ehepaar Klink das Restaurant &#8222;Wielandsh\u00f6he&#8220; in Stuttgart. Mit dem Schriftsteller Wiglaf Droste gibt Vincent Klink [&hellip;]<\/p>\n","protected":false},"author":73,"featured_media":0,"parent":0,"menu_order":0,"comment_status":"open","ping_status":"closed","template":"","meta":{"footnotes":""},"class_list":["post-3","page","type-page","status-publish","hentry"],"yoast_head":"<!-- This site is optimized with the Yoast SEO plugin v21.0 - https:\/\/yoast.com\/wordpress\/plugins\/seo\/ -->\n<title>Vincent Klink - Nachgesalzen<\/title>\n<meta name=\"robots\" content=\"index, follow, max-snippet:-1, max-image-preview:large, max-video-preview:-1\" \/>\n<link rel=\"canonical\" href=\"https:\/\/blog.zeit.de\/nachgesalzen\/autor_klink\" \/>\n<meta property=\"og:locale\" content=\"de_DE\" \/>\n<meta property=\"og:type\" content=\"article\" \/>\n<meta property=\"og:title\" content=\"Vincent Klink - Nachgesalzen\" \/>\n<meta property=\"og:description\" content=\"geboren 1949 in Schw\u00e4bisch Gm\u00fcnd, lernte nach seiner Schulzeit im Kloster-Internat Koch. Mit 25 Jahren er\u00f6ffnet er mit seiner Frau Elisabeth sein erstes Restaurant, den &#8222;Postillon&#8220; in Schw\u00e4bisch Gm\u00fcnd und wird 1978 mit einem Michelin-Stern ausgezeichnet. Seit 1991 f\u00fchrt das Ehepaar Klink das Restaurant &#8222;Wielandsh\u00f6he&#8220; in Stuttgart. Mit dem Schriftsteller Wiglaf Droste gibt Vincent Klink [&hellip;]\" \/>\n<meta property=\"og:url\" content=\"https:\/\/blog.zeit.de\/nachgesalzen\/autor_klink\" \/>\n<meta property=\"og:site_name\" content=\"Nachgesalzen\" \/>\n<meta property=\"article:modified_time\" content=\"2009-09-15T08:19:06+00:00\" \/>\n<meta property=\"og:image\" content=\"https:\/\/img.zeit.de\/bilder\/2007\/weblogs\/nachgesalzen\/klink-150.jpg\" \/>\n<meta name=\"twitter:card\" content=\"summary_large_image\" \/>\n<script type=\"application\/ld+json\" class=\"yoast-schema-graph\">{\"@context\":\"https:\/\/schema.org\",\"@graph\":[{\"@type\":\"WebPage\",\"@id\":\"https:\/\/blog.zeit.de\/nachgesalzen\/autor_klink\",\"url\":\"https:\/\/blog.zeit.de\/nachgesalzen\/autor_klink\",\"name\":\"Vincent Klink - Nachgesalzen\",\"isPartOf\":{\"@id\":\"https:\/\/blog.zeit.de\/nachgesalzen\/#website\"},\"datePublished\":\"2007-02-19T19:26:00+00:00\",\"dateModified\":\"2009-09-15T08:19:06+00:00\",\"breadcrumb\":{\"@id\":\"https:\/\/blog.zeit.de\/nachgesalzen\/autor_klink#breadcrumb\"},\"inLanguage\":\"de\",\"potentialAction\":[{\"@type\":\"ReadAction\",\"target\":[\"https:\/\/blog.zeit.de\/nachgesalzen\/autor_klink\"]}]},{\"@type\":\"BreadcrumbList\",\"@id\":\"https:\/\/blog.zeit.de\/nachgesalzen\/autor_klink#breadcrumb\",\"itemListElement\":[{\"@type\":\"ListItem\",\"position\":1,\"name\":\"Startseite\",\"item\":\"https:\/\/blog.zeit.de\/nachgesalzen\"},{\"@type\":\"ListItem\",\"position\":2,\"name\":\"Vincent Klink\"}]},{\"@type\":\"WebSite\",\"@id\":\"https:\/\/blog.zeit.de\/nachgesalzen\/#website\",\"url\":\"https:\/\/blog.zeit.de\/nachgesalzen\/\",\"name\":\"Nachgesalzen\",\"description\":\"Das Blog der K\u00f6che, Gastronomen und Gourmets\",\"potentialAction\":[{\"@type\":\"SearchAction\",\"target\":{\"@type\":\"EntryPoint\",\"urlTemplate\":\"https:\/\/blog.zeit.de\/nachgesalzen\/?s={search_term_string}\"},\"query-input\":\"required name=search_term_string\"}],\"inLanguage\":\"de\"}]}<\/script>\n<!-- \/ Yoast SEO plugin. -->","yoast_head_json":{"title":"Vincent Klink - Nachgesalzen","robots":{"index":"index","follow":"follow","max-snippet":"max-snippet:-1","max-image-preview":"max-image-preview:large","max-video-preview":"max-video-preview:-1"},"canonical":"https:\/\/blog.zeit.de\/nachgesalzen\/autor_klink","og_locale":"de_DE","og_type":"article","og_title":"Vincent Klink - Nachgesalzen","og_description":"geboren 1949 in Schw\u00e4bisch Gm\u00fcnd, lernte nach seiner Schulzeit im Kloster-Internat Koch. Mit 25 Jahren er\u00f6ffnet er mit seiner Frau Elisabeth sein erstes Restaurant, den &#8222;Postillon&#8220; in Schw\u00e4bisch Gm\u00fcnd und wird 1978 mit einem Michelin-Stern ausgezeichnet. Seit 1991 f\u00fchrt das Ehepaar Klink das Restaurant &#8222;Wielandsh\u00f6he&#8220; in Stuttgart. Mit dem Schriftsteller Wiglaf Droste gibt Vincent Klink [&hellip;]","og_url":"https:\/\/blog.zeit.de\/nachgesalzen\/autor_klink","og_site_name":"Nachgesalzen","article_modified_time":"2009-09-15T08:19:06+00:00","og_image":[{"url":"https:\/\/img.zeit.de\/bilder\/2007\/weblogs\/nachgesalzen\/klink-150.jpg"}],"twitter_card":"summary_large_image","schema":{"@context":"https:\/\/schema.org","@graph":[{"@type":"WebPage","@id":"https:\/\/blog.zeit.de\/nachgesalzen\/autor_klink","url":"https:\/\/blog.zeit.de\/nachgesalzen\/autor_klink","name":"Vincent Klink - Nachgesalzen","isPartOf":{"@id":"https:\/\/blog.zeit.de\/nachgesalzen\/#website"},"datePublished":"2007-02-19T19:26:00+00:00","dateModified":"2009-09-15T08:19:06+00:00","breadcrumb":{"@id":"https:\/\/blog.zeit.de\/nachgesalzen\/autor_klink#breadcrumb"},"inLanguage":"de","potentialAction":[{"@type":"ReadAction","target":["https:\/\/blog.zeit.de\/nachgesalzen\/autor_klink"]}]},{"@type":"BreadcrumbList","@id":"https:\/\/blog.zeit.de\/nachgesalzen\/autor_klink#breadcrumb","itemListElement":[{"@type":"ListItem","position":1,"name":"Startseite","item":"https:\/\/blog.zeit.de\/nachgesalzen"},{"@type":"ListItem","position":2,"name":"Vincent Klink"}]},{"@type":"WebSite","@id":"https:\/\/blog.zeit.de\/nachgesalzen\/#website","url":"https:\/\/blog.zeit.de\/nachgesalzen\/","name":"Nachgesalzen","description":"Das Blog der K\u00f6che, Gastronomen und Gourmets","potentialAction":[{"@type":"SearchAction","target":{"@type":"EntryPoint","urlTemplate":"https:\/\/blog.zeit.de\/nachgesalzen\/?s={search_term_string}"},"query-input":"required name=search_term_string"}],"inLanguage":"de"}]}},"jetpack_sharing_enabled":true,"_links":{"self":[{"href":"https:\/\/blog.zeit.de\/nachgesalzen\/wp-json\/wp\/v2\/pages\/3","targetHints":{"allow":["GET"]}}],"collection":[{"href":"https:\/\/blog.zeit.de\/nachgesalzen\/wp-json\/wp\/v2\/pages"}],"about":[{"href":"https:\/\/blog.zeit.de\/nachgesalzen\/wp-json\/wp\/v2\/types\/page"}],"author":[{"embeddable":true,"href":"https:\/\/blog.zeit.de\/nachgesalzen\/wp-json\/wp\/v2\/users\/73"}],"replies":[{"embeddable":true,"href":"https:\/\/blog.zeit.de\/nachgesalzen\/wp-json\/wp\/v2\/comments?post=3"}],"version-history":[{"count":0,"href":"https:\/\/blog.zeit.de\/nachgesalzen\/wp-json\/wp\/v2\/pages\/3\/revisions"}],"wp:attachment":[{"href":"https:\/\/blog.zeit.de\/nachgesalzen\/wp-json\/wp\/v2\/media?parent=3"}],"curies":[{"name":"wp","href":"https:\/\/api.w.org\/{rel}","templated":true}]}}

<p><img decoding="async" class="alignleft" src="https://img.zeit.de/bilder/2007/weblogs/nachgesalzen/klink-150.jpg" /></p>
<p>geboren 1949 in Schwäbisch Gmünd, lernte nach seiner Schulzeit im Kloster-Internat Koch. Mit 25 Jahren eröffnet er mit seiner Frau Elisabeth sein erstes Restaurant, den &#8222;Postillon&#8220; in Schwäbisch Gmünd und wird 1978 mit einem Michelin-Stern ausgezeichnet. Seit 1991 führt das Ehepaar Klink das <a href="http://www.wielandshoehe.de/"target="_blank">Restaurant &#8222;Wielandshöhe&#8220;</a> in Stuttgart. Mit dem Schriftsteller Wiglaf Droste gibt Vincent Klink <a href="http://www.haeuptling-eigener-herd.de/"target="_blank">eine Zeitschrift </a>heraus, er schreibt Bücher, kocht regelmäßig im &#8222;ARD-Buffet&#8220; und setzt sich für artgerechte Tieraufzucht und -haltung und biologischen Anbau von Lebensmitteln ein – unermüdlich, direkt und immer charmant.</p>

<p>geboren 1949 in Schwäbisch Gmünd, lernte nach seiner Schulzeit im Kloster-Internat Koch. Mit 25 Jahren eröffnet er mit seiner Frau Elisabeth sein erstes Restaurant, den &#8222;Postillon&#8220; in Schwäbisch Gmünd und wird 1978 mit einem Michelin-Stern ausgezeichnet. Seit 1991 führt das Ehepaar Klink das Restaurant &#8222;Wielandshöhe&#8220; in Stuttgart. Mit dem Schriftsteller Wiglaf Droste gibt Vincent Klink [&hellip;]</p>

<!-- This site is optimized with the Yoast SEO plugin v21.0 - https://yoast.com/wordpress/plugins/seo/ -->
<title>Vincent Klink - Nachgesalzen</title>
<meta name="robots" content="index, follow, max-snippet:-1, max-image-preview:large, max-video-preview:-1" />
<link rel="canonical" href="https://blog.zeit.de/nachgesalzen/autor_klink" />
<meta property="og:locale" content="de_DE" />
<meta property="og:type" content="article" />
<meta property="og:title" content="Vincent Klink - Nachgesalzen" />
<meta property="og:description" content="geboren 1949 in Schwäbisch Gmünd, lernte nach seiner Schulzeit im Kloster-Internat Koch. Mit 25 Jahren eröffnet er mit seiner Frau Elisabeth sein erstes Restaurant, den &#8222;Postillon&#8220; in Schwäbisch Gmünd und wird 1978 mit einem Michelin-Stern ausgezeichnet. Seit 1991 führt das Ehepaar Klink das Restaurant &#8222;Wielandshöhe&#8220; in Stuttgart. Mit dem Schriftsteller Wiglaf Droste gibt Vincent Klink [&hellip;]" />
<meta property="og:url" content="https://blog.zeit.de/nachgesalzen/autor_klink" />
<meta property="og:site_name" content="Nachgesalzen" />
<meta property="article:modified_time" content="2009-09-15T08:19:06+00:00" />
<meta property="og:image" content="https://img.zeit.de/bilder/2007/weblogs/nachgesalzen/klink-150.jpg" />
<meta name="twitter:card" content="summary_large_image" />
<script type="application/ld+json" class="yoast-schema-graph">{"@context":"https://schema.org","@graph":[{"@type":"WebPage","@id":"https://blog.zeit.de/nachgesalzen/autor_klink","url":"https://blog.zeit.de/nachgesalzen/autor_klink","name":"Vincent Klink - Nachgesalzen","isPartOf":{"@id":"https://blog.zeit.de/nachgesalzen/#website"},"datePublished":"2007-02-19T19:26:00+00:00","dateModified":"2009-09-15T08:19:06+00:00","breadcrumb":{"@id":"https://blog.zeit.de/nachgesalzen/autor_klink#breadcrumb"},"inLanguage":"de","potentialAction":[{"@type":"ReadAction","target":["https://blog.zeit.de/nachgesalzen/autor_klink"]}]},{"@type":"BreadcrumbList","@id":"https://blog.zeit.de/nachgesalzen/autor_klink#breadcrumb","itemListElement":[{"@type":"ListItem","position":1,"name":"Startseite","item":"https://blog.zeit.de/nachgesalzen"},{"@type":"ListItem","position":2,"name":"Vincent Klink"}]},{"@type":"WebSite","@id":"https://blog.zeit.de/nachgesalzen/#website","url":"https://blog.zeit.de/nachgesalzen/","name":"Nachgesalzen","description":"Das Blog der Köche, Gastronomen und Gourmets","potentialAction":[{"@type":"SearchAction","target":{"@type":"EntryPoint","urlTemplate":"https://blog.zeit.de/nachgesalzen/?s={search_term_string}"},"query-input":"required name=search_term_string"}],"inLanguage":"de"}]}</script>
<!-- / Yoast SEO plugin. -->

geboren 1949 in Schwäbisch Gmünd, lernte nach seiner Schulzeit im Kloster-Internat Koch. Mit 25 Jahren eröffnet er mit seiner Frau Elisabeth sein erstes Restaurant, den &#8222;Postillon&#8220; in Schwäbisch Gmünd und wird 1978 mit einem Michelin-Stern ausgezeichnet. Seit 1991 führt das Ehepaar Klink das Restaurant &#8222;Wielandshöhe&#8220; in Stuttgart. Mit dem Schriftsteller Wiglaf Droste gibt Vincent Klink [&hellip;]

Das Blog der Köche, Gastronomen und Gourmets
