{"version":"1.0","provider_name":"Netzfilmblog","provider_url":"https:\/\/blog.zeit.de\/netzfilmblog","author_name":"Eike K\u00fchl","author_url":"https:\/\/blog.zeit.de\/netzfilmblog\/author\/eike-kuehl\/","title":"Arte Webdoku: \"Irak - 10 Jahre, 100 Blicke\" - Netzfilmblog","type":"rich","width":600,"height":338,"html":"<blockquote class=\"wp-embedded-content\" data-secret=\"zhdFZgFbka\"><a href=\"https:\/\/blog.zeit.de\/netzfilmblog\/2013\/03\/21\/arte-webdoku-irakkrieg-10-jahre-100-blicke\/\">Arte Webdoku: &#8222;Irak &#8211; 10 Jahre, 100 Blicke&#8220;<\/a><\/blockquote><iframe sandbox=\"allow-scripts\" security=\"restricted\" src=\"https:\/\/blog.zeit.de\/netzfilmblog\/2013\/03\/21\/arte-webdoku-irakkrieg-10-jahre-100-blicke\/embed\/#?secret=zhdFZgFbka\" width=\"600\" height=\"338\" title=\"&#8222;Arte Webdoku: &#8222;Irak &#8211; 10 Jahre, 100 Blicke&#8220;&#8220; &#8212; Netzfilmblog\" data-secret=\"zhdFZgFbka\" frameborder=\"0\" marginwidth=\"0\" marginheight=\"0\" scrolling=\"no\" class=\"wp-embedded-content\"><\/iframe><script type=\"text\/javascript\">\n\/* <![CDATA[ *\/\n\/*! This file is auto-generated *\/\n!function(d,l){\"use strict\";l.querySelector&&d.addEventListener&&\"undefined\"!=typeof URL&&(d.wp=d.wp||{},d.wp.receiveEmbedMessage||(d.wp.receiveEmbedMessage=function(e){var t=e.data;if((t||t.secret||t.message||t.value)&&!\/[^a-zA-Z0-9]\/.test(t.secret)){for(var s,r,n,a=l.querySelectorAll('iframe[data-secret=\"'+t.secret+'\"]'),o=l.querySelectorAll('blockquote[data-secret=\"'+t.secret+'\"]'),c=new RegExp(\"^https?:$\",\"i\"),i=0;i<o.length;i++)o[i].style.display=\"none\";for(i=0;i<a.length;i++)s=a[i],e.source===s.contentWindow&&(s.removeAttribute(\"style\"),\"height\"===t.message?(1e3<(r=parseInt(t.value,10))?r=1e3:~~r<200&&(r=200),s.height=r):\"link\"===t.message&&(r=new URL(s.getAttribute(\"src\")),n=new URL(t.value),c.test(n.protocol))&&n.host===r.host&&l.activeElement===s&&(d.top.location.href=t.value))}},d.addEventListener(\"message\",d.wp.receiveEmbedMessage,!1),l.addEventListener(\"DOMContentLoaded\",function(){for(var e,t,s=l.querySelectorAll(\"iframe.wp-embedded-content\"),r=0;r<s.length;r++)(t=(e=s[r]).getAttribute(\"data-secret\"))||(t=Math.random().toString(36).substring(2,12),e.src+=\"#?secret=\"+t,e.setAttribute(\"data-secret\",t)),e.contentWindow.postMessage({message:\"ready\",secret:t},\"*\")},!1)))}(window,document);\n\/* ]]> *\/\n<\/script>\n","description":"Am 20. M\u00e4rz 2003 bombardierten die USA die irakische Hauptstadt Bagdad und begannen den Zweiten Irak-Krieg. Offiziell erkl\u00e4rte US-Pr\u00e4sident George W. Bush nur zwei Monate sp\u00e4ter den Konflikt f\u00fcr beendet. Doch die milit\u00e4rische Besatzung und der Versuch, eine stabile politische F\u00fchrung zu errichten, m\u00fcndeten in einen B\u00fcrgerkrieg. Mehr als 190.000 Menschen sind in den vergangenen [&hellip;]","thumbnail_url":"https:\/\/blog.zeit.de\/netzfilmblog\/files\/2013\/03\/irak100-small.jpg"}

Eike Kühl

Am 20. März 2003 bombardierten die USA die irakische Hauptstadt Bagdad und begannen den Zweiten Irak-Krieg. Offiziell erklärte US-Präsident George W. Bush nur zwei Monate später den Konflikt für beendet. Doch die militärische Besatzung und der Versuch, eine stabile politische Führung zu errichten, mündeten in einen Bürgerkrieg. Mehr als 190.000 Menschen sind in den vergangenen [&hellip;]
