{"version":"1.0","provider_name":"Netzfilmblog","provider_url":"https:\/\/blog.zeit.de\/netzfilmblog","author_name":"Eike K\u00fchl","author_url":"https:\/\/blog.zeit.de\/netzfilmblog\/author\/eike-kuehl\/","title":"Netzfilm der Woche: \"Auf dem Land\" - Netzfilmblog","type":"rich","width":600,"height":338,"html":"<blockquote class=\"wp-embedded-content\" data-secret=\"IGkUsLXhVh\"><a href=\"https:\/\/blog.zeit.de\/netzfilmblog\/2014\/02\/16\/kurzfilm-auf-dem-land\/\">Netzfilm der Woche: &#8222;Auf dem Land&#8220;<\/a><\/blockquote><iframe sandbox=\"allow-scripts\" security=\"restricted\" src=\"https:\/\/blog.zeit.de\/netzfilmblog\/2014\/02\/16\/kurzfilm-auf-dem-land\/embed\/#?secret=IGkUsLXhVh\" width=\"600\" height=\"338\" title=\"&#8222;Netzfilm der Woche: &#8222;Auf dem Land&#8220;&#8220; &#8212; Netzfilmblog\" data-secret=\"IGkUsLXhVh\" frameborder=\"0\" marginwidth=\"0\" marginheight=\"0\" scrolling=\"no\" class=\"wp-embedded-content\"><\/iframe><script type=\"text\/javascript\">\n\/* <![CDATA[ *\/\n\/*! This file is auto-generated *\/\n!function(d,l){\"use strict\";l.querySelector&&d.addEventListener&&\"undefined\"!=typeof URL&&(d.wp=d.wp||{},d.wp.receiveEmbedMessage||(d.wp.receiveEmbedMessage=function(e){var t=e.data;if((t||t.secret||t.message||t.value)&&!\/[^a-zA-Z0-9]\/.test(t.secret)){for(var s,r,n,a=l.querySelectorAll('iframe[data-secret=\"'+t.secret+'\"]'),o=l.querySelectorAll('blockquote[data-secret=\"'+t.secret+'\"]'),c=new RegExp(\"^https?:$\",\"i\"),i=0;i<o.length;i++)o[i].style.display=\"none\";for(i=0;i<a.length;i++)s=a[i],e.source===s.contentWindow&&(s.removeAttribute(\"style\"),\"height\"===t.message?(1e3<(r=parseInt(t.value,10))?r=1e3:~~r<200&&(r=200),s.height=r):\"link\"===t.message&&(r=new URL(s.getAttribute(\"src\")),n=new URL(t.value),c.test(n.protocol))&&n.host===r.host&&l.activeElement===s&&(d.top.location.href=t.value))}},d.addEventListener(\"message\",d.wp.receiveEmbedMessage,!1),l.addEventListener(\"DOMContentLoaded\",function(){for(var e,t,s=l.querySelectorAll(\"iframe.wp-embedded-content\"),r=0;r<s.length;r++)(t=(e=s[r]).getAttribute(\"data-secret\"))||(t=Math.random().toString(36).substring(2,12),e.src+=\"#?secret=\"+t,e.setAttribute(\"data-secret\",t)),e.contentWindow.postMessage({message:\"ready\",secret:t},\"*\")},!1)))}(window,document);\n\/* ]]> *\/\n<\/script>\n","description":"Ein t\u00fcrkischst\u00e4mmiger Jugendlicher aus der Gro\u00dfstadt landet auf einem Bauernhof in der brandenburgischen Pampa. In Dennis Schanz&#8216; Kurzfilm Auf dem Land geht es aber gar nicht um den Konflikt zwischen d\u00f6rflicher Tugend und st\u00e4dtischer Jugend. Sondern vielmehr um eine allgemeine jugendliche Orientierungslosigkeit, um Ausgrenzung und das drohende Erwachsenwerden. Im Mittelpunkt des Geschehens steht der 14-j\u00e4hrige [&hellip;]"}

Eike Kühl

Ein türkischstämmiger Jugendlicher aus der Großstadt landet auf einem Bauernhof in der brandenburgischen Pampa. In Dennis Schanz&#8216; Kurzfilm Auf dem Land geht es aber gar nicht um den Konflikt zwischen dörflicher Tugend und städtischer Jugend. Sondern vielmehr um eine allgemeine jugendliche Orientierungslosigkeit, um Ausgrenzung und das drohende Erwachsenwerden. Im Mittelpunkt des Geschehens steht der 14-jährige [&hellip;]
