{"version":"1.0","provider_name":"Das NSU-Prozess-Blog","provider_url":"https:\/\/blog.zeit.de\/nsu-prozess-blog","author_name":"Mirjam Schmitt","author_url":"https:\/\/blog.zeit.de\/nsu-prozess-blog\/author\/mschmitt\/","title":"Keine Antworten ohne Wohlleben \u2013 das NSU-Medienlog vom Freitag 14. Juni 2013 - Das NSU-Prozess-Blog","type":"rich","width":600,"height":338,"html":"<blockquote class=\"wp-embedded-content\" data-secret=\"EOfBvM5q3W\"><a href=\"https:\/\/blog.zeit.de\/nsu-prozess-blog\/2013\/06\/14\/streit-wohlleben-carsten\/\">Keine Antworten ohne Wohlleben \u2013 das NSU-Medienlog vom Freitag 14. Juni 2013<\/a><\/blockquote><iframe sandbox=\"allow-scripts\" security=\"restricted\" src=\"https:\/\/blog.zeit.de\/nsu-prozess-blog\/2013\/06\/14\/streit-wohlleben-carsten\/embed\/#?secret=EOfBvM5q3W\" width=\"600\" height=\"338\" title=\"&#8222;Keine Antworten ohne Wohlleben \u2013 das NSU-Medienlog vom Freitag 14. Juni 2013&#8220; &#8212; Das NSU-Prozess-Blog\" data-secret=\"EOfBvM5q3W\" frameborder=\"0\" marginwidth=\"0\" marginheight=\"0\" scrolling=\"no\" class=\"wp-embedded-content\"><\/iframe><script type=\"text\/javascript\">\n\/* <![CDATA[ *\/\n\/*! This file is auto-generated *\/\n!function(d,l){\"use strict\";l.querySelector&&d.addEventListener&&\"undefined\"!=typeof URL&&(d.wp=d.wp||{},d.wp.receiveEmbedMessage||(d.wp.receiveEmbedMessage=function(e){var t=e.data;if((t||t.secret||t.message||t.value)&&!\/[^a-zA-Z0-9]\/.test(t.secret)){for(var s,r,n,a=l.querySelectorAll('iframe[data-secret=\"'+t.secret+'\"]'),o=l.querySelectorAll('blockquote[data-secret=\"'+t.secret+'\"]'),c=new RegExp(\"^https?:$\",\"i\"),i=0;i<o.length;i++)o[i].style.display=\"none\";for(i=0;i<a.length;i++)s=a[i],e.source===s.contentWindow&&(s.removeAttribute(\"style\"),\"height\"===t.message?(1e3<(r=parseInt(t.value,10))?r=1e3:~~r<200&&(r=200),s.height=r):\"link\"===t.message&&(r=new URL(s.getAttribute(\"src\")),n=new URL(t.value),c.test(n.protocol))&&n.host===r.host&&l.activeElement===s&&(d.top.location.href=t.value))}},d.addEventListener(\"message\",d.wp.receiveEmbedMessage,!1),l.addEventListener(\"DOMContentLoaded\",function(){for(var e,t,s=l.querySelectorAll(\"iframe.wp-embedded-content\"),r=0;r<s.length;r++)(t=(e=s[r]).getAttribute(\"data-secret\"))||(t=Math.random().toString(36).substring(2,12),e.src+=\"#?secret=\"+t,e.setAttribute(\"data-secret\",t)),e.contentWindow.postMessage({message:\"ready\",secret:t},\"*\")},!1)))}(window,document);\n\/* ]]> *\/\n<\/script>\n","description":"Die Berichte \u00fcber den zehnten Prozesstag besch\u00e4ftigen sich mit der weiteren Vernehmung des Angeklagten Carsten S., der unter anderem von den Anw\u00e4lten der Nebenkl\u00e4ger befragt wurde. An jedem Werktag fassen wir im NSU-Prozess-Blog die wichtigsten Medienberichte, Blogs, Videos und Tweets zusammen. Wir freuen uns \u00fcber Hinweise via Twitter mit dem Hashtag #nsublog \u2013 oder per [&hellip;]"}

Die Berichte über den zehnten Prozesstag beschäftigen sich mit der weiteren Vernehmung des Angeklagten Carsten S., der unter anderem von den Anwälten der Nebenkläger befragt wurde. An jedem Werktag fassen wir im NSU-Prozess-Blog die wichtigsten Medienberichte, Blogs, Videos und Tweets zusammen. Wir freuen uns über Hinweise via Twitter mit dem Hashtag #nsublog – oder per [&hellip;]
