{"version":"1.0","provider_name":"Das NSU-Prozess-Blog","provider_url":"https:\/\/blog.zeit.de\/nsu-prozess-blog","author_name":"Mirjam Schmitt","author_url":"https:\/\/blog.zeit.de\/nsu-prozess-blog\/author\/mschmitt\/","title":"Keine Berichte zum NSU-Prozess - Das NSU-Prozess-Blog","type":"rich","width":600,"height":338,"html":"<blockquote class=\"wp-embedded-content\" data-secret=\"aNLjZGo8wS\"><a href=\"https:\/\/blog.zeit.de\/nsu-prozess-blog\/2013\/08\/20\/keine-berichte-zum-nsu-prozess\/\">Keine Berichte zum NSU-Prozess<\/a><\/blockquote><iframe sandbox=\"allow-scripts\" security=\"restricted\" src=\"https:\/\/blog.zeit.de\/nsu-prozess-blog\/2013\/08\/20\/keine-berichte-zum-nsu-prozess\/embed\/#?secret=aNLjZGo8wS\" width=\"600\" height=\"338\" title=\"&#8222;Keine Berichte zum NSU-Prozess&#8220; &#8212; Das NSU-Prozess-Blog\" data-secret=\"aNLjZGo8wS\" frameborder=\"0\" marginwidth=\"0\" marginheight=\"0\" scrolling=\"no\" class=\"wp-embedded-content\"><\/iframe><script type=\"text\/javascript\">\n\/* <![CDATA[ *\/\n\/*! This file is auto-generated *\/\n!function(d,l){\"use strict\";l.querySelector&&d.addEventListener&&\"undefined\"!=typeof URL&&(d.wp=d.wp||{},d.wp.receiveEmbedMessage||(d.wp.receiveEmbedMessage=function(e){var t=e.data;if((t||t.secret||t.message||t.value)&&!\/[^a-zA-Z0-9]\/.test(t.secret)){for(var s,r,n,a=l.querySelectorAll('iframe[data-secret=\"'+t.secret+'\"]'),o=l.querySelectorAll('blockquote[data-secret=\"'+t.secret+'\"]'),c=new RegExp(\"^https?:$\",\"i\"),i=0;i<o.length;i++)o[i].style.display=\"none\";for(i=0;i<a.length;i++)s=a[i],e.source===s.contentWindow&&(s.removeAttribute(\"style\"),\"height\"===t.message?(1e3<(r=parseInt(t.value,10))?r=1e3:~~r<200&&(r=200),s.height=r):\"link\"===t.message&&(r=new URL(s.getAttribute(\"src\")),n=new URL(t.value),c.test(n.protocol))&&n.host===r.host&&l.activeElement===s&&(d.top.location.href=t.value))}},d.addEventListener(\"message\",d.wp.receiveEmbedMessage,!1),l.addEventListener(\"DOMContentLoaded\",function(){for(var e,t,s=l.querySelectorAll(\"iframe.wp-embedded-content\"),r=0;r<s.length;r++)(t=(e=s[r]).getAttribute(\"data-secret\"))||(t=Math.random().toString(36).substring(2,12),e.src+=\"#?secret=\"+t,e.setAttribute(\"data-secret\",t)),e.contentWindow.postMessage({message:\"ready\",secret:t},\"*\")},!1)))}(window,document);\n\/* ]]> *\/\n<\/script>\n","description":"Freitag, 23. August 2013: Wie schon am Donnerstag stand der Abschlussbericht des Untersuchungsausschusses zur NSU-Mordserie im Mittelpunkt der Berichterstattung, sowohl in den deutschen als auch in den t\u00fcrkischsprachigen Onlinemedien. Das Blog Publikative.org ver\u00f6ffentlicht eine Pressemitteilung der Nebenklagevertr\u00e4ter zum Abschlussbericht. Die Nebenkl\u00e4ger kritisieren unter anderem, dass in dem Bericht zwar auf das Beh\u00f6rdenversagen hingewiesen wurde, jedoch [&hellip;]"}

Freitag, 23. August 2013: Wie schon am Donnerstag stand der Abschlussbericht des Untersuchungsausschusses zur NSU-Mordserie im Mittelpunkt der Berichterstattung, sowohl in den deutschen als auch in den türkischsprachigen Onlinemedien. Das Blog Publikative.org veröffentlicht eine Pressemitteilung der Nebenklageverträter zum Abschlussbericht. Die Nebenkläger kritisieren unter anderem, dass in dem Bericht zwar auf das Behördenversagen hingewiesen wurde, jedoch [&hellip;]
