{"version":"1.0","provider_name":"Das NSU-Prozess-Blog","provider_url":"https:\/\/blog.zeit.de\/nsu-prozess-blog","author_name":"Mirjam Schmitt","author_url":"https:\/\/blog.zeit.de\/nsu-prozess-blog\/author\/mschmitt\/","title":"\"Er hat nicht geantwortet\" \u2013 das Medienlog vom Mittwoch, 2. Oktober 2013 - Das NSU-Prozess-Blog","type":"rich","width":600,"height":338,"html":"<blockquote class=\"wp-embedded-content\" data-secret=\"anLXujwt3T\"><a href=\"https:\/\/blog.zeit.de\/nsu-prozess-blog\/2013\/10\/02\/ismail-yozgat-andreas-t\/\">&#8222;Er hat nicht geantwortet&#8220; \u2013 das Medienlog vom Mittwoch, 2. Oktober 2013<\/a><\/blockquote><iframe sandbox=\"allow-scripts\" security=\"restricted\" src=\"https:\/\/blog.zeit.de\/nsu-prozess-blog\/2013\/10\/02\/ismail-yozgat-andreas-t\/embed\/#?secret=anLXujwt3T\" width=\"600\" height=\"338\" title=\"&#8222;&#8222;Er hat nicht geantwortet&#8220; \u2013 das Medienlog vom Mittwoch, 2. Oktober 2013&#8220; &#8212; Das NSU-Prozess-Blog\" data-secret=\"anLXujwt3T\" frameborder=\"0\" marginwidth=\"0\" marginheight=\"0\" scrolling=\"no\" class=\"wp-embedded-content\"><\/iframe><script type=\"text\/javascript\">\n\/* <![CDATA[ *\/\n\/*! This file is auto-generated *\/\n!function(d,l){\"use strict\";l.querySelector&&d.addEventListener&&\"undefined\"!=typeof URL&&(d.wp=d.wp||{},d.wp.receiveEmbedMessage||(d.wp.receiveEmbedMessage=function(e){var t=e.data;if((t||t.secret||t.message||t.value)&&!\/[^a-zA-Z0-9]\/.test(t.secret)){for(var s,r,n,a=l.querySelectorAll('iframe[data-secret=\"'+t.secret+'\"]'),o=l.querySelectorAll('blockquote[data-secret=\"'+t.secret+'\"]'),c=new RegExp(\"^https?:$\",\"i\"),i=0;i<o.length;i++)o[i].style.display=\"none\";for(i=0;i<a.length;i++)s=a[i],e.source===s.contentWindow&&(s.removeAttribute(\"style\"),\"height\"===t.message?(1e3<(r=parseInt(t.value,10))?r=1e3:~~r<200&&(r=200),s.height=r):\"link\"===t.message&&(r=new URL(s.getAttribute(\"src\")),n=new URL(t.value),c.test(n.protocol))&&n.host===r.host&&l.activeElement===s&&(d.top.location.href=t.value))}},d.addEventListener(\"message\",d.wp.receiveEmbedMessage,!1),l.addEventListener(\"DOMContentLoaded\",function(){for(var e,t,s=l.querySelectorAll(\"iframe.wp-embedded-content\"),r=0;r<s.length;r++)(t=(e=s[r]).getAttribute(\"data-secret\"))||(t=Math.random().toString(36).substring(2,12),e.src+=\"#?secret=\"+t,e.setAttribute(\"data-secret\",t)),e.contentWindow.postMessage({message:\"ready\",secret:t},\"*\")},!1)))}(window,document);\n\/* ]]> *\/\n<\/script>\n","description":"Emotional, bewegend, ersch\u00fctternd \u2013 so schilderten Medien die Zeugenaussage Ismail Yozgats, Vater des Ermordeten Halit Yozgat. So etwa Matthias Maus in der M\u00fcnchner Abendzeitung, Andreas Gebert in der Th\u00fcringer Allgemeinen und Tanjev Schultz in der S\u00fcddeutschen Zeitung. Vielen Autoren ist besonders eine Szene in Erinnerung geblieben."}

Emotional, bewegend, erschütternd – so schilderten Medien die Zeugenaussage Ismail Yozgats, Vater des Ermordeten Halit Yozgat. So etwa Matthias Maus in der Münchner Abendzeitung, Andreas Gebert in der Thüringer Allgemeinen und Tanjev Schultz in der Süddeutschen Zeitung. Vielen Autoren ist besonders eine Szene in Erinnerung geblieben.
