{"version":"1.0","provider_name":"Das NSU-Prozess-Blog","provider_url":"https:\/\/blog.zeit.de\/nsu-prozess-blog","author_name":"Mirjam Schmitt","author_url":"https:\/\/blog.zeit.de\/nsu-prozess-blog\/author\/mschmitt\/","title":"\"F\u00fcr Beate Zsch\u00e4pe war es ein guter Tag\" \u2013 das Medienlog vom Mittwoch, 9. September 2013 - Das NSU-Prozess-Blog","type":"rich","width":600,"height":338,"html":"<blockquote class=\"wp-embedded-content\" data-secret=\"PCebx2WvWA\"><a href=\"https:\/\/blog.zeit.de\/nsu-prozess-blog\/2013\/10\/09\/zschaepe-dortmund-zeugen\/\">&#8222;F\u00fcr Beate Zsch\u00e4pe war es ein guter Tag&#8220; \u2013 das Medienlog vom Mittwoch, 9. September 2013<\/a><\/blockquote><iframe sandbox=\"allow-scripts\" security=\"restricted\" src=\"https:\/\/blog.zeit.de\/nsu-prozess-blog\/2013\/10\/09\/zschaepe-dortmund-zeugen\/embed\/#?secret=PCebx2WvWA\" width=\"600\" height=\"338\" title=\"&#8222;&#8222;F\u00fcr Beate Zsch\u00e4pe war es ein guter Tag&#8220; \u2013 das Medienlog vom Mittwoch, 9. September 2013&#8220; &#8212; Das NSU-Prozess-Blog\" data-secret=\"PCebx2WvWA\" frameborder=\"0\" marginwidth=\"0\" marginheight=\"0\" scrolling=\"no\" class=\"wp-embedded-content\"><\/iframe><script type=\"text\/javascript\">\n\/* <![CDATA[ *\/\n\/*! This file is auto-generated *\/\n!function(d,l){\"use strict\";l.querySelector&&d.addEventListener&&\"undefined\"!=typeof URL&&(d.wp=d.wp||{},d.wp.receiveEmbedMessage||(d.wp.receiveEmbedMessage=function(e){var t=e.data;if((t||t.secret||t.message||t.value)&&!\/[^a-zA-Z0-9]\/.test(t.secret)){for(var s,r,n,a=l.querySelectorAll('iframe[data-secret=\"'+t.secret+'\"]'),o=l.querySelectorAll('blockquote[data-secret=\"'+t.secret+'\"]'),c=new RegExp(\"^https?:$\",\"i\"),i=0;i<o.length;i++)o[i].style.display=\"none\";for(i=0;i<a.length;i++)s=a[i],e.source===s.contentWindow&&(s.removeAttribute(\"style\"),\"height\"===t.message?(1e3<(r=parseInt(t.value,10))?r=1e3:~~r<200&&(r=200),s.height=r):\"link\"===t.message&&(r=new URL(s.getAttribute(\"src\")),n=new URL(t.value),c.test(n.protocol))&&n.host===r.host&&l.activeElement===s&&(d.top.location.href=t.value))}},d.addEventListener(\"message\",d.wp.receiveEmbedMessage,!1),l.addEventListener(\"DOMContentLoaded\",function(){for(var e,t,s=l.querySelectorAll(\"iframe.wp-embedded-content\"),r=0;r<s.length;r++)(t=(e=s[r]).getAttribute(\"data-secret\"))||(t=Math.random().toString(36).substring(2,12),e.src+=\"#?secret=\"+t,e.setAttribute(\"data-secret\",t)),e.contentWindow.postMessage({message:\"ready\",secret:t},\"*\")},!1)))}(window,document);\n\/* ]]> *\/\n<\/script>\n","description":"War Beate Zsch\u00e4pe in Dortmund oder handelt es sich um eine Verwechslung? Diese Frage besch\u00e4ftigte die Medien nach dem 43. Verhandlungstag. Die Zweifel an der Zeugenaussage von Veronika A., die Zsch\u00e4pe zur Zeit eines NSU-Mordes dort gesehen haben will, sind noch einmal gr\u00f6\u00dfer geworden."}

"Für Beate Zschäpe war es ein guter Tag" – das Medienlog vom Mittwoch, 9. September 2013 - Das NSU-Prozess-Blog

<blockquote class="wp-embedded-content" data-secret="PCebx2WvWA"><a href="https://blog.zeit.de/nsu-prozess-blog/2013/10/09/zschaepe-dortmund-zeugen/">&#8222;Für Beate Zschäpe war es ein guter Tag&#8220; – das Medienlog vom Mittwoch, 9. September 2013</a></blockquote><iframe sandbox="allow-scripts" security="restricted" src="https://blog.zeit.de/nsu-prozess-blog/2013/10/09/zschaepe-dortmund-zeugen/embed/#?secret=PCebx2WvWA" width="600" height="338" title="&#8222;&#8222;Für Beate Zschäpe war es ein guter Tag&#8220; – das Medienlog vom Mittwoch, 9. September 2013&#8220; &#8212; Das NSU-Prozess-Blog" data-secret="PCebx2WvWA" frameborder="0" marginwidth="0" marginheight="0" scrolling="no" class="wp-embedded-content"></iframe><script type="text/javascript">
/* <![CDATA[ */
/*! This file is auto-generated */
!function(d,l){"use strict";l.querySelector&&d.addEventListener&&"undefined"!=typeof URL&&(d.wp=d.wp||{},d.wp.receiveEmbedMessage||(d.wp.receiveEmbedMessage=function(e){var t=e.data;if((t||t.secret||t.message||t.value)&&!/[^a-zA-Z0-9]/.test(t.secret)){for(var s,r,n,a=l.querySelectorAll('iframe[data-secret="'+t.secret+'"]'),o=l.querySelectorAll('blockquote[data-secret="'+t.secret+'"]'),c=new RegExp("^https?:$","i"),i=0;i<o.length;i++)o[i].style.display="none";for(i=0;i<a.length;i++)s=a[i],e.source===s.contentWindow&&(s.removeAttribute("style"),"height"===t.message?(1e3<(r=parseInt(t.value,10))?r=1e3:~~r<200&&(r=200),s.height=r):"link"===t.message&&(r=new URL(s.getAttribute("src")),n=new URL(t.value),c.test(n.protocol))&&n.host===r.host&&l.activeElement===s&&(d.top.location.href=t.value))}},d.addEventListener("message",d.wp.receiveEmbedMessage,!1),l.addEventListener("DOMContentLoaded",function(){for(var e,t,s=l.querySelectorAll("iframe.wp-embedded-content"),r=0;r<s.length;r++)(t=(e=s[r]).getAttribute("data-secret"))||(t=Math.random().toString(36).substring(2,12),e.src+="#?secret="+t,e.setAttribute("data-secret",t)),e.contentWindow.postMessage({message:"ready",secret:t},"*")},!1)))}(window,document);
/* ]]> */
</script>

War Beate Zschäpe in Dortmund oder handelt es sich um eine Verwechslung? Diese Frage beschäftigte die Medien nach dem 43. Verhandlungstag. Die Zweifel an der Zeugenaussage von Veronika A., die Zschäpe zur Zeit eines NSU-Mordes dort gesehen haben will, sind noch einmal größer geworden.
