{"version":"1.0","provider_name":"Das NSU-Prozess-Blog","provider_url":"https:\/\/blog.zeit.de\/nsu-prozess-blog","author_name":"Mirjam Schmitt","author_url":"https:\/\/blog.zeit.de\/nsu-prozess-blog\/author\/mschmitt\/","title":"\"Selbstbewusst aber nicht gewaltbereit\" \u2013 das Medienlog vom Montag, 16. Dezember 2013 - Das NSU-Prozess-Blog","type":"rich","width":600,"height":338,"html":"<blockquote class=\"wp-embedded-content\" data-secret=\"2JsrrntUem\"><a href=\"https:\/\/blog.zeit.de\/nsu-prozess-blog\/2013\/12\/16\/cousin-zschaepe\/\">&#8222;Selbstbewusst aber nicht gewaltbereit&#8220; \u2013 das Medienlog vom Montag, 16. Dezember 2013<\/a><\/blockquote><iframe sandbox=\"allow-scripts\" security=\"restricted\" src=\"https:\/\/blog.zeit.de\/nsu-prozess-blog\/2013\/12\/16\/cousin-zschaepe\/embed\/#?secret=2JsrrntUem\" width=\"600\" height=\"338\" title=\"&#8222;&#8222;Selbstbewusst aber nicht gewaltbereit&#8220; \u2013 das Medienlog vom Montag, 16. Dezember 2013&#8220; &#8212; Das NSU-Prozess-Blog\" data-secret=\"2JsrrntUem\" frameborder=\"0\" marginwidth=\"0\" marginheight=\"0\" scrolling=\"no\" class=\"wp-embedded-content\"><\/iframe><script type=\"text\/javascript\">\n\/* <![CDATA[ *\/\n\/*! This file is auto-generated *\/\n!function(d,l){\"use strict\";l.querySelector&&d.addEventListener&&\"undefined\"!=typeof URL&&(d.wp=d.wp||{},d.wp.receiveEmbedMessage||(d.wp.receiveEmbedMessage=function(e){var t=e.data;if((t||t.secret||t.message||t.value)&&!\/[^a-zA-Z0-9]\/.test(t.secret)){for(var s,r,n,a=l.querySelectorAll('iframe[data-secret=\"'+t.secret+'\"]'),o=l.querySelectorAll('blockquote[data-secret=\"'+t.secret+'\"]'),c=new RegExp(\"^https?:$\",\"i\"),i=0;i<o.length;i++)o[i].style.display=\"none\";for(i=0;i<a.length;i++)s=a[i],e.source===s.contentWindow&&(s.removeAttribute(\"style\"),\"height\"===t.message?(1e3<(r=parseInt(t.value,10))?r=1e3:~~r<200&&(r=200),s.height=r):\"link\"===t.message&&(r=new URL(s.getAttribute(\"src\")),n=new URL(t.value),c.test(n.protocol))&&n.host===r.host&&l.activeElement===s&&(d.top.location.href=t.value))}},d.addEventListener(\"message\",d.wp.receiveEmbedMessage,!1),l.addEventListener(\"DOMContentLoaded\",function(){for(var e,t,s=l.querySelectorAll(\"iframe.wp-embedded-content\"),r=0;r<s.length;r++)(t=(e=s[r]).getAttribute(\"data-secret\"))||(t=Math.random().toString(36).substring(2,12),e.src+=\"#?secret=\"+t,e.setAttribute(\"data-secret\",t)),e.contentWindow.postMessage({message:\"ready\",secret:t},\"*\")},!1)))}(window,document);\n\/* ]]> *\/\n<\/script>\n","description":"W\u00e4hrend der Aussage von Brigitte B\u00f6hnhardt, der Mutter des toten NSU-Mitglieds Uwe B\u00f6hnhardt, sei die Angeklagte Beate Zsch\u00e4pe vor Gericht das erste Mal innerlich aufgew\u00fchlt gewesen, schreibt Andreas F\u00f6rster im Magazin Cicero. Brigitte B\u00f6hnhardt sagte am 57. und 58. Verhandlungstag im NSU-Prozess aus. (Vgl. Medienlog vom 21. November 2013)"}

Während der Aussage von Brigitte Böhnhardt, der Mutter des toten NSU-Mitglieds Uwe Böhnhardt, sei die Angeklagte Beate Zschäpe vor Gericht das erste Mal innerlich aufgewühlt gewesen, schreibt Andreas Förster im Magazin Cicero. Brigitte Böhnhardt sagte am 57. und 58. Verhandlungstag im NSU-Prozess aus. (Vgl. Medienlog vom 21. November 2013)
