{"version":"1.0","provider_name":"Das NSU-Prozess-Blog","provider_url":"https:\/\/blog.zeit.de\/nsu-prozess-blog","author_name":"Mirjam Schmitt","author_url":"https:\/\/blog.zeit.de\/nsu-prozess-blog\/author\/mschmitt\/","title":"Jahresr\u00fcckblick im NSU-Prozess \u2013 das Medienlog vom Montag, 30. Januar 2013 - Das NSU-Prozess-Blog","type":"rich","width":600,"height":338,"html":"<blockquote class=\"wp-embedded-content\" data-secret=\"LF5FSVSeBf\"><a href=\"https:\/\/blog.zeit.de\/nsu-prozess-blog\/2013\/12\/30\/jahresrueckblick\/\">Jahresr\u00fcckblick im NSU-Prozess \u2013 das Medienlog vom Montag, 30. Januar 2013<\/a><\/blockquote><iframe sandbox=\"allow-scripts\" security=\"restricted\" src=\"https:\/\/blog.zeit.de\/nsu-prozess-blog\/2013\/12\/30\/jahresrueckblick\/embed\/#?secret=LF5FSVSeBf\" width=\"600\" height=\"338\" title=\"&#8222;Jahresr\u00fcckblick im NSU-Prozess \u2013 das Medienlog vom Montag, 30. Januar 2013&#8220; &#8212; Das NSU-Prozess-Blog\" data-secret=\"LF5FSVSeBf\" frameborder=\"0\" marginwidth=\"0\" marginheight=\"0\" scrolling=\"no\" class=\"wp-embedded-content\"><\/iframe><script type=\"text\/javascript\">\n\/* <![CDATA[ *\/\n\/*! This file is auto-generated *\/\n!function(d,l){\"use strict\";l.querySelector&&d.addEventListener&&\"undefined\"!=typeof URL&&(d.wp=d.wp||{},d.wp.receiveEmbedMessage||(d.wp.receiveEmbedMessage=function(e){var t=e.data;if((t||t.secret||t.message||t.value)&&!\/[^a-zA-Z0-9]\/.test(t.secret)){for(var s,r,n,a=l.querySelectorAll('iframe[data-secret=\"'+t.secret+'\"]'),o=l.querySelectorAll('blockquote[data-secret=\"'+t.secret+'\"]'),c=new RegExp(\"^https?:$\",\"i\"),i=0;i<o.length;i++)o[i].style.display=\"none\";for(i=0;i<a.length;i++)s=a[i],e.source===s.contentWindow&&(s.removeAttribute(\"style\"),\"height\"===t.message?(1e3<(r=parseInt(t.value,10))?r=1e3:~~r<200&&(r=200),s.height=r):\"link\"===t.message&&(r=new URL(s.getAttribute(\"src\")),n=new URL(t.value),c.test(n.protocol))&&n.host===r.host&&l.activeElement===s&&(d.top.location.href=t.value))}},d.addEventListener(\"message\",d.wp.receiveEmbedMessage,!1),l.addEventListener(\"DOMContentLoaded\",function(){for(var e,t,s=l.querySelectorAll(\"iframe.wp-embedded-content\"),r=0;r<s.length;r++)(t=(e=s[r]).getAttribute(\"data-secret\"))||(t=Math.random().toString(36).substring(2,12),e.src+=\"#?secret=\"+t,e.setAttribute(\"data-secret\",t)),e.contentWindow.postMessage({message:\"ready\",secret:t},\"*\")},!1)))}(window,document);\n\/* ]]> *\/\n<\/script>\n","description":"Neun der zehn Morde des NSU wurden bislang vor Gericht verhandelt, ebenfalls Thema war die Brandstiftung in der Zwickauer Wohnung. Die Medien blicken auf die letzten 71 Verhandlungstage zur\u00fcck. So etwa Ralf Isermann in der Berliner Zeitung. Im n\u00e4chsten Jahr wird das Gericht den Mord an der Polizistin Mich\u00e8le Kiesewetter, die zwei Bombenanschl\u00e4ge in K\u00f6ln [&hellip;]"}

Jahresrückblick im NSU-Prozess – das Medienlog vom Montag, 30. Januar 2013 - Das NSU-Prozess-Blog

<blockquote class="wp-embedded-content" data-secret="LF5FSVSeBf"><a href="https://blog.zeit.de/nsu-prozess-blog/2013/12/30/jahresrueckblick/">Jahresrückblick im NSU-Prozess – das Medienlog vom Montag, 30. Januar 2013</a></blockquote><iframe sandbox="allow-scripts" security="restricted" src="https://blog.zeit.de/nsu-prozess-blog/2013/12/30/jahresrueckblick/embed/#?secret=LF5FSVSeBf" width="600" height="338" title="&#8222;Jahresrückblick im NSU-Prozess – das Medienlog vom Montag, 30. Januar 2013&#8220; &#8212; Das NSU-Prozess-Blog" data-secret="LF5FSVSeBf" frameborder="0" marginwidth="0" marginheight="0" scrolling="no" class="wp-embedded-content"></iframe><script type="text/javascript">
/* <![CDATA[ */
/*! This file is auto-generated */
!function(d,l){"use strict";l.querySelector&&d.addEventListener&&"undefined"!=typeof URL&&(d.wp=d.wp||{},d.wp.receiveEmbedMessage||(d.wp.receiveEmbedMessage=function(e){var t=e.data;if((t||t.secret||t.message||t.value)&&!/[^a-zA-Z0-9]/.test(t.secret)){for(var s,r,n,a=l.querySelectorAll('iframe[data-secret="'+t.secret+'"]'),o=l.querySelectorAll('blockquote[data-secret="'+t.secret+'"]'),c=new RegExp("^https?:$","i"),i=0;i<o.length;i++)o[i].style.display="none";for(i=0;i<a.length;i++)s=a[i],e.source===s.contentWindow&&(s.removeAttribute("style"),"height"===t.message?(1e3<(r=parseInt(t.value,10))?r=1e3:~~r<200&&(r=200),s.height=r):"link"===t.message&&(r=new URL(s.getAttribute("src")),n=new URL(t.value),c.test(n.protocol))&&n.host===r.host&&l.activeElement===s&&(d.top.location.href=t.value))}},d.addEventListener("message",d.wp.receiveEmbedMessage,!1),l.addEventListener("DOMContentLoaded",function(){for(var e,t,s=l.querySelectorAll("iframe.wp-embedded-content"),r=0;r<s.length;r++)(t=(e=s[r]).getAttribute("data-secret"))||(t=Math.random().toString(36).substring(2,12),e.src+="#?secret="+t,e.setAttribute("data-secret",t)),e.contentWindow.postMessage({message:"ready",secret:t},"*")},!1)))}(window,document);
/* ]]> */
</script>

Neun der zehn Morde des NSU wurden bislang vor Gericht verhandelt, ebenfalls Thema war die Brandstiftung in der Zwickauer Wohnung. Die Medien blicken auf die letzten 71 Verhandlungstage zurück. So etwa Ralf Isermann in der Berliner Zeitung. Im nächsten Jahr wird das Gericht den Mord an der Polizistin Michèle Kiesewetter, die zwei Bombenanschläge in Köln [&hellip;]
