{"version":"1.0","provider_name":"Das NSU-Prozess-Blog","provider_url":"https:\/\/blog.zeit.de\/nsu-prozess-blog","author_name":"Tom Sundermann","author_url":"https:\/\/blog.zeit.de\/nsu-prozess-blog\/author\/tsundermann\/","title":"Zsch\u00e4pes Verhalten verschreckt Nebenkl\u00e4ger \u2013 das Medienlog vom Montag, 13. Januar 2014 - Das NSU-Prozess-Blog","type":"rich","width":600,"height":338,"html":"<blockquote class=\"wp-embedded-content\" data-secret=\"wiAuBn2ory\"><a href=\"https:\/\/blog.zeit.de\/nsu-prozess-blog\/2014\/01\/13\/medienlog-kiesewetter\/\">Zsch\u00e4pes Verhalten verschreckt Nebenkl\u00e4ger \u2013 das Medienlog vom Montag, 13. Januar 2014<\/a><\/blockquote><iframe sandbox=\"allow-scripts\" security=\"restricted\" src=\"https:\/\/blog.zeit.de\/nsu-prozess-blog\/2014\/01\/13\/medienlog-kiesewetter\/embed\/#?secret=wiAuBn2ory\" width=\"600\" height=\"338\" title=\"&#8222;Zsch\u00e4pes Verhalten verschreckt Nebenkl\u00e4ger \u2013 das Medienlog vom Montag, 13. Januar 2014&#8220; &#8212; Das NSU-Prozess-Blog\" data-secret=\"wiAuBn2ory\" frameborder=\"0\" marginwidth=\"0\" marginheight=\"0\" scrolling=\"no\" class=\"wp-embedded-content\"><\/iframe><script type=\"text\/javascript\">\n\/* <![CDATA[ *\/\n\/*! This file is auto-generated *\/\n!function(d,l){\"use strict\";l.querySelector&&d.addEventListener&&\"undefined\"!=typeof URL&&(d.wp=d.wp||{},d.wp.receiveEmbedMessage||(d.wp.receiveEmbedMessage=function(e){var t=e.data;if((t||t.secret||t.message||t.value)&&!\/[^a-zA-Z0-9]\/.test(t.secret)){for(var s,r,n,a=l.querySelectorAll('iframe[data-secret=\"'+t.secret+'\"]'),o=l.querySelectorAll('blockquote[data-secret=\"'+t.secret+'\"]'),c=new RegExp(\"^https?:$\",\"i\"),i=0;i<o.length;i++)o[i].style.display=\"none\";for(i=0;i<a.length;i++)s=a[i],e.source===s.contentWindow&&(s.removeAttribute(\"style\"),\"height\"===t.message?(1e3<(r=parseInt(t.value,10))?r=1e3:~~r<200&&(r=200),s.height=r):\"link\"===t.message&&(r=new URL(s.getAttribute(\"src\")),n=new URL(t.value),c.test(n.protocol))&&n.host===r.host&&l.activeElement===s&&(d.top.location.href=t.value))}},d.addEventListener(\"message\",d.wp.receiveEmbedMessage,!1),l.addEventListener(\"DOMContentLoaded\",function(){for(var e,t,s=l.querySelectorAll(\"iframe.wp-embedded-content\"),r=0;r<s.length;r++)(t=(e=s[r]).getAttribute(\"data-secret\"))||(t=Math.random().toString(36).substring(2,12),e.src+=\"#?secret=\"+t,e.setAttribute(\"data-secret\",t)),e.contentWindow.postMessage({message:\"ready\",secret:t},\"*\")},!1)))}(window,document);\n\/* ]]> *\/\n<\/script>\n","description":"86 Nebenkl\u00e4ger sind f\u00fcr den NSU-Prozess akkreditiert \u2013 doch an der Verhandlung nehmen die Opfer und Familien der Hinterbliebenen nur noch selten teil. Einer der Gr\u00fcnde sei das gef\u00fchlskalte Verhalten der Hauptangeklagten Beate Zsch\u00e4pe, das viele Betroffene abschrecke, schreibt die Ombudsfrau der Opfer und Hinterbliebenen des NSU, Barbara John, im Tagesspiegel. Die Nebenkl\u00e4ger blieben den [&hellip;]"}

Zschäpes Verhalten verschreckt Nebenkläger – das Medienlog vom Montag, 13. Januar 2014 - Das NSU-Prozess-Blog

<blockquote class="wp-embedded-content" data-secret="wiAuBn2ory"><a href="https://blog.zeit.de/nsu-prozess-blog/2014/01/13/medienlog-kiesewetter/">Zschäpes Verhalten verschreckt Nebenkläger – das Medienlog vom Montag, 13. Januar 2014</a></blockquote><iframe sandbox="allow-scripts" security="restricted" src="https://blog.zeit.de/nsu-prozess-blog/2014/01/13/medienlog-kiesewetter/embed/#?secret=wiAuBn2ory" width="600" height="338" title="&#8222;Zschäpes Verhalten verschreckt Nebenkläger – das Medienlog vom Montag, 13. Januar 2014&#8220; &#8212; Das NSU-Prozess-Blog" data-secret="wiAuBn2ory" frameborder="0" marginwidth="0" marginheight="0" scrolling="no" class="wp-embedded-content"></iframe><script type="text/javascript">
/* <![CDATA[ */
/*! This file is auto-generated */
!function(d,l){"use strict";l.querySelector&&d.addEventListener&&"undefined"!=typeof URL&&(d.wp=d.wp||{},d.wp.receiveEmbedMessage||(d.wp.receiveEmbedMessage=function(e){var t=e.data;if((t||t.secret||t.message||t.value)&&!/[^a-zA-Z0-9]/.test(t.secret)){for(var s,r,n,a=l.querySelectorAll('iframe[data-secret="'+t.secret+'"]'),o=l.querySelectorAll('blockquote[data-secret="'+t.secret+'"]'),c=new RegExp("^https?:$","i"),i=0;i<o.length;i++)o[i].style.display="none";for(i=0;i<a.length;i++)s=a[i],e.source===s.contentWindow&&(s.removeAttribute("style"),"height"===t.message?(1e3<(r=parseInt(t.value,10))?r=1e3:~~r<200&&(r=200),s.height=r):"link"===t.message&&(r=new URL(s.getAttribute("src")),n=new URL(t.value),c.test(n.protocol))&&n.host===r.host&&l.activeElement===s&&(d.top.location.href=t.value))}},d.addEventListener("message",d.wp.receiveEmbedMessage,!1),l.addEventListener("DOMContentLoaded",function(){for(var e,t,s=l.querySelectorAll("iframe.wp-embedded-content"),r=0;r<s.length;r++)(t=(e=s[r]).getAttribute("data-secret"))||(t=Math.random().toString(36).substring(2,12),e.src+="#?secret="+t,e.setAttribute("data-secret",t)),e.contentWindow.postMessage({message:"ready",secret:t},"*")},!1)))}(window,document);
/* ]]> */
</script>

86 Nebenkläger sind für den NSU-Prozess akkreditiert – doch an der Verhandlung nehmen die Opfer und Familien der Hinterbliebenen nur noch selten teil. Einer der Gründe sei das gefühlskalte Verhalten der Hauptangeklagten Beate Zschäpe, das viele Betroffene abschrecke, schreibt die Ombudsfrau der Opfer und Hinterbliebenen des NSU, Barbara John, im Tagesspiegel. Die Nebenkläger blieben den [&hellip;]
