{"version":"1.0","provider_name":"Das NSU-Prozess-Blog","provider_url":"https:\/\/blog.zeit.de\/nsu-prozess-blog","author_name":"Tom Sundermann","author_url":"https:\/\/blog.zeit.de\/nsu-prozess-blog\/author\/tsundermann\/","title":"Ein Vater, der nichts ahnte \u2013 Das Medienlog vom Freitag, 24. Januar 2014 - Das NSU-Prozess-Blog","type":"rich","width":600,"height":338,"html":"<blockquote class=\"wp-embedded-content\" data-secret=\"9ivupYgEtc\"><a href=\"https:\/\/blog.zeit.de\/nsu-prozess-blog\/2014\/01\/24\/medienlog-juergen-boehnhardt-aussage\/\">Ein Vater, der nichts ahnte \u2013 Das Medienlog vom Freitag, 24. Januar 2014<\/a><\/blockquote><iframe sandbox=\"allow-scripts\" security=\"restricted\" src=\"https:\/\/blog.zeit.de\/nsu-prozess-blog\/2014\/01\/24\/medienlog-juergen-boehnhardt-aussage\/embed\/#?secret=9ivupYgEtc\" width=\"600\" height=\"338\" title=\"&#8222;Ein Vater, der nichts ahnte \u2013 Das Medienlog vom Freitag, 24. Januar 2014&#8220; &#8212; Das NSU-Prozess-Blog\" data-secret=\"9ivupYgEtc\" frameborder=\"0\" marginwidth=\"0\" marginheight=\"0\" scrolling=\"no\" class=\"wp-embedded-content\"><\/iframe><script type=\"text\/javascript\">\n\/* <![CDATA[ *\/\n\/*! This file is auto-generated *\/\n!function(d,l){\"use strict\";l.querySelector&&d.addEventListener&&\"undefined\"!=typeof URL&&(d.wp=d.wp||{},d.wp.receiveEmbedMessage||(d.wp.receiveEmbedMessage=function(e){var t=e.data;if((t||t.secret||t.message||t.value)&&!\/[^a-zA-Z0-9]\/.test(t.secret)){for(var s,r,n,a=l.querySelectorAll('iframe[data-secret=\"'+t.secret+'\"]'),o=l.querySelectorAll('blockquote[data-secret=\"'+t.secret+'\"]'),c=new RegExp(\"^https?:$\",\"i\"),i=0;i<o.length;i++)o[i].style.display=\"none\";for(i=0;i<a.length;i++)s=a[i],e.source===s.contentWindow&&(s.removeAttribute(\"style\"),\"height\"===t.message?(1e3<(r=parseInt(t.value,10))?r=1e3:~~r<200&&(r=200),s.height=r):\"link\"===t.message&&(r=new URL(s.getAttribute(\"src\")),n=new URL(t.value),c.test(n.protocol))&&n.host===r.host&&l.activeElement===s&&(d.top.location.href=t.value))}},d.addEventListener(\"message\",d.wp.receiveEmbedMessage,!1),l.addEventListener(\"DOMContentLoaded\",function(){for(var e,t,s=l.querySelectorAll(\"iframe.wp-embedded-content\"),r=0;r<s.length;r++)(t=(e=s[r]).getAttribute(\"data-secret\"))||(t=Math.random().toString(36).substring(2,12),e.src+=\"#?secret=\"+t,e.setAttribute(\"data-secret\",t)),e.contentWindow.postMessage({message:\"ready\",secret:t},\"*\")},!1)))}(window,document);\n\/* ]]> *\/\n<\/script>\n","description":"Der Vater des NSU-Mitglieds Uwe B\u00f6hnhardt hat im M\u00fcnchner NSU-Prozess ausgesagt. J\u00fcrgen B\u00f6hnhardt entschuldigte sich bei den Opfern der NSU-Taten. Zudem berichtete er von Uwes Kindheit und seinem eigenen Schicksal, mit dem Verschwinden und schlie\u00dflich dem Tod des Sohns umgehen zu m\u00fcssen. Von dessen Radikalisierung will er aber nichts geahnt haben, wie den Berichten zum [&hellip;]"}

Der Vater des NSU-Mitglieds Uwe Böhnhardt hat im Münchner NSU-Prozess ausgesagt. Jürgen Böhnhardt entschuldigte sich bei den Opfern der NSU-Taten. Zudem berichtete er von Uwes Kindheit und seinem eigenen Schicksal, mit dem Verschwinden und schließlich dem Tod des Sohns umgehen zu müssen. Von dessen Radikalisierung will er aber nichts geahnt haben, wie den Berichten zum [&hellip;]
