{"version":"1.0","provider_name":"Das NSU-Prozess-Blog","provider_url":"https:\/\/blog.zeit.de\/nsu-prozess-blog","author_name":"Tom Sundermann","author_url":"https:\/\/blog.zeit.de\/nsu-prozess-blog\/author\/tsundermann\/","title":"Andr\u00e9 K. provoziert im Gericht \u2013 Das Medienlog vom Freitag, 21. M\u00e4rz 2014 - Das NSU-Prozess-Blog","type":"rich","width":600,"height":338,"html":"<blockquote class=\"wp-embedded-content\" data-secret=\"yJFu669de0\"><a href=\"https:\/\/blog.zeit.de\/nsu-prozess-blog\/2014\/03\/21\/medienlog-andre-k-nebenklage\/\">Andr\u00e9 K. provoziert im Gericht \u2013 Das Medienlog vom Freitag, 21. M\u00e4rz 2014<\/a><\/blockquote><iframe sandbox=\"allow-scripts\" security=\"restricted\" src=\"https:\/\/blog.zeit.de\/nsu-prozess-blog\/2014\/03\/21\/medienlog-andre-k-nebenklage\/embed\/#?secret=yJFu669de0\" width=\"600\" height=\"338\" title=\"&#8222;Andr\u00e9 K. provoziert im Gericht \u2013 Das Medienlog vom Freitag, 21. M\u00e4rz 2014&#8220; &#8212; Das NSU-Prozess-Blog\" data-secret=\"yJFu669de0\" frameborder=\"0\" marginwidth=\"0\" marginheight=\"0\" scrolling=\"no\" class=\"wp-embedded-content\"><\/iframe><script type=\"text\/javascript\">\n\/* <![CDATA[ *\/\n\/*! This file is auto-generated *\/\n!function(d,l){\"use strict\";l.querySelector&&d.addEventListener&&\"undefined\"!=typeof URL&&(d.wp=d.wp||{},d.wp.receiveEmbedMessage||(d.wp.receiveEmbedMessage=function(e){var t=e.data;if((t||t.secret||t.message||t.value)&&!\/[^a-zA-Z0-9]\/.test(t.secret)){for(var s,r,n,a=l.querySelectorAll('iframe[data-secret=\"'+t.secret+'\"]'),o=l.querySelectorAll('blockquote[data-secret=\"'+t.secret+'\"]'),c=new RegExp(\"^https?:$\",\"i\"),i=0;i<o.length;i++)o[i].style.display=\"none\";for(i=0;i<a.length;i++)s=a[i],e.source===s.contentWindow&&(s.removeAttribute(\"style\"),\"height\"===t.message?(1e3<(r=parseInt(t.value,10))?r=1e3:~~r<200&&(r=200),s.height=r):\"link\"===t.message&&(r=new URL(s.getAttribute(\"src\")),n=new URL(t.value),c.test(n.protocol))&&n.host===r.host&&l.activeElement===s&&(d.top.location.href=t.value))}},d.addEventListener(\"message\",d.wp.receiveEmbedMessage,!1),l.addEventListener(\"DOMContentLoaded\",function(){for(var e,t,s=l.querySelectorAll(\"iframe.wp-embedded-content\"),r=0;r<s.length;r++)(t=(e=s[r]).getAttribute(\"data-secret\"))||(t=Math.random().toString(36).substring(2,12),e.src+=\"#?secret=\"+t,e.setAttribute(\"data-secret\",t)),e.contentWindow.postMessage({message:\"ready\",secret:t},\"*\")},!1)))}(window,document);\n\/* ]]> *\/\n<\/script>\n","description":"Zum dritten Mal ist der Jenaer Zeuge Andr\u00e9 K. am Donnerstag vor Gericht erschienen \u2013 und machte dabei unmissverst\u00e4ndlich klar, dass er die \u00dcberzeugungen der rechten Szene weiterhin teilt. Nebenkl\u00e4ger lasen ihm aus dem Manifest des Th\u00fcringer Heimatschutzes vor, in dem neben ihm auch Beate Zsch\u00e4pe, Uwe Mundlos und Uwe B\u00f6hnhardt organisiert waren: &#8222;Die Errichtung [&hellip;]"}

André K. provoziert im Gericht – Das Medienlog vom Freitag, 21. März 2014 - Das NSU-Prozess-Blog

<blockquote class="wp-embedded-content" data-secret="yJFu669de0"><a href="https://blog.zeit.de/nsu-prozess-blog/2014/03/21/medienlog-andre-k-nebenklage/">André K. provoziert im Gericht – Das Medienlog vom Freitag, 21. März 2014</a></blockquote><iframe sandbox="allow-scripts" security="restricted" src="https://blog.zeit.de/nsu-prozess-blog/2014/03/21/medienlog-andre-k-nebenklage/embed/#?secret=yJFu669de0" width="600" height="338" title="&#8222;André K. provoziert im Gericht – Das Medienlog vom Freitag, 21. März 2014&#8220; &#8212; Das NSU-Prozess-Blog" data-secret="yJFu669de0" frameborder="0" marginwidth="0" marginheight="0" scrolling="no" class="wp-embedded-content"></iframe><script type="text/javascript">
/* <![CDATA[ */
/*! This file is auto-generated */
!function(d,l){"use strict";l.querySelector&&d.addEventListener&&"undefined"!=typeof URL&&(d.wp=d.wp||{},d.wp.receiveEmbedMessage||(d.wp.receiveEmbedMessage=function(e){var t=e.data;if((t||t.secret||t.message||t.value)&&!/[^a-zA-Z0-9]/.test(t.secret)){for(var s,r,n,a=l.querySelectorAll('iframe[data-secret="'+t.secret+'"]'),o=l.querySelectorAll('blockquote[data-secret="'+t.secret+'"]'),c=new RegExp("^https?:$","i"),i=0;i<o.length;i++)o[i].style.display="none";for(i=0;i<a.length;i++)s=a[i],e.source===s.contentWindow&&(s.removeAttribute("style"),"height"===t.message?(1e3<(r=parseInt(t.value,10))?r=1e3:~~r<200&&(r=200),s.height=r):"link"===t.message&&(r=new URL(s.getAttribute("src")),n=new URL(t.value),c.test(n.protocol))&&n.host===r.host&&l.activeElement===s&&(d.top.location.href=t.value))}},d.addEventListener("message",d.wp.receiveEmbedMessage,!1),l.addEventListener("DOMContentLoaded",function(){for(var e,t,s=l.querySelectorAll("iframe.wp-embedded-content"),r=0;r<s.length;r++)(t=(e=s[r]).getAttribute("data-secret"))||(t=Math.random().toString(36).substring(2,12),e.src+="#?secret="+t,e.setAttribute("data-secret",t)),e.contentWindow.postMessage({message:"ready",secret:t},"*")},!1)))}(window,document);
/* ]]> */
</script>

Zum dritten Mal ist der Jenaer Zeuge André K. am Donnerstag vor Gericht erschienen – und machte dabei unmissverständlich klar, dass er die Überzeugungen der rechten Szene weiterhin teilt. Nebenkläger lasen ihm aus dem Manifest des Thüringer Heimatschutzes vor, in dem neben ihm auch Beate Zschäpe, Uwe Mundlos und Uwe Böhnhardt organisiert waren: &#8222;Die Errichtung [&hellip;]
