{"version":"1.0","provider_name":"Das NSU-Prozess-Blog","provider_url":"https:\/\/blog.zeit.de\/nsu-prozess-blog","author_name":"Tom Sundermann","author_url":"https:\/\/blog.zeit.de\/nsu-prozess-blog\/author\/tsundermann\/","title":"Beate Zsch\u00e4pe: jung und gewaltbereit? \u2013 Das Medienlog vom Donnerstag, 31. Juli 2014 - Das NSU-Prozess-Blog","type":"rich","width":600,"height":338,"html":"<blockquote class=\"wp-embedded-content\" data-secret=\"VqD4oeOaeG\"><a href=\"https:\/\/blog.zeit.de\/nsu-prozess-blog\/2014\/07\/31\/medienlog-zschaepe-angriff-jena\/\">Beate Zsch\u00e4pe: jung und gewaltbereit? \u2013 Das Medienlog vom Donnerstag, 31. Juli 2014<\/a><\/blockquote><iframe sandbox=\"allow-scripts\" security=\"restricted\" src=\"https:\/\/blog.zeit.de\/nsu-prozess-blog\/2014\/07\/31\/medienlog-zschaepe-angriff-jena\/embed\/#?secret=VqD4oeOaeG\" width=\"600\" height=\"338\" title=\"&#8222;Beate Zsch\u00e4pe: jung und gewaltbereit? \u2013 Das Medienlog vom Donnerstag, 31. Juli 2014&#8220; &#8212; Das NSU-Prozess-Blog\" data-secret=\"VqD4oeOaeG\" frameborder=\"0\" marginwidth=\"0\" marginheight=\"0\" scrolling=\"no\" class=\"wp-embedded-content\"><\/iframe><script type=\"text\/javascript\">\n\/* <![CDATA[ *\/\n\/*! This file is auto-generated *\/\n!function(d,l){\"use strict\";l.querySelector&&d.addEventListener&&\"undefined\"!=typeof URL&&(d.wp=d.wp||{},d.wp.receiveEmbedMessage||(d.wp.receiveEmbedMessage=function(e){var t=e.data;if((t||t.secret||t.message||t.value)&&!\/[^a-zA-Z0-9]\/.test(t.secret)){for(var s,r,n,a=l.querySelectorAll('iframe[data-secret=\"'+t.secret+'\"]'),o=l.querySelectorAll('blockquote[data-secret=\"'+t.secret+'\"]'),c=new RegExp(\"^https?:$\",\"i\"),i=0;i<o.length;i++)o[i].style.display=\"none\";for(i=0;i<a.length;i++)s=a[i],e.source===s.contentWindow&&(s.removeAttribute(\"style\"),\"height\"===t.message?(1e3<(r=parseInt(t.value,10))?r=1e3:~~r<200&&(r=200),s.height=r):\"link\"===t.message&&(r=new URL(s.getAttribute(\"src\")),n=new URL(t.value),c.test(n.protocol))&&n.host===r.host&&l.activeElement===s&&(d.top.location.href=t.value))}},d.addEventListener(\"message\",d.wp.receiveEmbedMessage,!1),l.addEventListener(\"DOMContentLoaded\",function(){for(var e,t,s=l.querySelectorAll(\"iframe.wp-embedded-content\"),r=0;r<s.length;r++)(t=(e=s[r]).getAttribute(\"data-secret\"))||(t=Math.random().toString(36).substring(2,12),e.src+=\"#?secret=\"+t,e.setAttribute(\"data-secret\",t)),e.contentWindow.postMessage({message:\"ready\",secret:t},\"*\")},!1)))}(window,document);\n\/* ]]> *\/\n<\/script>\n","description":"Beate Zsch\u00e4pe ist angeklagt als Komplizin zweier mutma\u00dflicher M\u00f6rder \u2013 die Aussagen am 132. Prozesstag legten allerdings nahe, dass Zsch\u00e4pe selbst ein aggressives Potenzial hat. Zwei Zeuginnen und eine Polizistin sagten \u00fcber einen Vorfall von 1996 aus, bei dem die Angeklagte in Jena eine Punkerin angegriffen haben soll. Unsicher ist jedoch die Bedeutung dieser Erkenntnis, [&hellip;]"}

Beate Zschäpe: jung und gewaltbereit? – Das Medienlog vom Donnerstag, 31. Juli 2014 - Das NSU-Prozess-Blog

<blockquote class="wp-embedded-content" data-secret="VqD4oeOaeG"><a href="https://blog.zeit.de/nsu-prozess-blog/2014/07/31/medienlog-zschaepe-angriff-jena/">Beate Zschäpe: jung und gewaltbereit? – Das Medienlog vom Donnerstag, 31. Juli 2014</a></blockquote><iframe sandbox="allow-scripts" security="restricted" src="https://blog.zeit.de/nsu-prozess-blog/2014/07/31/medienlog-zschaepe-angriff-jena/embed/#?secret=VqD4oeOaeG" width="600" height="338" title="&#8222;Beate Zschäpe: jung und gewaltbereit? – Das Medienlog vom Donnerstag, 31. Juli 2014&#8220; &#8212; Das NSU-Prozess-Blog" data-secret="VqD4oeOaeG" frameborder="0" marginwidth="0" marginheight="0" scrolling="no" class="wp-embedded-content"></iframe><script type="text/javascript">
/* <![CDATA[ */
/*! This file is auto-generated */
!function(d,l){"use strict";l.querySelector&&d.addEventListener&&"undefined"!=typeof URL&&(d.wp=d.wp||{},d.wp.receiveEmbedMessage||(d.wp.receiveEmbedMessage=function(e){var t=e.data;if((t||t.secret||t.message||t.value)&&!/[^a-zA-Z0-9]/.test(t.secret)){for(var s,r,n,a=l.querySelectorAll('iframe[data-secret="'+t.secret+'"]'),o=l.querySelectorAll('blockquote[data-secret="'+t.secret+'"]'),c=new RegExp("^https?:$","i"),i=0;i<o.length;i++)o[i].style.display="none";for(i=0;i<a.length;i++)s=a[i],e.source===s.contentWindow&&(s.removeAttribute("style"),"height"===t.message?(1e3<(r=parseInt(t.value,10))?r=1e3:~~r<200&&(r=200),s.height=r):"link"===t.message&&(r=new URL(s.getAttribute("src")),n=new URL(t.value),c.test(n.protocol))&&n.host===r.host&&l.activeElement===s&&(d.top.location.href=t.value))}},d.addEventListener("message",d.wp.receiveEmbedMessage,!1),l.addEventListener("DOMContentLoaded",function(){for(var e,t,s=l.querySelectorAll("iframe.wp-embedded-content"),r=0;r<s.length;r++)(t=(e=s[r]).getAttribute("data-secret"))||(t=Math.random().toString(36).substring(2,12),e.src+="#?secret="+t,e.setAttribute("data-secret",t)),e.contentWindow.postMessage({message:"ready",secret:t},"*")},!1)))}(window,document);
/* ]]> */
</script>

Beate Zschäpe ist angeklagt als Komplizin zweier mutmaßlicher Mörder – die Aussagen am 132. Prozesstag legten allerdings nahe, dass Zschäpe selbst ein aggressives Potenzial hat. Zwei Zeuginnen und eine Polizistin sagten über einen Vorfall von 1996 aus, bei dem die Angeklagte in Jena eine Punkerin angegriffen haben soll. Unsicher ist jedoch die Bedeutung dieser Erkenntnis, [&hellip;]
