{"version":"1.0","provider_name":"Das NSU-Prozess-Blog","provider_url":"https:\/\/blog.zeit.de\/nsu-prozess-blog","author_name":"Tom Sundermann","author_url":"https:\/\/blog.zeit.de\/nsu-prozess-blog\/author\/tsundermann\/","title":"Der Zeuge mit den Zuf\u00e4llen - Das NSU-Prozess-Blog","type":"rich","width":600,"height":338,"html":"<blockquote class=\"wp-embedded-content\" data-secret=\"BlHMvR7OQP\"><a href=\"https:\/\/blog.zeit.de\/nsu-prozess-blog\/2014\/11\/26\/der-zeuge-mit-den-zufaellen\/\">Der Zeuge mit den Zuf\u00e4llen<\/a><\/blockquote><iframe sandbox=\"allow-scripts\" security=\"restricted\" src=\"https:\/\/blog.zeit.de\/nsu-prozess-blog\/2014\/11\/26\/der-zeuge-mit-den-zufaellen\/embed\/#?secret=BlHMvR7OQP\" width=\"600\" height=\"338\" title=\"&#8222;Der Zeuge mit den Zuf\u00e4llen&#8220; &#8212; Das NSU-Prozess-Blog\" data-secret=\"BlHMvR7OQP\" frameborder=\"0\" marginwidth=\"0\" marginheight=\"0\" scrolling=\"no\" class=\"wp-embedded-content\"><\/iframe><script type=\"text\/javascript\">\n\/* <![CDATA[ *\/\n\/*! This file is auto-generated *\/\n!function(d,l){\"use strict\";l.querySelector&&d.addEventListener&&\"undefined\"!=typeof URL&&(d.wp=d.wp||{},d.wp.receiveEmbedMessage||(d.wp.receiveEmbedMessage=function(e){var t=e.data;if((t||t.secret||t.message||t.value)&&!\/[^a-zA-Z0-9]\/.test(t.secret)){for(var s,r,n,a=l.querySelectorAll('iframe[data-secret=\"'+t.secret+'\"]'),o=l.querySelectorAll('blockquote[data-secret=\"'+t.secret+'\"]'),c=new RegExp(\"^https?:$\",\"i\"),i=0;i<o.length;i++)o[i].style.display=\"none\";for(i=0;i<a.length;i++)s=a[i],e.source===s.contentWindow&&(s.removeAttribute(\"style\"),\"height\"===t.message?(1e3<(r=parseInt(t.value,10))?r=1e3:~~r<200&&(r=200),s.height=r):\"link\"===t.message&&(r=new URL(s.getAttribute(\"src\")),n=new URL(t.value),c.test(n.protocol))&&n.host===r.host&&l.activeElement===s&&(d.top.location.href=t.value))}},d.addEventListener(\"message\",d.wp.receiveEmbedMessage,!1),l.addEventListener(\"DOMContentLoaded\",function(){for(var e,t,s=l.querySelectorAll(\"iframe.wp-embedded-content\"),r=0;r<s.length;r++)(t=(e=s[r]).getAttribute(\"data-secret\"))||(t=Math.random().toString(36).substring(2,12),e.src+=\"#?secret=\"+t,e.setAttribute(\"data-secret\",t)),e.contentWindow.postMessage({message:\"ready\",secret:t},\"*\")},!1)))}(window,document);\n\/* ]]> *\/\n<\/script>\n","description":"Den NSU-Terroristen will er nicht geholfen haben \u2013 doch der Ausweis von Ralph H. lag in deren letzter Wohnung. Nur einer von vielen Zuf\u00e4llen um einen dubiosen Zeugen. Ist Ralph H. ein engagierter rechtsextremer Helfer? Oder ein gutm\u00fctiger Mitl\u00e4ufer, der sich von den Terroristen des NSU hat einspannen lassen? Der hagere Mann wirkt auff\u00e4llig harmlos [&hellip;]"}

Der Zeuge mit den Zufällen - Das NSU-Prozess-Blog

<blockquote class="wp-embedded-content" data-secret="BlHMvR7OQP"><a href="https://blog.zeit.de/nsu-prozess-blog/2014/11/26/der-zeuge-mit-den-zufaellen/">Der Zeuge mit den Zufällen</a></blockquote><iframe sandbox="allow-scripts" security="restricted" src="https://blog.zeit.de/nsu-prozess-blog/2014/11/26/der-zeuge-mit-den-zufaellen/embed/#?secret=BlHMvR7OQP" width="600" height="338" title="&#8222;Der Zeuge mit den Zufällen&#8220; &#8212; Das NSU-Prozess-Blog" data-secret="BlHMvR7OQP" frameborder="0" marginwidth="0" marginheight="0" scrolling="no" class="wp-embedded-content"></iframe><script type="text/javascript">
/* <![CDATA[ */
/*! This file is auto-generated */
!function(d,l){"use strict";l.querySelector&&d.addEventListener&&"undefined"!=typeof URL&&(d.wp=d.wp||{},d.wp.receiveEmbedMessage||(d.wp.receiveEmbedMessage=function(e){var t=e.data;if((t||t.secret||t.message||t.value)&&!/[^a-zA-Z0-9]/.test(t.secret)){for(var s,r,n,a=l.querySelectorAll('iframe[data-secret="'+t.secret+'"]'),o=l.querySelectorAll('blockquote[data-secret="'+t.secret+'"]'),c=new RegExp("^https?:$","i"),i=0;i<o.length;i++)o[i].style.display="none";for(i=0;i<a.length;i++)s=a[i],e.source===s.contentWindow&&(s.removeAttribute("style"),"height"===t.message?(1e3<(r=parseInt(t.value,10))?r=1e3:~~r<200&&(r=200),s.height=r):"link"===t.message&&(r=new URL(s.getAttribute("src")),n=new URL(t.value),c.test(n.protocol))&&n.host===r.host&&l.activeElement===s&&(d.top.location.href=t.value))}},d.addEventListener("message",d.wp.receiveEmbedMessage,!1),l.addEventListener("DOMContentLoaded",function(){for(var e,t,s=l.querySelectorAll("iframe.wp-embedded-content"),r=0;r<s.length;r++)(t=(e=s[r]).getAttribute("data-secret"))||(t=Math.random().toString(36).substring(2,12),e.src+="#?secret="+t,e.setAttribute("data-secret",t)),e.contentWindow.postMessage({message:"ready",secret:t},"*")},!1)))}(window,document);
/* ]]> */
</script>

Den NSU-Terroristen will er nicht geholfen haben – doch der Ausweis von Ralph H. lag in deren letzter Wohnung. Nur einer von vielen Zufällen um einen dubiosen Zeugen. Ist Ralph H. ein engagierter rechtsextremer Helfer? Oder ein gutmütiger Mitläufer, der sich von den Terroristen des NSU hat einspannen lassen? Der hagere Mann wirkt auffällig harmlos [&hellip;]
