{"version":"1.0","provider_name":"Das NSU-Prozess-Blog","provider_url":"https:\/\/blog.zeit.de\/nsu-prozess-blog","author_name":"Tom Sundermann","author_url":"https:\/\/blog.zeit.de\/nsu-prozess-blog\/author\/tsundermann\/","title":"Bauernschlaue Zsch\u00e4pe, explosiver B\u00f6hnhardt \u2013 Das Medienlog vom Donnerstag, 5. M\u00e4rz 2015 - Das NSU-Prozess-Blog","type":"rich","width":600,"height":338,"html":"<blockquote class=\"wp-embedded-content\" data-secret=\"RQgXBuoKzl\"><a href=\"https:\/\/blog.zeit.de\/nsu-prozess-blog\/2015\/03\/05\/medienlog-christian-k-zschaepe-boenhardt-nsu\/\">Bauernschlaue Zsch\u00e4pe, explosiver B\u00f6hnhardt \u2013 Das Medienlog vom Donnerstag, 5. M\u00e4rz 2015<\/a><\/blockquote><iframe sandbox=\"allow-scripts\" security=\"restricted\" src=\"https:\/\/blog.zeit.de\/nsu-prozess-blog\/2015\/03\/05\/medienlog-christian-k-zschaepe-boenhardt-nsu\/embed\/#?secret=RQgXBuoKzl\" width=\"600\" height=\"338\" title=\"&#8222;Bauernschlaue Zsch\u00e4pe, explosiver B\u00f6hnhardt \u2013 Das Medienlog vom Donnerstag, 5. M\u00e4rz 2015&#8220; &#8212; Das NSU-Prozess-Blog\" data-secret=\"RQgXBuoKzl\" frameborder=\"0\" marginwidth=\"0\" marginheight=\"0\" scrolling=\"no\" class=\"wp-embedded-content\"><\/iframe><script type=\"text\/javascript\">\n\/* <![CDATA[ *\/\n\/*! This file is auto-generated *\/\n!function(d,l){\"use strict\";l.querySelector&&d.addEventListener&&\"undefined\"!=typeof URL&&(d.wp=d.wp||{},d.wp.receiveEmbedMessage||(d.wp.receiveEmbedMessage=function(e){var t=e.data;if((t||t.secret||t.message||t.value)&&!\/[^a-zA-Z0-9]\/.test(t.secret)){for(var s,r,n,a=l.querySelectorAll('iframe[data-secret=\"'+t.secret+'\"]'),o=l.querySelectorAll('blockquote[data-secret=\"'+t.secret+'\"]'),c=new RegExp(\"^https?:$\",\"i\"),i=0;i<o.length;i++)o[i].style.display=\"none\";for(i=0;i<a.length;i++)s=a[i],e.source===s.contentWindow&&(s.removeAttribute(\"style\"),\"height\"===t.message?(1e3<(r=parseInt(t.value,10))?r=1e3:~~r<200&&(r=200),s.height=r):\"link\"===t.message&&(r=new URL(s.getAttribute(\"src\")),n=new URL(t.value),c.test(n.protocol))&&n.host===r.host&&l.activeElement===s&&(d.top.location.href=t.value))}},d.addEventListener(\"message\",d.wp.receiveEmbedMessage,!1),l.addEventListener(\"DOMContentLoaded\",function(){for(var e,t,s=l.querySelectorAll(\"iframe.wp-embedded-content\"),r=0;r<s.length;r++)(t=(e=s[r]).getAttribute(\"data-secret\"))||(t=Math.random().toString(36).substring(2,12),e.src+=\"#?secret=\"+t,e.setAttribute(\"data-secret\",t)),e.contentWindow.postMessage({message:\"ready\",secret:t},\"*\")},!1)))}(window,document);\n\/* ]]> *\/\n<\/script>\n","description":"Einen Blick in die Vergangenheit des Nationalsozialistischen Untergrunds lieferte am Mittwoch der Zeuge Christian K., Bruder des Jenaer Neonazis Andr\u00e9 K., doch aus der rechten Szene ausgestiegen. Vermutlich diesem Hintergrund war es zu verdanken, dass K. vor Gericht unbefangen und flie\u00dfend erz\u00e4hlte: &#8222;Endlich mal, so k\u00f6nnte man sagen, tritt ein Zeuge mit rechtsextremer Vergangenheit nicht [&hellip;]"}

Bauernschlaue Zschäpe, explosiver Böhnhardt – Das Medienlog vom Donnerstag, 5. März 2015 - Das NSU-Prozess-Blog

<blockquote class="wp-embedded-content" data-secret="RQgXBuoKzl"><a href="https://blog.zeit.de/nsu-prozess-blog/2015/03/05/medienlog-christian-k-zschaepe-boenhardt-nsu/">Bauernschlaue Zschäpe, explosiver Böhnhardt – Das Medienlog vom Donnerstag, 5. März 2015</a></blockquote><iframe sandbox="allow-scripts" security="restricted" src="https://blog.zeit.de/nsu-prozess-blog/2015/03/05/medienlog-christian-k-zschaepe-boenhardt-nsu/embed/#?secret=RQgXBuoKzl" width="600" height="338" title="&#8222;Bauernschlaue Zschäpe, explosiver Böhnhardt – Das Medienlog vom Donnerstag, 5. März 2015&#8220; &#8212; Das NSU-Prozess-Blog" data-secret="RQgXBuoKzl" frameborder="0" marginwidth="0" marginheight="0" scrolling="no" class="wp-embedded-content"></iframe><script type="text/javascript">
/* <![CDATA[ */
/*! This file is auto-generated */
!function(d,l){"use strict";l.querySelector&&d.addEventListener&&"undefined"!=typeof URL&&(d.wp=d.wp||{},d.wp.receiveEmbedMessage||(d.wp.receiveEmbedMessage=function(e){var t=e.data;if((t||t.secret||t.message||t.value)&&!/[^a-zA-Z0-9]/.test(t.secret)){for(var s,r,n,a=l.querySelectorAll('iframe[data-secret="'+t.secret+'"]'),o=l.querySelectorAll('blockquote[data-secret="'+t.secret+'"]'),c=new RegExp("^https?:$","i"),i=0;i<o.length;i++)o[i].style.display="none";for(i=0;i<a.length;i++)s=a[i],e.source===s.contentWindow&&(s.removeAttribute("style"),"height"===t.message?(1e3<(r=parseInt(t.value,10))?r=1e3:~~r<200&&(r=200),s.height=r):"link"===t.message&&(r=new URL(s.getAttribute("src")),n=new URL(t.value),c.test(n.protocol))&&n.host===r.host&&l.activeElement===s&&(d.top.location.href=t.value))}},d.addEventListener("message",d.wp.receiveEmbedMessage,!1),l.addEventListener("DOMContentLoaded",function(){for(var e,t,s=l.querySelectorAll("iframe.wp-embedded-content"),r=0;r<s.length;r++)(t=(e=s[r]).getAttribute("data-secret"))||(t=Math.random().toString(36).substring(2,12),e.src+="#?secret="+t,e.setAttribute("data-secret",t)),e.contentWindow.postMessage({message:"ready",secret:t},"*")},!1)))}(window,document);
/* ]]> */
</script>

Einen Blick in die Vergangenheit des Nationalsozialistischen Untergrunds lieferte am Mittwoch der Zeuge Christian K., Bruder des Jenaer Neonazis André K., doch aus der rechten Szene ausgestiegen. Vermutlich diesem Hintergrund war es zu verdanken, dass K. vor Gericht unbefangen und fließend erzählte: &#8222;Endlich mal, so könnte man sagen, tritt ein Zeuge mit rechtsextremer Vergangenheit nicht [&hellip;]
