{"version":"1.0","provider_name":"Das NSU-Prozess-Blog","provider_url":"https:\/\/blog.zeit.de\/nsu-prozess-blog","author_name":"Tom Sundermann","author_url":"https:\/\/blog.zeit.de\/nsu-prozess-blog\/author\/tsundermann\/","title":"Verfassungssch\u00fctzer mauern, Zsch\u00e4pe spricht \u2013 Das Medienlog vom Donnerstag, 18. Juni 2015 - Das NSU-Prozess-Blog","type":"rich","width":600,"height":338,"html":"<blockquote class=\"wp-embedded-content\" data-secret=\"FmHFZliPe0\"><a href=\"https:\/\/blog.zeit.de\/nsu-prozess-blog\/2015\/06\/18\/medienlog-andreas-t-telefonat-beate-zschaepe\/\">Verfassungssch\u00fctzer mauern, Zsch\u00e4pe spricht \u2013 Das Medienlog vom Donnerstag, 18. Juni 2015<\/a><\/blockquote><iframe sandbox=\"allow-scripts\" security=\"restricted\" src=\"https:\/\/blog.zeit.de\/nsu-prozess-blog\/2015\/06\/18\/medienlog-andreas-t-telefonat-beate-zschaepe\/embed\/#?secret=FmHFZliPe0\" width=\"600\" height=\"338\" title=\"&#8222;Verfassungssch\u00fctzer mauern, Zsch\u00e4pe spricht \u2013 Das Medienlog vom Donnerstag, 18. Juni 2015&#8220; &#8212; Das NSU-Prozess-Blog\" data-secret=\"FmHFZliPe0\" frameborder=\"0\" marginwidth=\"0\" marginheight=\"0\" scrolling=\"no\" class=\"wp-embedded-content\"><\/iframe><script type=\"text\/javascript\">\n\/* <![CDATA[ *\/\n\/*! This file is auto-generated *\/\n!function(d,l){\"use strict\";l.querySelector&&d.addEventListener&&\"undefined\"!=typeof URL&&(d.wp=d.wp||{},d.wp.receiveEmbedMessage||(d.wp.receiveEmbedMessage=function(e){var t=e.data;if((t||t.secret||t.message||t.value)&&!\/[^a-zA-Z0-9]\/.test(t.secret)){for(var s,r,n,a=l.querySelectorAll('iframe[data-secret=\"'+t.secret+'\"]'),o=l.querySelectorAll('blockquote[data-secret=\"'+t.secret+'\"]'),c=new RegExp(\"^https?:$\",\"i\"),i=0;i<o.length;i++)o[i].style.display=\"none\";for(i=0;i<a.length;i++)s=a[i],e.source===s.contentWindow&&(s.removeAttribute(\"style\"),\"height\"===t.message?(1e3<(r=parseInt(t.value,10))?r=1e3:~~r<200&&(r=200),s.height=r):\"link\"===t.message&&(r=new URL(s.getAttribute(\"src\")),n=new URL(t.value),c.test(n.protocol))&&n.host===r.host&&l.activeElement===s&&(d.top.location.href=t.value))}},d.addEventListener(\"message\",d.wp.receiveEmbedMessage,!1),l.addEventListener(\"DOMContentLoaded\",function(){for(var e,t,s=l.querySelectorAll(\"iframe.wp-embedded-content\"),r=0;r<s.length;r++)(t=(e=s[r]).getAttribute(\"data-secret\"))||(t=Math.random().toString(36).substring(2,12),e.src+=\"#?secret=\"+t,e.setAttribute(\"data-secret\",t)),e.contentWindow.postMessage({message:\"ready\",secret:t},\"*\")},!1)))}(window,document);\n\/* ]]> *\/\n<\/script>\n","description":"Beeinflusste der Verfassungsschutz die Ermittlungen der Polizei gegen seinen Mitarbeiter Andreas T., der nach dem Mord an Halit Yozgat von 2006 unter Verdacht stand? Der 211. Verhandlungstag lieferte daf\u00fcr keine Belege. Das Gericht h\u00f6rte drei Verfassungssch\u00fctzer, die w\u00e4hrend der Ermittlungen mit T. telefoniert hatten, auch Aufzeichnungen der Gespr\u00e4che wurden abgespielt. &#8222;Doch mit der Klarheit ist [&hellip;]"}

Verfassungsschützer mauern, Zschäpe spricht – Das Medienlog vom Donnerstag, 18. Juni 2015 - Das NSU-Prozess-Blog

<blockquote class="wp-embedded-content" data-secret="FmHFZliPe0"><a href="https://blog.zeit.de/nsu-prozess-blog/2015/06/18/medienlog-andreas-t-telefonat-beate-zschaepe/">Verfassungsschützer mauern, Zschäpe spricht – Das Medienlog vom Donnerstag, 18. Juni 2015</a></blockquote><iframe sandbox="allow-scripts" security="restricted" src="https://blog.zeit.de/nsu-prozess-blog/2015/06/18/medienlog-andreas-t-telefonat-beate-zschaepe/embed/#?secret=FmHFZliPe0" width="600" height="338" title="&#8222;Verfassungsschützer mauern, Zschäpe spricht – Das Medienlog vom Donnerstag, 18. Juni 2015&#8220; &#8212; Das NSU-Prozess-Blog" data-secret="FmHFZliPe0" frameborder="0" marginwidth="0" marginheight="0" scrolling="no" class="wp-embedded-content"></iframe><script type="text/javascript">
/* <![CDATA[ */
/*! This file is auto-generated */
!function(d,l){"use strict";l.querySelector&&d.addEventListener&&"undefined"!=typeof URL&&(d.wp=d.wp||{},d.wp.receiveEmbedMessage||(d.wp.receiveEmbedMessage=function(e){var t=e.data;if((t||t.secret||t.message||t.value)&&!/[^a-zA-Z0-9]/.test(t.secret)){for(var s,r,n,a=l.querySelectorAll('iframe[data-secret="'+t.secret+'"]'),o=l.querySelectorAll('blockquote[data-secret="'+t.secret+'"]'),c=new RegExp("^https?:$","i"),i=0;i<o.length;i++)o[i].style.display="none";for(i=0;i<a.length;i++)s=a[i],e.source===s.contentWindow&&(s.removeAttribute("style"),"height"===t.message?(1e3<(r=parseInt(t.value,10))?r=1e3:~~r<200&&(r=200),s.height=r):"link"===t.message&&(r=new URL(s.getAttribute("src")),n=new URL(t.value),c.test(n.protocol))&&n.host===r.host&&l.activeElement===s&&(d.top.location.href=t.value))}},d.addEventListener("message",d.wp.receiveEmbedMessage,!1),l.addEventListener("DOMContentLoaded",function(){for(var e,t,s=l.querySelectorAll("iframe.wp-embedded-content"),r=0;r<s.length;r++)(t=(e=s[r]).getAttribute("data-secret"))||(t=Math.random().toString(36).substring(2,12),e.src+="#?secret="+t,e.setAttribute("data-secret",t)),e.contentWindow.postMessage({message:"ready",secret:t},"*")},!1)))}(window,document);
/* ]]> */
</script>

Beeinflusste der Verfassungsschutz die Ermittlungen der Polizei gegen seinen Mitarbeiter Andreas T., der nach dem Mord an Halit Yozgat von 2006 unter Verdacht stand? Der 211. Verhandlungstag lieferte dafür keine Belege. Das Gericht hörte drei Verfassungsschützer, die während der Ermittlungen mit T. telefoniert hatten, auch Aufzeichnungen der Gespräche wurden abgespielt. &#8222;Doch mit der Klarheit ist [&hellip;]
