{"version":"1.0","provider_name":"Das NSU-Prozess-Blog","provider_url":"https:\/\/blog.zeit.de\/nsu-prozess-blog","author_name":"Tom Sundermann","author_url":"https:\/\/blog.zeit.de\/nsu-prozess-blog\/author\/tsundermann\/","title":"Anw\u00e4lte wollen Verfassungsschutz durchleuchten - Das NSU-Prozess-Blog","type":"rich","width":600,"height":338,"html":"<blockquote class=\"wp-embedded-content\" data-secret=\"sgIditc6jU\"><a href=\"https:\/\/blog.zeit.de\/nsu-prozess-blog\/2015\/08\/03\/anwaelte-wollen-verfassungsschutz-durchleuchten\/\">Anw\u00e4lte wollen Verfassungsschutz durchleuchten<\/a><\/blockquote><iframe sandbox=\"allow-scripts\" security=\"restricted\" src=\"https:\/\/blog.zeit.de\/nsu-prozess-blog\/2015\/08\/03\/anwaelte-wollen-verfassungsschutz-durchleuchten\/embed\/#?secret=sgIditc6jU\" width=\"600\" height=\"338\" title=\"&#8222;Anw\u00e4lte wollen Verfassungsschutz durchleuchten&#8220; &#8212; Das NSU-Prozess-Blog\" data-secret=\"sgIditc6jU\" frameborder=\"0\" marginwidth=\"0\" marginheight=\"0\" scrolling=\"no\" class=\"wp-embedded-content\"><\/iframe><script type=\"text\/javascript\">\n\/* <![CDATA[ *\/\n\/*! This file is auto-generated *\/\n!function(d,l){\"use strict\";l.querySelector&&d.addEventListener&&\"undefined\"!=typeof URL&&(d.wp=d.wp||{},d.wp.receiveEmbedMessage||(d.wp.receiveEmbedMessage=function(e){var t=e.data;if((t||t.secret||t.message||t.value)&&!\/[^a-zA-Z0-9]\/.test(t.secret)){for(var s,r,n,a=l.querySelectorAll('iframe[data-secret=\"'+t.secret+'\"]'),o=l.querySelectorAll('blockquote[data-secret=\"'+t.secret+'\"]'),c=new RegExp(\"^https?:$\",\"i\"),i=0;i<o.length;i++)o[i].style.display=\"none\";for(i=0;i<a.length;i++)s=a[i],e.source===s.contentWindow&&(s.removeAttribute(\"style\"),\"height\"===t.message?(1e3<(r=parseInt(t.value,10))?r=1e3:~~r<200&&(r=200),s.height=r):\"link\"===t.message&&(r=new URL(s.getAttribute(\"src\")),n=new URL(t.value),c.test(n.protocol))&&n.host===r.host&&l.activeElement===s&&(d.top.location.href=t.value))}},d.addEventListener(\"message\",d.wp.receiveEmbedMessage,!1),l.addEventListener(\"DOMContentLoaded\",function(){for(var e,t,s=l.querySelectorAll(\"iframe.wp-embedded-content\"),r=0;r<s.length;r++)(t=(e=s[r]).getAttribute(\"data-secret\"))||(t=Math.random().toString(36).substring(2,12),e.src+=\"#?secret=\"+t,e.setAttribute(\"data-secret\",t)),e.contentWindow.postMessage({message:\"ready\",secret:t},\"*\")},!1)))}(window,document);\n\/* ]]> *\/\n<\/script>\n","description":"Der NSU flog auf, der Verfassungsschutz vernichtete die Akten dazu. Nun wollen Anw\u00e4lte im Prozess mit juristischen Mitteln die Vertuschung des Geheimdienstes aufkl\u00e4ren. Wenn es darum ging, seinen Informanten Decknamen zu verpassen, folgte der Geheimdienst einem ausgekl\u00fcgelten System: \u201eTarif\u201c, \u201eTinte\u201c, \u201eTreppe\u201c, \u201eTonfarbe\u201c, \u201eTusche\u201c, \u201eTacho\u201c, \u201eTobago\u201c. Hinter jedem T-Wort steckt ein Th\u00fcringer Neonazi, der zumindest zeitweise [&hellip;]"}

Anwälte wollen Verfassungsschutz durchleuchten - Das NSU-Prozess-Blog

<blockquote class="wp-embedded-content" data-secret="sgIditc6jU"><a href="https://blog.zeit.de/nsu-prozess-blog/2015/08/03/anwaelte-wollen-verfassungsschutz-durchleuchten/">Anwälte wollen Verfassungsschutz durchleuchten</a></blockquote><iframe sandbox="allow-scripts" security="restricted" src="https://blog.zeit.de/nsu-prozess-blog/2015/08/03/anwaelte-wollen-verfassungsschutz-durchleuchten/embed/#?secret=sgIditc6jU" width="600" height="338" title="&#8222;Anwälte wollen Verfassungsschutz durchleuchten&#8220; &#8212; Das NSU-Prozess-Blog" data-secret="sgIditc6jU" frameborder="0" marginwidth="0" marginheight="0" scrolling="no" class="wp-embedded-content"></iframe><script type="text/javascript">
/* <![CDATA[ */
/*! This file is auto-generated */
!function(d,l){"use strict";l.querySelector&&d.addEventListener&&"undefined"!=typeof URL&&(d.wp=d.wp||{},d.wp.receiveEmbedMessage||(d.wp.receiveEmbedMessage=function(e){var t=e.data;if((t||t.secret||t.message||t.value)&&!/[^a-zA-Z0-9]/.test(t.secret)){for(var s,r,n,a=l.querySelectorAll('iframe[data-secret="'+t.secret+'"]'),o=l.querySelectorAll('blockquote[data-secret="'+t.secret+'"]'),c=new RegExp("^https?:$","i"),i=0;i<o.length;i++)o[i].style.display="none";for(i=0;i<a.length;i++)s=a[i],e.source===s.contentWindow&&(s.removeAttribute("style"),"height"===t.message?(1e3<(r=parseInt(t.value,10))?r=1e3:~~r<200&&(r=200),s.height=r):"link"===t.message&&(r=new URL(s.getAttribute("src")),n=new URL(t.value),c.test(n.protocol))&&n.host===r.host&&l.activeElement===s&&(d.top.location.href=t.value))}},d.addEventListener("message",d.wp.receiveEmbedMessage,!1),l.addEventListener("DOMContentLoaded",function(){for(var e,t,s=l.querySelectorAll("iframe.wp-embedded-content"),r=0;r<s.length;r++)(t=(e=s[r]).getAttribute("data-secret"))||(t=Math.random().toString(36).substring(2,12),e.src+="#?secret="+t,e.setAttribute("data-secret",t)),e.contentWindow.postMessage({message:"ready",secret:t},"*")},!1)))}(window,document);
/* ]]> */
</script>

Der NSU flog auf, der Verfassungsschutz vernichtete die Akten dazu. Nun wollen Anwälte im Prozess mit juristischen Mitteln die Vertuschung des Geheimdienstes aufklären. Wenn es darum ging, seinen Informanten Decknamen zu verpassen, folgte der Geheimdienst einem ausgeklügelten System: „Tarif“, „Tinte“, „Treppe“, „Tonfarbe“, „Tusche“, „Tacho“, „Tobago“. Hinter jedem T-Wort steckt ein Thüringer Neonazi, der zumindest zeitweise [&hellip;]
