{"version":"1.0","provider_name":"Das NSU-Prozess-Blog","provider_url":"https:\/\/blog.zeit.de\/nsu-prozess-blog","author_name":"Tom Sundermann","author_url":"https:\/\/blog.zeit.de\/nsu-prozess-blog\/author\/tsundermann\/","title":"Die Phantom-Zeugin - Das NSU-Prozess-Blog","type":"rich","width":600,"height":338,"html":"<blockquote class=\"wp-embedded-content\" data-secret=\"CluPKzXphg\"><a href=\"https:\/\/blog.zeit.de\/nsu-prozess-blog\/2015\/09\/29\/die-phantom-zeugin\/\">Die Phantom-Zeugin<\/a><\/blockquote><iframe sandbox=\"allow-scripts\" security=\"restricted\" src=\"https:\/\/blog.zeit.de\/nsu-prozess-blog\/2015\/09\/29\/die-phantom-zeugin\/embed\/#?secret=CluPKzXphg\" width=\"600\" height=\"338\" title=\"&#8222;Die Phantom-Zeugin&#8220; &#8212; Das NSU-Prozess-Blog\" data-secret=\"CluPKzXphg\" frameborder=\"0\" marginwidth=\"0\" marginheight=\"0\" scrolling=\"no\" class=\"wp-embedded-content\"><\/iframe><script type=\"text\/javascript\">\n\/* <![CDATA[ *\/\n\/*! This file is auto-generated *\/\n!function(d,l){\"use strict\";l.querySelector&&d.addEventListener&&\"undefined\"!=typeof URL&&(d.wp=d.wp||{},d.wp.receiveEmbedMessage||(d.wp.receiveEmbedMessage=function(e){var t=e.data;if((t||t.secret||t.message||t.value)&&!\/[^a-zA-Z0-9]\/.test(t.secret)){for(var s,r,n,a=l.querySelectorAll('iframe[data-secret=\"'+t.secret+'\"]'),o=l.querySelectorAll('blockquote[data-secret=\"'+t.secret+'\"]'),c=new RegExp(\"^https?:$\",\"i\"),i=0;i<o.length;i++)o[i].style.display=\"none\";for(i=0;i<a.length;i++)s=a[i],e.source===s.contentWindow&&(s.removeAttribute(\"style\"),\"height\"===t.message?(1e3<(r=parseInt(t.value,10))?r=1e3:~~r<200&&(r=200),s.height=r):\"link\"===t.message&&(r=new URL(s.getAttribute(\"src\")),n=new URL(t.value),c.test(n.protocol))&&n.host===r.host&&l.activeElement===s&&(d.top.location.href=t.value))}},d.addEventListener(\"message\",d.wp.receiveEmbedMessage,!1),l.addEventListener(\"DOMContentLoaded\",function(){for(var e,t,s=l.querySelectorAll(\"iframe.wp-embedded-content\"),r=0;r<s.length;r++)(t=(e=s[r]).getAttribute(\"data-secret\"))||(t=Math.random().toString(36).substring(2,12),e.src+=\"#?secret=\"+t,e.setAttribute(\"data-secret\",t)),e.contentWindow.postMessage({message:\"ready\",secret:t},\"*\")},!1)))}(window,document);\n\/* ]]> *\/\n<\/script>\n","thumbnail_url":"https:\/\/blog.zeit.de\/nsu-prozess-blog\/files\/2015\/09\/raw.jpg","thumbnail_width":250,"thumbnail_height":141,"description":"Eine Zeugin im NSU-Prozess ist abgetaucht \u2013 wom\u00f6glich, weil sie sich an dem Verfahren gar nicht beteiligen will. Das sorgt f\u00fcr \u00c4rger beim Richter, der zum Ende kommen will. Viel ist nicht bekannt \u00fcber Meral K. \u2013 weder wie sie aussieht, noch wo genau sie sich derzeit aufh\u00e4lt. Als sicher gilt, dass sie am 9. [&hellip;]"}

Eine Zeugin im NSU-Prozess ist abgetaucht – womöglich, weil sie sich an dem Verfahren gar nicht beteiligen will. Das sorgt für Ärger beim Richter, der zum Ende kommen will. Viel ist nicht bekannt über Meral K. – weder wie sie aussieht, noch wo genau sie sich derzeit aufhält. Als sicher gilt, dass sie am 9. [&hellip;]
