{"version":"1.0","provider_name":"Das NSU-Prozess-Blog","provider_url":"https:\/\/blog.zeit.de\/nsu-prozess-blog","author_name":"Tom Sundermann","author_url":"https:\/\/blog.zeit.de\/nsu-prozess-blog\/author\/tsundermann\/","title":"Haben die Richter in der Betrugsaff\u00e4re geschlampt? \u2013 Das Medienlog vom Donnerstag, 8. Oktober 2015 - Das NSU-Prozess-Blog","type":"rich","width":600,"height":338,"html":"<blockquote class=\"wp-embedded-content\" data-secret=\"eeA4cFWz2V\"><a href=\"https:\/\/blog.zeit.de\/nsu-prozess-blog\/2015\/10\/08\/medienlog-nsu-nebenklage-richter-verteidigung\/\">Haben die Richter in der Betrugsaff\u00e4re geschlampt? \u2013 Das Medienlog vom Donnerstag, 8. Oktober 2015<\/a><\/blockquote><iframe sandbox=\"allow-scripts\" security=\"restricted\" src=\"https:\/\/blog.zeit.de\/nsu-prozess-blog\/2015\/10\/08\/medienlog-nsu-nebenklage-richter-verteidigung\/embed\/#?secret=eeA4cFWz2V\" width=\"600\" height=\"338\" title=\"&#8222;Haben die Richter in der Betrugsaff\u00e4re geschlampt? \u2013 Das Medienlog vom Donnerstag, 8. Oktober 2015&#8220; &#8212; Das NSU-Prozess-Blog\" data-secret=\"eeA4cFWz2V\" frameborder=\"0\" marginwidth=\"0\" marginheight=\"0\" scrolling=\"no\" class=\"wp-embedded-content\"><\/iframe><script type=\"text\/javascript\">\n\/* <![CDATA[ *\/\n\/*! This file is auto-generated *\/\n!function(d,l){\"use strict\";l.querySelector&&d.addEventListener&&\"undefined\"!=typeof URL&&(d.wp=d.wp||{},d.wp.receiveEmbedMessage||(d.wp.receiveEmbedMessage=function(e){var t=e.data;if((t||t.secret||t.message||t.value)&&!\/[^a-zA-Z0-9]\/.test(t.secret)){for(var s,r,n,a=l.querySelectorAll('iframe[data-secret=\"'+t.secret+'\"]'),o=l.querySelectorAll('blockquote[data-secret=\"'+t.secret+'\"]'),c=new RegExp(\"^https?:$\",\"i\"),i=0;i<o.length;i++)o[i].style.display=\"none\";for(i=0;i<a.length;i++)s=a[i],e.source===s.contentWindow&&(s.removeAttribute(\"style\"),\"height\"===t.message?(1e3<(r=parseInt(t.value,10))?r=1e3:~~r<200&&(r=200),s.height=r):\"link\"===t.message&&(r=new URL(s.getAttribute(\"src\")),n=new URL(t.value),c.test(n.protocol))&&n.host===r.host&&l.activeElement===s&&(d.top.location.href=t.value))}},d.addEventListener(\"message\",d.wp.receiveEmbedMessage,!1),l.addEventListener(\"DOMContentLoaded\",function(){for(var e,t,s=l.querySelectorAll(\"iframe.wp-embedded-content\"),r=0;r<s.length;r++)(t=(e=s[r]).getAttribute(\"data-secret\"))||(t=Math.random().toString(36).substring(2,12),e.src+=\"#?secret=\"+t,e.setAttribute(\"data-secret\",t)),e.contentWindow.postMessage({message:\"ready\",secret:t},\"*\")},!1)))}(window,document);\n\/* ]]> *\/\n<\/script>\n","thumbnail_url":"https:\/\/blog.zeit.de\/nsu-prozess-blog\/files\/2015\/10\/raw1.jpg","thumbnail_width":1000,"thumbnail_height":562,"description":"Die Verteidigung nutzte den ersten Prozesstag nach den Enth\u00fcllungen um eine erfundene Nebenkl\u00e4gerin, um das Gericht wegen des Vorfalls zu attackieren. Beate Zsch\u00e4pes Anw\u00e4lte forderten eine Erkl\u00e4rung von Richter Manfred G\u00f6tzl, weshalb das Gericht die Anmeldung der Frau akzeptiert habe. &#8222;Zu viel Gro\u00dfz\u00fcgigkeit gegen\u00fcber Opfern (\u2026) k\u00f6nnte f\u00fcr die Verteidigung Anlass sein, \u00fcber eine m\u00f6gliche [&hellip;]"}

Haben die Richter in der Betrugsaffäre geschlampt? – Das Medienlog vom Donnerstag, 8. Oktober 2015 - Das NSU-Prozess-Blog

<blockquote class="wp-embedded-content" data-secret="eeA4cFWz2V"><a href="https://blog.zeit.de/nsu-prozess-blog/2015/10/08/medienlog-nsu-nebenklage-richter-verteidigung/">Haben die Richter in der Betrugsaffäre geschlampt? – Das Medienlog vom Donnerstag, 8. Oktober 2015</a></blockquote><iframe sandbox="allow-scripts" security="restricted" src="https://blog.zeit.de/nsu-prozess-blog/2015/10/08/medienlog-nsu-nebenklage-richter-verteidigung/embed/#?secret=eeA4cFWz2V" width="600" height="338" title="&#8222;Haben die Richter in der Betrugsaffäre geschlampt? – Das Medienlog vom Donnerstag, 8. Oktober 2015&#8220; &#8212; Das NSU-Prozess-Blog" data-secret="eeA4cFWz2V" frameborder="0" marginwidth="0" marginheight="0" scrolling="no" class="wp-embedded-content"></iframe><script type="text/javascript">
/* <![CDATA[ */
/*! This file is auto-generated */
!function(d,l){"use strict";l.querySelector&&d.addEventListener&&"undefined"!=typeof URL&&(d.wp=d.wp||{},d.wp.receiveEmbedMessage||(d.wp.receiveEmbedMessage=function(e){var t=e.data;if((t||t.secret||t.message||t.value)&&!/[^a-zA-Z0-9]/.test(t.secret)){for(var s,r,n,a=l.querySelectorAll('iframe[data-secret="'+t.secret+'"]'),o=l.querySelectorAll('blockquote[data-secret="'+t.secret+'"]'),c=new RegExp("^https?:$","i"),i=0;i<o.length;i++)o[i].style.display="none";for(i=0;i<a.length;i++)s=a[i],e.source===s.contentWindow&&(s.removeAttribute("style"),"height"===t.message?(1e3<(r=parseInt(t.value,10))?r=1e3:~~r<200&&(r=200),s.height=r):"link"===t.message&&(r=new URL(s.getAttribute("src")),n=new URL(t.value),c.test(n.protocol))&&n.host===r.host&&l.activeElement===s&&(d.top.location.href=t.value))}},d.addEventListener("message",d.wp.receiveEmbedMessage,!1),l.addEventListener("DOMContentLoaded",function(){for(var e,t,s=l.querySelectorAll("iframe.wp-embedded-content"),r=0;r<s.length;r++)(t=(e=s[r]).getAttribute("data-secret"))||(t=Math.random().toString(36).substring(2,12),e.src+="#?secret="+t,e.setAttribute("data-secret",t)),e.contentWindow.postMessage({message:"ready",secret:t},"*")},!1)))}(window,document);
/* ]]> */
</script>

Die Verteidigung nutzte den ersten Prozesstag nach den Enthüllungen um eine erfundene Nebenklägerin, um das Gericht wegen des Vorfalls zu attackieren. Beate Zschäpes Anwälte forderten eine Erklärung von Richter Manfred Götzl, weshalb das Gericht die Anmeldung der Frau akzeptiert habe. &#8222;Zu viel Großzügigkeit gegenüber Opfern (…) könnte für die Verteidigung Anlass sein, über eine mögliche [&hellip;]
