{"version":"1.0","provider_name":"Das NSU-Prozess-Blog","provider_url":"https:\/\/blog.zeit.de\/nsu-prozess-blog","author_name":"Tom Sundermann","author_url":"https:\/\/blog.zeit.de\/nsu-prozess-blog\/author\/tsundermann\/","title":"Die akkurate Planung der NSU-Anschl\u00e4ge \u2013 Das Medienlog vom Freitag, 23. Oktober 2015 - Das NSU-Prozess-Blog","type":"rich","width":600,"height":338,"html":"<blockquote class=\"wp-embedded-content\" data-secret=\"vwOZbP9wbg\"><a href=\"https:\/\/blog.zeit.de\/nsu-prozess-blog\/2015\/10\/23\/medienlog-anschlaege-planung-nsu\/\">Die akkurate Planung der NSU-Anschl\u00e4ge \u2013 Das Medienlog vom Freitag, 23. Oktober 2015<\/a><\/blockquote><iframe sandbox=\"allow-scripts\" security=\"restricted\" src=\"https:\/\/blog.zeit.de\/nsu-prozess-blog\/2015\/10\/23\/medienlog-anschlaege-planung-nsu\/embed\/#?secret=vwOZbP9wbg\" width=\"600\" height=\"338\" title=\"&#8222;Die akkurate Planung der NSU-Anschl\u00e4ge \u2013 Das Medienlog vom Freitag, 23. Oktober 2015&#8220; &#8212; Das NSU-Prozess-Blog\" data-secret=\"vwOZbP9wbg\" frameborder=\"0\" marginwidth=\"0\" marginheight=\"0\" scrolling=\"no\" class=\"wp-embedded-content\"><\/iframe><script type=\"text\/javascript\">\n\/* <![CDATA[ *\/\n\/*! This file is auto-generated *\/\n!function(d,l){\"use strict\";l.querySelector&&d.addEventListener&&\"undefined\"!=typeof URL&&(d.wp=d.wp||{},d.wp.receiveEmbedMessage||(d.wp.receiveEmbedMessage=function(e){var t=e.data;if((t||t.secret||t.message||t.value)&&!\/[^a-zA-Z0-9]\/.test(t.secret)){for(var s,r,n,a=l.querySelectorAll('iframe[data-secret=\"'+t.secret+'\"]'),o=l.querySelectorAll('blockquote[data-secret=\"'+t.secret+'\"]'),c=new RegExp(\"^https?:$\",\"i\"),i=0;i<o.length;i++)o[i].style.display=\"none\";for(i=0;i<a.length;i++)s=a[i],e.source===s.contentWindow&&(s.removeAttribute(\"style\"),\"height\"===t.message?(1e3<(r=parseInt(t.value,10))?r=1e3:~~r<200&&(r=200),s.height=r):\"link\"===t.message&&(r=new URL(s.getAttribute(\"src\")),n=new URL(t.value),c.test(n.protocol))&&n.host===r.host&&l.activeElement===s&&(d.top.location.href=t.value))}},d.addEventListener(\"message\",d.wp.receiveEmbedMessage,!1),l.addEventListener(\"DOMContentLoaded\",function(){for(var e,t,s=l.querySelectorAll(\"iframe.wp-embedded-content\"),r=0;r<s.length;r++)(t=(e=s[r]).getAttribute(\"data-secret\"))||(t=Math.random().toString(36).substring(2,12),e.src+=\"#?secret=\"+t,e.setAttribute(\"data-secret\",t)),e.contentWindow.postMessage({message:\"ready\",secret:t},\"*\")},!1)))}(window,document);\n\/* ]]> *\/\n<\/script>\n","description":"Erneut untersuchte das Gericht im NSU-Prozess Stadtpl\u00e4ne aus dem Fundus des NSU, die mit Markierungen versehen waren \u2013 solchen, die offensichtlich der Planung von Anschl\u00e4gen dienten und solchen, die heute R\u00e4tsel aufgeben. Deutlich ist etwa der Hinweis &#8222;Wohngebiet wie M\u00fclheim K\u00f6ln&#8220; auf einem Plan von Dortmund, wo 2006 der Kioskinhaber Mehmet Kubasik ermordet wurde. Denn [&hellip;]"}

Die akkurate Planung der NSU-Anschläge – Das Medienlog vom Freitag, 23. Oktober 2015 - Das NSU-Prozess-Blog

<blockquote class="wp-embedded-content" data-secret="vwOZbP9wbg"><a href="https://blog.zeit.de/nsu-prozess-blog/2015/10/23/medienlog-anschlaege-planung-nsu/">Die akkurate Planung der NSU-Anschläge – Das Medienlog vom Freitag, 23. Oktober 2015</a></blockquote><iframe sandbox="allow-scripts" security="restricted" src="https://blog.zeit.de/nsu-prozess-blog/2015/10/23/medienlog-anschlaege-planung-nsu/embed/#?secret=vwOZbP9wbg" width="600" height="338" title="&#8222;Die akkurate Planung der NSU-Anschläge – Das Medienlog vom Freitag, 23. Oktober 2015&#8220; &#8212; Das NSU-Prozess-Blog" data-secret="vwOZbP9wbg" frameborder="0" marginwidth="0" marginheight="0" scrolling="no" class="wp-embedded-content"></iframe><script type="text/javascript">
/* <![CDATA[ */
/*! This file is auto-generated */
!function(d,l){"use strict";l.querySelector&&d.addEventListener&&"undefined"!=typeof URL&&(d.wp=d.wp||{},d.wp.receiveEmbedMessage||(d.wp.receiveEmbedMessage=function(e){var t=e.data;if((t||t.secret||t.message||t.value)&&!/[^a-zA-Z0-9]/.test(t.secret)){for(var s,r,n,a=l.querySelectorAll('iframe[data-secret="'+t.secret+'"]'),o=l.querySelectorAll('blockquote[data-secret="'+t.secret+'"]'),c=new RegExp("^https?:$","i"),i=0;i<o.length;i++)o[i].style.display="none";for(i=0;i<a.length;i++)s=a[i],e.source===s.contentWindow&&(s.removeAttribute("style"),"height"===t.message?(1e3<(r=parseInt(t.value,10))?r=1e3:~~r<200&&(r=200),s.height=r):"link"===t.message&&(r=new URL(s.getAttribute("src")),n=new URL(t.value),c.test(n.protocol))&&n.host===r.host&&l.activeElement===s&&(d.top.location.href=t.value))}},d.addEventListener("message",d.wp.receiveEmbedMessage,!1),l.addEventListener("DOMContentLoaded",function(){for(var e,t,s=l.querySelectorAll("iframe.wp-embedded-content"),r=0;r<s.length;r++)(t=(e=s[r]).getAttribute("data-secret"))||(t=Math.random().toString(36).substring(2,12),e.src+="#?secret="+t,e.setAttribute("data-secret",t)),e.contentWindow.postMessage({message:"ready",secret:t},"*")},!1)))}(window,document);
/* ]]> */
</script>

Erneut untersuchte das Gericht im NSU-Prozess Stadtpläne aus dem Fundus des NSU, die mit Markierungen versehen waren – solchen, die offensichtlich der Planung von Anschlägen dienten und solchen, die heute Rätsel aufgeben. Deutlich ist etwa der Hinweis &#8222;Wohngebiet wie Mülheim Köln&#8220; auf einem Plan von Dortmund, wo 2006 der Kioskinhaber Mehmet Kubasik ermordet wurde. Denn [&hellip;]
